{"id":8073,"date":"2026-06-23T01:34:18","date_gmt":"2026-06-23T01:34:18","guid":{"rendered":"https:\/\/chileentinieblas.cl\/?post_type=timeline_event&#038;p=8073"},"modified":"2026-06-23T01:34:19","modified_gmt":"2026-06-23T01:34:19","slug":"chile-adquiere-el-faro-de-la-capitania","status":"publish","type":"timeline_event","link":"https:\/\/chileentinieblas.cl\/en\/timeline_event\/chile-adquiere-el-faro-de-la-capitania\/","title":{"rendered":"Chile adquiere el Faro de la Capitan\u00eda"},"content":{"rendered":"<p class=\"wp-block-paragraph\">Durante la Guerra del Pac\u00edfico, el feudo Faro de la Capitan\u00eda permanece bajo la protecci\u00f3n de las tropas de Osvaldo\u202fP\u00e9rez, quien resguarda el enclave hasta el fin del conflicto. La estructura, s\u00edmbolo de vigilancia y poder fe\u00e9rico en el puerto, pasa oficialmente a manos chilenas en diciembre de\u202f1879. <\/p>\n\n\n\n<p class=\"wp-block-paragraph\">Este traspaso marca el inicio de una nueva etapa: el norte se convierte en territorio disputado no solo por los hombres, sino tambi\u00e9n por las Casas nobles del Ensue\u00f1o, que comienzan a redefinir sus dominios bajo la sombra de la guerra.<\/p>","protected":false},"author":20,"featured_media":8074,"template":"","meta":{"_acf_changed":true,"inline_featured_image":false,"_monsterinsights_skip_tracking":false},"tags":[],"arco":[],"juego":[],"class_list":["post-8073","timeline_event","type-timeline_event","status-publish","has-post-thumbnail","hentry"],"acf":[],"yoast_head":"<!-- This site is optimized with the Yoast SEO plugin v28.4 - https:\/\/yoast.com\/product\/yoast-seo-wordpress\/ -->\n<title>Chile adquiere el Faro de la Capitan\u00eda - Chile en Tinieblas<\/title>\n<meta name=\"robots\" content=\"index, follow, max-snippet:-1, max-image-preview:large, max-video-preview:-1\" \/>\n<link rel=\"canonical\" href=\"https:\/\/chileentinieblas.cl\/en\/timeline_event\/chile-adquiere-el-faro-de-la-capitania\/\" \/>\n<meta property=\"og:locale\" content=\"en_US\" \/>\n<meta property=\"og:type\" content=\"article\" \/>\n<meta property=\"og:title\" content=\"Chile adquiere el Faro de la Capitan\u00eda - Chile en Tinieblas\" \/>\n<meta property=\"og:description\" content=\"Durante la Guerra del Pac\u00edfico, el feudo Faro de la Capitan\u00eda permanece bajo la protecci\u00f3n de las tropas de Osvaldo\u202fP\u00e9rez, quien resguarda el enclave hasta el fin del conflicto. La estructura, s\u00edmbolo de vigilancia y poder fe\u00e9rico en el puerto, pasa oficialmente a manos chilenas en diciembre de\u202f1879. Este traspaso marca el inicio de una [&hellip;]\" \/>\n<meta property=\"og:url\" content=\"https:\/\/chileentinieblas.cl\/en\/timeline_event\/chile-adquiere-el-faro-de-la-capitania\/\" \/>\n<meta property=\"og:site_name\" content=\"Chile en Tinieblas\" \/>\n<meta property=\"article:publisher\" content=\"https:\/\/www.facebook.com\/ChileenTinieblas\" \/>\n<meta property=\"article:modified_time\" content=\"2026-06-23T01:34:19+00:00\" \/>\n<meta property=\"og:image\" content=\"https:\/\/chileentinieblas.cl\/wp-content\/uploads\/2026\/06\/BCO.24e0c6bf-cdfc-4916-a0d8-79fb8bcb85bd-1024x683.png\" \/>\n\t<meta property=\"og:image:width\" content=\"1024\" \/>\n\t<meta property=\"og:image:height\" content=\"683\" \/>\n\t<meta property=\"og:image:type\" content=\"image\/png\" \/>\n<meta name=\"twitter:card\" content=\"summary_large_image\" \/>\n<meta name=\"twitter:label1\" content=\"Est. reading time\" \/>\n\t<meta name=\"twitter:data1\" content=\"1 minute\" \/>\n<script type=\"application\/ld+json\" class=\"yoast-schema-graph\">{\"@context\":\"https:\\\/\\\/schema.org\",\"@graph\":[{\"@type\":\"WebPage\",\"@id\":\"https:\\\/\\\/chileentinieblas.cl\\\/timeline_event\\\/chile-adquiere-el-faro-de-la-capitania\\\/\",\"url\":\"https:\\\/\\\/chileentinieblas.cl\\\/timeline_event\\\/chile-adquiere-el-faro-de-la-capitania\\\/\",\"name\":\"Chile adquiere el Faro de la Capitan\u00eda - Chile en Tinieblas\",\"isPartOf\":{\"@id\":\"https:\\\/\\\/chileentinieblas.cl\\\/#website\"},\"primaryImageOfPage\":{\"@id\":\"https:\\\/\\\/chileentinieblas.cl\\\/timeline_event\\\/chile-adquiere-el-faro-de-la-capitania\\\/#primaryimage\"},\"image\":{\"@id\":\"https:\\\/\\\/chileentinieblas.cl\\\/timeline_event\\\/chile-adquiere-el-faro-de-la-capitania\\\/#primaryimage\"},\"thumbnailUrl\":\"https:\\\/\\\/chileentinieblas.cl\\\/wp-content\\\/uploads\\\/2026\\\/06\\\/BCO.24e0c6bf-cdfc-4916-a0d8-79fb8bcb85bd.png\",\"datePublished\":\"2026-06-23T01:34:18+00:00\",\"dateModified\":\"2026-06-23T01:34:19+00:00\",\"breadcrumb\":{\"@id\":\"https:\\\/\\\/chileentinieblas.cl\\\/timeline_event\\\/chile-adquiere-el-faro-de-la-capitania\\\/#breadcrumb\"},\"inLanguage\":\"en-US\",\"potentialAction\":[{\"@type\":\"ReadAction\",\"target\":[\"https:\\\/\\\/chileentinieblas.cl\\\/timeline_event\\\/chile-adquiere-el-faro-de-la-capitania\\\/\"]}]},{\"@type\":\"ImageObject\",\"inLanguage\":\"en-US\",\"@id\":\"https:\\\/\\\/chileentinieblas.cl\\\/timeline_event\\\/chile-adquiere-el-faro-de-la-capitania\\\/#primaryimage\",\"url\":\"https:\\\/\\\/chileentinieblas.cl\\\/wp-content\\\/uploads\\\/2026\\\/06\\\/BCO.24e0c6bf-cdfc-4916-a0d8-79fb8bcb85bd.png\",\"contentUrl\":\"https:\\\/\\\/chileentinieblas.cl\\\/wp-content\\\/uploads\\\/2026\\\/06\\\/BCO.24e0c6bf-cdfc-4916-a0d8-79fb8bcb85bd.png\",\"width\":1536,\"height\":1024},{\"@type\":\"BreadcrumbList\",\"@id\":\"https:\\\/\\\/chileentinieblas.cl\\\/timeline_event\\\/chile-adquiere-el-faro-de-la-capitania\\\/#breadcrumb\",\"itemListElement\":[{\"@type\":\"ListItem\",\"position\":1,\"name\":\"Portada\",\"item\":\"https:\\\/\\\/chileentinieblas.cl\\\/\"},{\"@type\":\"ListItem\",\"position\":2,\"name\":\"Chile adquiere el Faro de la Capitan\u00eda\"}]},{\"@type\":\"WebSite\",\"@id\":\"https:\\\/\\\/chileentinieblas.cl\\\/#website\",\"url\":\"https:\\\/\\\/chileentinieblas.cl\\\/\",\"name\":\"Chile en Tinieblas\",\"description\":\"Un servidor con mesas de rol de Mundo de Tinieblas\",\"publisher\":{\"@id\":\"https:\\\/\\\/chileentinieblas.cl\\\/#organization\"},\"potentialAction\":[{\"@type\":\"SearchAction\",\"target\":{\"@type\":\"EntryPoint\",\"urlTemplate\":\"https:\\\/\\\/chileentinieblas.cl\\\/?s={search_term_string}\"},\"query-input\":{\"@type\":\"PropertyValueSpecification\",\"valueRequired\":true,\"valueName\":\"search_term_string\"}}],\"inLanguage\":\"en-US\"},{\"@type\":\"Organization\",\"@id\":\"https:\\\/\\\/chileentinieblas.cl\\\/#organization\",\"name\":\"Chile en Tinieblas\",\"url\":\"https:\\\/\\\/chileentinieblas.cl\\\/\",\"logo\":{\"@type\":\"ImageObject\",\"inLanguage\":\"en-US\",\"@id\":\"https:\\\/\\\/chileentinieblas.cl\\\/#\\\/schema\\\/logo\\\/image\\\/\",\"url\":\"https:\\\/\\\/chileentinieblas.cl\\\/wp-content\\\/uploads\\\/2021\\\/12\\\/logo-cet-claro.png\",\"contentUrl\":\"https:\\\/\\\/chileentinieblas.cl\\\/wp-content\\\/uploads\\\/2021\\\/12\\\/logo-cet-claro.png\",\"width\":1001,\"height\":1030,\"caption\":\"Chile en Tinieblas\"},\"image\":{\"@id\":\"https:\\\/\\\/chileentinieblas.cl\\\/#\\\/schema\\\/logo\\\/image\\\/\"},\"sameAs\":[\"https:\\\/\\\/www.facebook.com\\\/ChileenTinieblas\",\"https:\\\/\\\/www.instagram.com\\\/chileentinieblas\\\/\",\"https:\\\/\\\/www.youtube.com\\\/@chileentinieblas\",\"https:\\\/\\\/www.tiktok.com\\\/@chileentinieblas\"]}]}<\/script>\n<!-- \/ Yoast SEO plugin. -->","yoast_head_json":{"title":"Chile adquiere el Faro de la Capitan\u00eda - Chile en Tinieblas","robots":{"index":"index","follow":"follow","max-snippet":"max-snippet:-1","max-image-preview":"max-image-preview:large","max-video-preview":"max-video-preview:-1"},"canonical":"https:\/\/chileentinieblas.cl\/en\/timeline_event\/chile-adquiere-el-faro-de-la-capitania\/","og_locale":"en_US","og_type":"article","og_title":"Chile adquiere el Faro de la Capitan\u00eda - Chile en Tinieblas","og_description":"Durante la Guerra del Pac\u00edfico, el feudo Faro de la Capitan\u00eda permanece bajo la protecci\u00f3n de las tropas de Osvaldo\u202fP\u00e9rez, quien resguarda el enclave hasta el fin del conflicto. La estructura, s\u00edmbolo de vigilancia y poder fe\u00e9rico en el puerto, pasa oficialmente a manos chilenas en diciembre de\u202f1879. Este traspaso marca el inicio de una [&hellip;]","og_url":"https:\/\/chileentinieblas.cl\/en\/timeline_event\/chile-adquiere-el-faro-de-la-capitania\/","og_site_name":"Chile en Tinieblas","article_publisher":"https:\/\/www.facebook.com\/ChileenTinieblas","article_modified_time":"2026-06-23T01:34:19+00:00","og_image":[{"width":1024,"height":683,"url":"https:\/\/chileentinieblas.cl\/wp-content\/uploads\/2026\/06\/BCO.24e0c6bf-cdfc-4916-a0d8-79fb8bcb85bd-1024x683.png","type":"image\/png"}],"twitter_card":"summary_large_image","twitter_misc":{"Est. reading time":"1 minute"},"schema":{"@context":"https:\/\/schema.org","@graph":[{"@type":"WebPage","@id":"https:\/\/chileentinieblas.cl\/timeline_event\/chile-adquiere-el-faro-de-la-capitania\/","url":"https:\/\/chileentinieblas.cl\/timeline_event\/chile-adquiere-el-faro-de-la-capitania\/","name":"Chile adquiere el Faro de la Capitan\u00eda - Chile en Tinieblas","isPartOf":{"@id":"https:\/\/chileentinieblas.cl\/#website"},"primaryImageOfPage":{"@id":"https:\/\/chileentinieblas.cl\/timeline_event\/chile-adquiere-el-faro-de-la-capitania\/#primaryimage"},"image":{"@id":"https:\/\/chileentinieblas.cl\/timeline_event\/chile-adquiere-el-faro-de-la-capitania\/#primaryimage"},"thumbnailUrl":"https:\/\/chileentinieblas.cl\/wp-content\/uploads\/2026\/06\/BCO.24e0c6bf-cdfc-4916-a0d8-79fb8bcb85bd.png","datePublished":"2026-06-23T01:34:18+00:00","dateModified":"2026-06-23T01:34:19+00:00","breadcrumb":{"@id":"https:\/\/chileentinieblas.cl\/timeline_event\/chile-adquiere-el-faro-de-la-capitania\/#breadcrumb"},"inLanguage":"en-US","potentialAction":[{"@type":"ReadAction","target":["https:\/\/chileentinieblas.cl\/timeline_event\/chile-adquiere-el-faro-de-la-capitania\/"]}]},{"@type":"ImageObject","inLanguage":"en-US","@id":"https:\/\/chileentinieblas.cl\/timeline_event\/chile-adquiere-el-faro-de-la-capitania\/#primaryimage","url":"https:\/\/chileentinieblas.cl\/wp-content\/uploads\/2026\/06\/BCO.24e0c6bf-cdfc-4916-a0d8-79fb8bcb85bd.png","contentUrl":"https:\/\/chileentinieblas.cl\/wp-content\/uploads\/2026\/06\/BCO.24e0c6bf-cdfc-4916-a0d8-79fb8bcb85bd.png","width":1536,"height":1024},{"@type":"BreadcrumbList","@id":"https:\/\/chileentinieblas.cl\/timeline_event\/chile-adquiere-el-faro-de-la-capitania\/#breadcrumb","itemListElement":[{"@type":"ListItem","position":1,"name":"Portada","item":"https:\/\/chileentinieblas.cl\/"},{"@type":"ListItem","position":2,"name":"Chile adquiere el Faro de la Capitan\u00eda"}]},{"@type":"WebSite","@id":"https:\/\/chileentinieblas.cl\/#website","url":"https:\/\/chileentinieblas.cl\/","name":"Chile en Tinieblas","description":"Un servidor con mesas de rol de Mundo de Tinieblas","publisher":{"@id":"https:\/\/chileentinieblas.cl\/#organization"},"potentialAction":[{"@type":"SearchAction","target":{"@type":"EntryPoint","urlTemplate":"https:\/\/chileentinieblas.cl\/?s={search_term_string}"},"query-input":{"@type":"PropertyValueSpecification","valueRequired":true,"valueName":"search_term_string"}}],"inLanguage":"en-US"},{"@type":"Organization","@id":"https:\/\/chileentinieblas.cl\/#organization","name":"Chile en Tinieblas","url":"https:\/\/chileentinieblas.cl\/","logo":{"@type":"ImageObject","inLanguage":"en-US","@id":"https:\/\/chileentinieblas.cl\/#\/schema\/logo\/image\/","url":"https:\/\/chileentinieblas.cl\/wp-content\/uploads\/2021\/12\/logo-cet-claro.png","contentUrl":"https:\/\/chileentinieblas.cl\/wp-content\/uploads\/2021\/12\/logo-cet-claro.png","width":1001,"height":1030,"caption":"Chile en Tinieblas"},"image":{"@id":"https:\/\/chileentinieblas.cl\/#\/schema\/logo\/image\/"},"sameAs":["https:\/\/www.facebook.com\/ChileenTinieblas","https:\/\/www.instagram.com\/chileentinieblas\/","https:\/\/www.youtube.com\/@chileentinieblas","https:\/\/www.tiktok.com\/@chileentinieblas"]}]}},"jetpack_sharing_enabled":true,"_links":{"self":[{"href":"https:\/\/chileentinieblas.cl\/en\/wp-json\/wp\/v2\/timeline_event\/8073","targetHints":{"allow":["GET"]}}],"collection":[{"href":"https:\/\/chileentinieblas.cl\/en\/wp-json\/wp\/v2\/timeline_event"}],"about":[{"href":"https:\/\/chileentinieblas.cl\/en\/wp-json\/wp\/v2\/types\/timeline_event"}],"author":[{"embeddable":true,"href":"https:\/\/chileentinieblas.cl\/en\/wp-json\/wp\/v2\/users\/20"}],"wp:featuredmedia":[{"embeddable":true,"href":"https:\/\/chileentinieblas.cl\/en\/wp-json\/wp\/v2\/media\/8074"}],"wp:attachment":[{"href":"https:\/\/chileentinieblas.cl\/en\/wp-json\/wp\/v2\/media?parent=8073"}],"wp:term":[{"taxonomy":"post_tag","embeddable":true,"href":"https:\/\/chileentinieblas.cl\/en\/wp-json\/wp\/v2\/tags?post=8073"},{"taxonomy":"arco","embeddable":true,"href":"https:\/\/chileentinieblas.cl\/en\/wp-json\/wp\/v2\/arco?post=8073"},{"taxonomy":"juego","embeddable":true,"href":"https:\/\/chileentinieblas.cl\/en\/wp-json\/wp\/v2\/juego?post=8073"}],"curies":[{"name":"wp","href":"https:\/\/api.w.org\/{rel}","templated":true}]}}

Chile adquiere el Faro de la Capitanía

<p class="wp-block-paragraph">Durante la Guerra del Pacífico, el feudo Faro de la Capitanía permanece bajo la protección de las tropas de Osvaldo Pérez, quien resguarda el enclave hasta el fin del conflicto. La estructura, símbolo de vigilancia y poder feérico en el puerto, pasa oficialmente a manos chilenas en diciembre de 1879. </p>



<p class="wp-block-paragraph">Este traspaso marca el inicio de una nueva etapa: el norte se convierte en territorio disputado no solo por los hombres, sino también por las Casas nobles del Ensueño, que comienzan a redefinir sus dominios bajo la sombra de la guerra.</p>

<!-- This site is optimized with the Yoast SEO plugin v28.4 - https://yoast.com/product/yoast-seo-wordpress/ -->
<title>Chile adquiere el Faro de la Capitanía - Chile en Tinieblas</title>
<meta name="robots" content="index, follow, max-snippet:-1, max-image-preview:large, max-video-preview:-1" />
<link rel="canonical" href="https://chileentinieblas.cl/en/timeline_event/chile-adquiere-el-faro-de-la-capitania/" />
<meta property="og:locale" content="en_US" />
<meta property="og:type" content="article" />
<meta property="og:title" content="Chile adquiere el Faro de la Capitanía - Chile en Tinieblas" />
<meta property="og:description" content="Durante la Guerra del Pacífico, el feudo Faro de la Capitanía permanece bajo la protección de las tropas de Osvaldo Pérez, quien resguarda el enclave hasta el fin del conflicto. La estructura, símbolo de vigilancia y poder feérico en el puerto, pasa oficialmente a manos chilenas en diciembre de 1879. Este traspaso marca el inicio de una [&hellip;]" />
<meta property="og:url" content="https://chileentinieblas.cl/en/timeline_event/chile-adquiere-el-faro-de-la-capitania/" />
<meta property="og:site_name" content="Chile en Tinieblas" />
<meta property="article:publisher" content="https://www.facebook.com/ChileenTinieblas" />
<meta property="article:modified_time" content="2026-06-23T01:34:19+00:00" />
<meta property="og:image" content="https://chileentinieblas.cl/wp-content/uploads/2026/06/BCO.24e0c6bf-cdfc-4916-a0d8-79fb8bcb85bd-1024x683.png" />
	<meta property="og:image:width" content="1024" />
	<meta property="og:image:height" content="683" />
	<meta property="og:image:type" content="image/png" />
<meta name="twitter:card" content="summary_large_image" />
<meta name="twitter:label1" content="Est. reading time" />
	<meta name="twitter:data1" content="1 minute" />
<script type="application/ld+json" class="yoast-schema-graph">{"@context":"https:\/\/schema.org","@graph":[{"@type":"WebPage","@id":"https:\/\/chileentinieblas.cl\/timeline_event\/chile-adquiere-el-faro-de-la-capitania\/","url":"https:\/\/chileentinieblas.cl\/timeline_event\/chile-adquiere-el-faro-de-la-capitania\/","name":"Chile adquiere el Faro de la Capitanía - Chile en Tinieblas","isPartOf":{"@id":"https:\/\/chileentinieblas.cl\/#website"},"primaryImageOfPage":{"@id":"https:\/\/chileentinieblas.cl\/timeline_event\/chile-adquiere-el-faro-de-la-capitania\/#primaryimage"},"image":{"@id":"https:\/\/chileentinieblas.cl\/timeline_event\/chile-adquiere-el-faro-de-la-capitania\/#primaryimage"},"thumbnailUrl":"https:\/\/chileentinieblas.cl\/wp-content\/uploads\/2026\/06\/BCO.24e0c6bf-cdfc-4916-a0d8-79fb8bcb85bd.png","datePublished":"2026-06-23T01:34:18+00:00","dateModified":"2026-06-23T01:34:19+00:00","breadcrumb":{"@id":"https:\/\/chileentinieblas.cl\/timeline_event\/chile-adquiere-el-faro-de-la-capitania\/#breadcrumb"},"inLanguage":"en-US","potentialAction":[{"@type":"ReadAction","target":["https:\/\/chileentinieblas.cl\/timeline_event\/chile-adquiere-el-faro-de-la-capitania\/"]}]},{"@type":"ImageObject","inLanguage":"en-US","@id":"https:\/\/chileentinieblas.cl\/timeline_event\/chile-adquiere-el-faro-de-la-capitania\/#primaryimage","url":"https:\/\/chileentinieblas.cl\/wp-content\/uploads\/2026\/06\/BCO.24e0c6bf-cdfc-4916-a0d8-79fb8bcb85bd.png","contentUrl":"https:\/\/chileentinieblas.cl\/wp-content\/uploads\/2026\/06\/BCO.24e0c6bf-cdfc-4916-a0d8-79fb8bcb85bd.png","width":1536,"height":1024},{"@type":"BreadcrumbList","@id":"https:\/\/chileentinieblas.cl\/timeline_event\/chile-adquiere-el-faro-de-la-capitania\/#breadcrumb","itemListElement":[{"@type":"ListItem","position":1,"name":"Portada","item":"https:\/\/chileentinieblas.cl\/"},{"@type":"ListItem","position":2,"name":"Chile adquiere el Faro de la Capitanía"}]},{"@type":"WebSite","@id":"https:\/\/chileentinieblas.cl\/#website","url":"https:\/\/chileentinieblas.cl\/","name":"Chile en Tinieblas","description":"Un servidor con mesas de rol de Mundo de Tinieblas","publisher":{"@id":"https:\/\/chileentinieblas.cl\/#organization"},"potentialAction":[{"@type":"SearchAction","target":{"@type":"EntryPoint","urlTemplate":"https:\/\/chileentinieblas.cl\/?s={search_term_string}"},"query-input":{"@type":"PropertyValueSpecification","valueRequired":true,"valueName":"search_term_string"}}],"inLanguage":"en-US"},{"@type":"Organization","@id":"https:\/\/chileentinieblas.cl\/#organization","name":"Chile en Tinieblas","url":"https:\/\/chileentinieblas.cl\/","logo":{"@type":"ImageObject","inLanguage":"en-US","@id":"https:\/\/chileentinieblas.cl\/#\/schema\/logo\/image\/","url":"https:\/\/chileentinieblas.cl\/wp-content\/uploads\/2021\/12\/logo-cet-claro.png","contentUrl":"https:\/\/chileentinieblas.cl\/wp-content\/uploads\/2021\/12\/logo-cet-claro.png","width":1001,"height":1030,"caption":"Chile en Tinieblas"},"image":{"@id":"https:\/\/chileentinieblas.cl\/#\/schema\/logo\/image\/"},"sameAs":["https:\/\/www.facebook.com\/ChileenTinieblas","https:\/\/www.instagram.com\/chileentinieblas\/","https:\/\/www.youtube.com\/@chileentinieblas","https:\/\/www.tiktok.com\/@chileentinieblas"]}]}</script>
<!-- / Yoast SEO plugin. -->

Chile adquiere el Faro de la Capitanía - Chile en Tinieblas

Durante la Guerra del Pacífico, el feudo Faro de la Capitanía permanece bajo la protección de las tropas de Osvaldo Pérez, quien resguarda el enclave hasta el fin del conflicto. La estructura, símbolo de vigilancia y poder feérico en el puerto, pasa oficialmente a manos chilenas en diciembre de 1879. Este traspaso marca el inicio de una [&hellip;]
