{"id":8069,"date":"2026-06-23T01:23:45","date_gmt":"2026-06-23T01:23:45","guid":{"rendered":"https:\/\/chileentinieblas.cl\/?post_type=timeline_event&#038;p=8069"},"modified":"2026-06-23T01:23:46","modified_gmt":"2026-06-23T01:23:46","slug":"instauracion-del-principado-de-tarapaca","status":"publish","type":"timeline_event","link":"https:\/\/chileentinieblas.cl\/en\/timeline_event\/instauracion-del-principado-de-tarapaca\/","title":{"rendered":"Instauraci\u00f3n del Principado de Tarapac\u00e1"},"content":{"rendered":"<p class=\"wp-block-paragraph\">Iquique es incorporada formalmente a la estructura de la Camarilla como principado secundario.<br>Tras a\u00f1os de presencia intermitente, el enclave se define como estable pero perif\u00e9rico: un punto de tr\u00e1nsito m\u00e1s que un centro de poder.<\/p>\n\n\n\n<p class=\"wp-block-paragraph\">El mandato inicial es claro \u2014bajo perfil, m\u00ednima intervenci\u00f3n y estabilidad por sobre expansi\u00f3n\u2014, sellando el tono pol\u00edtico del norte vamp\u00edrico durante la d\u00e9cada siguiente.<\/p>","protected":false},"author":20,"featured_media":8070,"template":"","meta":{"_acf_changed":true,"inline_featured_image":false,"_monsterinsights_skip_tracking":false},"tags":[],"arco":[],"juego":[],"class_list":["post-8069","timeline_event","type-timeline_event","status-publish","has-post-thumbnail","hentry"],"acf":[],"yoast_head":"<!-- This site is optimized with the Yoast SEO plugin v28.4 - https:\/\/yoast.com\/product\/yoast-seo-wordpress\/ -->\n<title>Instauraci\u00f3n del Principado de Tarapac\u00e1 - Chile en Tinieblas<\/title>\n<meta name=\"robots\" content=\"index, follow, max-snippet:-1, max-image-preview:large, max-video-preview:-1\" \/>\n<link rel=\"canonical\" href=\"https:\/\/chileentinieblas.cl\/en\/timeline_event\/instauracion-del-principado-de-tarapaca\/\" \/>\n<meta property=\"og:locale\" content=\"en_US\" \/>\n<meta property=\"og:type\" content=\"article\" \/>\n<meta property=\"og:title\" content=\"Instauraci\u00f3n del Principado de Tarapac\u00e1 - Chile en Tinieblas\" \/>\n<meta property=\"og:description\" content=\"Iquique es incorporada formalmente a la estructura de la Camarilla como principado secundario.Tras a\u00f1os de presencia intermitente, el enclave se define como estable pero perif\u00e9rico: un punto de tr\u00e1nsito m\u00e1s que un centro de poder. El mandato inicial es claro \u2014bajo perfil, m\u00ednima intervenci\u00f3n y estabilidad por sobre expansi\u00f3n\u2014, sellando el tono pol\u00edtico del norte [&hellip;]\" \/>\n<meta property=\"og:url\" content=\"https:\/\/chileentinieblas.cl\/en\/timeline_event\/instauracion-del-principado-de-tarapaca\/\" \/>\n<meta property=\"og:site_name\" content=\"Chile en Tinieblas\" \/>\n<meta property=\"article:publisher\" content=\"https:\/\/www.facebook.com\/ChileenTinieblas\" \/>\n<meta property=\"article:modified_time\" content=\"2026-06-23T01:23:46+00:00\" \/>\n<meta property=\"og:image\" content=\"https:\/\/chileentinieblas.cl\/wp-content\/uploads\/2026\/06\/BCO.9798a6ce-782d-49fd-b624-552fdebef776-1024x683.png\" \/>\n\t<meta property=\"og:image:width\" content=\"1024\" \/>\n\t<meta property=\"og:image:height\" content=\"683\" \/>\n\t<meta property=\"og:image:type\" content=\"image\/png\" \/>\n<meta name=\"twitter:card\" content=\"summary_large_image\" \/>\n<meta name=\"twitter:label1\" content=\"Est. reading time\" \/>\n\t<meta name=\"twitter:data1\" content=\"1 minute\" \/>\n<script type=\"application\/ld+json\" class=\"yoast-schema-graph\">{\"@context\":\"https:\\\/\\\/schema.org\",\"@graph\":[{\"@type\":\"WebPage\",\"@id\":\"https:\\\/\\\/chileentinieblas.cl\\\/timeline_event\\\/instauracion-del-principado-de-tarapaca\\\/\",\"url\":\"https:\\\/\\\/chileentinieblas.cl\\\/timeline_event\\\/instauracion-del-principado-de-tarapaca\\\/\",\"name\":\"Instauraci\u00f3n del Principado de Tarapac\u00e1 - Chile en Tinieblas\",\"isPartOf\":{\"@id\":\"https:\\\/\\\/chileentinieblas.cl\\\/#website\"},\"primaryImageOfPage\":{\"@id\":\"https:\\\/\\\/chileentinieblas.cl\\\/timeline_event\\\/instauracion-del-principado-de-tarapaca\\\/#primaryimage\"},\"image\":{\"@id\":\"https:\\\/\\\/chileentinieblas.cl\\\/timeline_event\\\/instauracion-del-principado-de-tarapaca\\\/#primaryimage\"},\"thumbnailUrl\":\"https:\\\/\\\/chileentinieblas.cl\\\/wp-content\\\/uploads\\\/2026\\\/06\\\/BCO.9798a6ce-782d-49fd-b624-552fdebef776.png\",\"datePublished\":\"2026-06-23T01:23:45+00:00\",\"dateModified\":\"2026-06-23T01:23:46+00:00\",\"breadcrumb\":{\"@id\":\"https:\\\/\\\/chileentinieblas.cl\\\/timeline_event\\\/instauracion-del-principado-de-tarapaca\\\/#breadcrumb\"},\"inLanguage\":\"en-US\",\"potentialAction\":[{\"@type\":\"ReadAction\",\"target\":[\"https:\\\/\\\/chileentinieblas.cl\\\/timeline_event\\\/instauracion-del-principado-de-tarapaca\\\/\"]}]},{\"@type\":\"ImageObject\",\"inLanguage\":\"en-US\",\"@id\":\"https:\\\/\\\/chileentinieblas.cl\\\/timeline_event\\\/instauracion-del-principado-de-tarapaca\\\/#primaryimage\",\"url\":\"https:\\\/\\\/chileentinieblas.cl\\\/wp-content\\\/uploads\\\/2026\\\/06\\\/BCO.9798a6ce-782d-49fd-b624-552fdebef776.png\",\"contentUrl\":\"https:\\\/\\\/chileentinieblas.cl\\\/wp-content\\\/uploads\\\/2026\\\/06\\\/BCO.9798a6ce-782d-49fd-b624-552fdebef776.png\",\"width\":1536,\"height\":1024},{\"@type\":\"BreadcrumbList\",\"@id\":\"https:\\\/\\\/chileentinieblas.cl\\\/timeline_event\\\/instauracion-del-principado-de-tarapaca\\\/#breadcrumb\",\"itemListElement\":[{\"@type\":\"ListItem\",\"position\":1,\"name\":\"Portada\",\"item\":\"https:\\\/\\\/chileentinieblas.cl\\\/\"},{\"@type\":\"ListItem\",\"position\":2,\"name\":\"Instauraci\u00f3n del Principado de Tarapac\u00e1\"}]},{\"@type\":\"WebSite\",\"@id\":\"https:\\\/\\\/chileentinieblas.cl\\\/#website\",\"url\":\"https:\\\/\\\/chileentinieblas.cl\\\/\",\"name\":\"Chile en Tinieblas\",\"description\":\"Un servidor con mesas de rol de Mundo de Tinieblas\",\"publisher\":{\"@id\":\"https:\\\/\\\/chileentinieblas.cl\\\/#organization\"},\"potentialAction\":[{\"@type\":\"SearchAction\",\"target\":{\"@type\":\"EntryPoint\",\"urlTemplate\":\"https:\\\/\\\/chileentinieblas.cl\\\/?s={search_term_string}\"},\"query-input\":{\"@type\":\"PropertyValueSpecification\",\"valueRequired\":true,\"valueName\":\"search_term_string\"}}],\"inLanguage\":\"en-US\"},{\"@type\":\"Organization\",\"@id\":\"https:\\\/\\\/chileentinieblas.cl\\\/#organization\",\"name\":\"Chile en Tinieblas\",\"url\":\"https:\\\/\\\/chileentinieblas.cl\\\/\",\"logo\":{\"@type\":\"ImageObject\",\"inLanguage\":\"en-US\",\"@id\":\"https:\\\/\\\/chileentinieblas.cl\\\/#\\\/schema\\\/logo\\\/image\\\/\",\"url\":\"https:\\\/\\\/chileentinieblas.cl\\\/wp-content\\\/uploads\\\/2021\\\/12\\\/logo-cet-claro.png\",\"contentUrl\":\"https:\\\/\\\/chileentinieblas.cl\\\/wp-content\\\/uploads\\\/2021\\\/12\\\/logo-cet-claro.png\",\"width\":1001,\"height\":1030,\"caption\":\"Chile en Tinieblas\"},\"image\":{\"@id\":\"https:\\\/\\\/chileentinieblas.cl\\\/#\\\/schema\\\/logo\\\/image\\\/\"},\"sameAs\":[\"https:\\\/\\\/www.facebook.com\\\/ChileenTinieblas\",\"https:\\\/\\\/www.instagram.com\\\/chileentinieblas\\\/\",\"https:\\\/\\\/www.youtube.com\\\/@chileentinieblas\",\"https:\\\/\\\/www.tiktok.com\\\/@chileentinieblas\"]}]}<\/script>\n<!-- \/ Yoast SEO plugin. -->","yoast_head_json":{"title":"Instauraci\u00f3n del Principado de Tarapac\u00e1 - Chile en Tinieblas","robots":{"index":"index","follow":"follow","max-snippet":"max-snippet:-1","max-image-preview":"max-image-preview:large","max-video-preview":"max-video-preview:-1"},"canonical":"https:\/\/chileentinieblas.cl\/en\/timeline_event\/instauracion-del-principado-de-tarapaca\/","og_locale":"en_US","og_type":"article","og_title":"Instauraci\u00f3n del Principado de Tarapac\u00e1 - Chile en Tinieblas","og_description":"Iquique es incorporada formalmente a la estructura de la Camarilla como principado secundario.Tras a\u00f1os de presencia intermitente, el enclave se define como estable pero perif\u00e9rico: un punto de tr\u00e1nsito m\u00e1s que un centro de poder. El mandato inicial es claro \u2014bajo perfil, m\u00ednima intervenci\u00f3n y estabilidad por sobre expansi\u00f3n\u2014, sellando el tono pol\u00edtico del norte [&hellip;]","og_url":"https:\/\/chileentinieblas.cl\/en\/timeline_event\/instauracion-del-principado-de-tarapaca\/","og_site_name":"Chile en Tinieblas","article_publisher":"https:\/\/www.facebook.com\/ChileenTinieblas","article_modified_time":"2026-06-23T01:23:46+00:00","og_image":[{"width":1024,"height":683,"url":"https:\/\/chileentinieblas.cl\/wp-content\/uploads\/2026\/06\/BCO.9798a6ce-782d-49fd-b624-552fdebef776-1024x683.png","type":"image\/png"}],"twitter_card":"summary_large_image","twitter_misc":{"Est. reading time":"1 minute"},"schema":{"@context":"https:\/\/schema.org","@graph":[{"@type":"WebPage","@id":"https:\/\/chileentinieblas.cl\/timeline_event\/instauracion-del-principado-de-tarapaca\/","url":"https:\/\/chileentinieblas.cl\/timeline_event\/instauracion-del-principado-de-tarapaca\/","name":"Instauraci\u00f3n del Principado de Tarapac\u00e1 - Chile en Tinieblas","isPartOf":{"@id":"https:\/\/chileentinieblas.cl\/#website"},"primaryImageOfPage":{"@id":"https:\/\/chileentinieblas.cl\/timeline_event\/instauracion-del-principado-de-tarapaca\/#primaryimage"},"image":{"@id":"https:\/\/chileentinieblas.cl\/timeline_event\/instauracion-del-principado-de-tarapaca\/#primaryimage"},"thumbnailUrl":"https:\/\/chileentinieblas.cl\/wp-content\/uploads\/2026\/06\/BCO.9798a6ce-782d-49fd-b624-552fdebef776.png","datePublished":"2026-06-23T01:23:45+00:00","dateModified":"2026-06-23T01:23:46+00:00","breadcrumb":{"@id":"https:\/\/chileentinieblas.cl\/timeline_event\/instauracion-del-principado-de-tarapaca\/#breadcrumb"},"inLanguage":"en-US","potentialAction":[{"@type":"ReadAction","target":["https:\/\/chileentinieblas.cl\/timeline_event\/instauracion-del-principado-de-tarapaca\/"]}]},{"@type":"ImageObject","inLanguage":"en-US","@id":"https:\/\/chileentinieblas.cl\/timeline_event\/instauracion-del-principado-de-tarapaca\/#primaryimage","url":"https:\/\/chileentinieblas.cl\/wp-content\/uploads\/2026\/06\/BCO.9798a6ce-782d-49fd-b624-552fdebef776.png","contentUrl":"https:\/\/chileentinieblas.cl\/wp-content\/uploads\/2026\/06\/BCO.9798a6ce-782d-49fd-b624-552fdebef776.png","width":1536,"height":1024},{"@type":"BreadcrumbList","@id":"https:\/\/chileentinieblas.cl\/timeline_event\/instauracion-del-principado-de-tarapaca\/#breadcrumb","itemListElement":[{"@type":"ListItem","position":1,"name":"Portada","item":"https:\/\/chileentinieblas.cl\/"},{"@type":"ListItem","position":2,"name":"Instauraci\u00f3n del Principado de Tarapac\u00e1"}]},{"@type":"WebSite","@id":"https:\/\/chileentinieblas.cl\/#website","url":"https:\/\/chileentinieblas.cl\/","name":"Chile en Tinieblas","description":"Un servidor con mesas de rol de Mundo de Tinieblas","publisher":{"@id":"https:\/\/chileentinieblas.cl\/#organization"},"potentialAction":[{"@type":"SearchAction","target":{"@type":"EntryPoint","urlTemplate":"https:\/\/chileentinieblas.cl\/?s={search_term_string}"},"query-input":{"@type":"PropertyValueSpecification","valueRequired":true,"valueName":"search_term_string"}}],"inLanguage":"en-US"},{"@type":"Organization","@id":"https:\/\/chileentinieblas.cl\/#organization","name":"Chile en Tinieblas","url":"https:\/\/chileentinieblas.cl\/","logo":{"@type":"ImageObject","inLanguage":"en-US","@id":"https:\/\/chileentinieblas.cl\/#\/schema\/logo\/image\/","url":"https:\/\/chileentinieblas.cl\/wp-content\/uploads\/2021\/12\/logo-cet-claro.png","contentUrl":"https:\/\/chileentinieblas.cl\/wp-content\/uploads\/2021\/12\/logo-cet-claro.png","width":1001,"height":1030,"caption":"Chile en Tinieblas"},"image":{"@id":"https:\/\/chileentinieblas.cl\/#\/schema\/logo\/image\/"},"sameAs":["https:\/\/www.facebook.com\/ChileenTinieblas","https:\/\/www.instagram.com\/chileentinieblas\/","https:\/\/www.youtube.com\/@chileentinieblas","https:\/\/www.tiktok.com\/@chileentinieblas"]}]}},"jetpack_sharing_enabled":true,"_links":{"self":[{"href":"https:\/\/chileentinieblas.cl\/en\/wp-json\/wp\/v2\/timeline_event\/8069","targetHints":{"allow":["GET"]}}],"collection":[{"href":"https:\/\/chileentinieblas.cl\/en\/wp-json\/wp\/v2\/timeline_event"}],"about":[{"href":"https:\/\/chileentinieblas.cl\/en\/wp-json\/wp\/v2\/types\/timeline_event"}],"author":[{"embeddable":true,"href":"https:\/\/chileentinieblas.cl\/en\/wp-json\/wp\/v2\/users\/20"}],"wp:featuredmedia":[{"embeddable":true,"href":"https:\/\/chileentinieblas.cl\/en\/wp-json\/wp\/v2\/media\/8070"}],"wp:attachment":[{"href":"https:\/\/chileentinieblas.cl\/en\/wp-json\/wp\/v2\/media?parent=8069"}],"wp:term":[{"taxonomy":"post_tag","embeddable":true,"href":"https:\/\/chileentinieblas.cl\/en\/wp-json\/wp\/v2\/tags?post=8069"},{"taxonomy":"arco","embeddable":true,"href":"https:\/\/chileentinieblas.cl\/en\/wp-json\/wp\/v2\/arco?post=8069"},{"taxonomy":"juego","embeddable":true,"href":"https:\/\/chileentinieblas.cl\/en\/wp-json\/wp\/v2\/juego?post=8069"}],"curies":[{"name":"wp","href":"https:\/\/api.w.org\/{rel}","templated":true}]}}

Instauración del Principado de Tarapacá

<p class="wp-block-paragraph">Iquique es incorporada formalmente a la estructura de la Camarilla como principado secundario.<br>Tras años de presencia intermitente, el enclave se define como estable pero periférico: un punto de tránsito más que un centro de poder.</p>



<p class="wp-block-paragraph">El mandato inicial es claro —bajo perfil, mínima intervención y estabilidad por sobre expansión—, sellando el tono político del norte vampírico durante la década siguiente.</p>

<!-- This site is optimized with the Yoast SEO plugin v28.4 - https://yoast.com/product/yoast-seo-wordpress/ -->
<title>Instauración del Principado de Tarapacá - Chile en Tinieblas</title>
<meta name="robots" content="index, follow, max-snippet:-1, max-image-preview:large, max-video-preview:-1" />
<link rel="canonical" href="https://chileentinieblas.cl/en/timeline_event/instauracion-del-principado-de-tarapaca/" />
<meta property="og:locale" content="en_US" />
<meta property="og:type" content="article" />
<meta property="og:title" content="Instauración del Principado de Tarapacá - Chile en Tinieblas" />
<meta property="og:description" content="Iquique es incorporada formalmente a la estructura de la Camarilla como principado secundario.Tras años de presencia intermitente, el enclave se define como estable pero periférico: un punto de tránsito más que un centro de poder. El mandato inicial es claro —bajo perfil, mínima intervención y estabilidad por sobre expansión—, sellando el tono político del norte [&hellip;]" />
<meta property="og:url" content="https://chileentinieblas.cl/en/timeline_event/instauracion-del-principado-de-tarapaca/" />
<meta property="og:site_name" content="Chile en Tinieblas" />
<meta property="article:publisher" content="https://www.facebook.com/ChileenTinieblas" />
<meta property="article:modified_time" content="2026-06-23T01:23:46+00:00" />
<meta property="og:image" content="https://chileentinieblas.cl/wp-content/uploads/2026/06/BCO.9798a6ce-782d-49fd-b624-552fdebef776-1024x683.png" />
	<meta property="og:image:width" content="1024" />
	<meta property="og:image:height" content="683" />
	<meta property="og:image:type" content="image/png" />
<meta name="twitter:card" content="summary_large_image" />
<meta name="twitter:label1" content="Est. reading time" />
	<meta name="twitter:data1" content="1 minute" />
<script type="application/ld+json" class="yoast-schema-graph">{"@context":"https:\/\/schema.org","@graph":[{"@type":"WebPage","@id":"https:\/\/chileentinieblas.cl\/timeline_event\/instauracion-del-principado-de-tarapaca\/","url":"https:\/\/chileentinieblas.cl\/timeline_event\/instauracion-del-principado-de-tarapaca\/","name":"Instauración del Principado de Tarapacá - Chile en Tinieblas","isPartOf":{"@id":"https:\/\/chileentinieblas.cl\/#website"},"primaryImageOfPage":{"@id":"https:\/\/chileentinieblas.cl\/timeline_event\/instauracion-del-principado-de-tarapaca\/#primaryimage"},"image":{"@id":"https:\/\/chileentinieblas.cl\/timeline_event\/instauracion-del-principado-de-tarapaca\/#primaryimage"},"thumbnailUrl":"https:\/\/chileentinieblas.cl\/wp-content\/uploads\/2026\/06\/BCO.9798a6ce-782d-49fd-b624-552fdebef776.png","datePublished":"2026-06-23T01:23:45+00:00","dateModified":"2026-06-23T01:23:46+00:00","breadcrumb":{"@id":"https:\/\/chileentinieblas.cl\/timeline_event\/instauracion-del-principado-de-tarapaca\/#breadcrumb"},"inLanguage":"en-US","potentialAction":[{"@type":"ReadAction","target":["https:\/\/chileentinieblas.cl\/timeline_event\/instauracion-del-principado-de-tarapaca\/"]}]},{"@type":"ImageObject","inLanguage":"en-US","@id":"https:\/\/chileentinieblas.cl\/timeline_event\/instauracion-del-principado-de-tarapaca\/#primaryimage","url":"https:\/\/chileentinieblas.cl\/wp-content\/uploads\/2026\/06\/BCO.9798a6ce-782d-49fd-b624-552fdebef776.png","contentUrl":"https:\/\/chileentinieblas.cl\/wp-content\/uploads\/2026\/06\/BCO.9798a6ce-782d-49fd-b624-552fdebef776.png","width":1536,"height":1024},{"@type":"BreadcrumbList","@id":"https:\/\/chileentinieblas.cl\/timeline_event\/instauracion-del-principado-de-tarapaca\/#breadcrumb","itemListElement":[{"@type":"ListItem","position":1,"name":"Portada","item":"https:\/\/chileentinieblas.cl\/"},{"@type":"ListItem","position":2,"name":"Instauración del Principado de Tarapacá"}]},{"@type":"WebSite","@id":"https:\/\/chileentinieblas.cl\/#website","url":"https:\/\/chileentinieblas.cl\/","name":"Chile en Tinieblas","description":"Un servidor con mesas de rol de Mundo de Tinieblas","publisher":{"@id":"https:\/\/chileentinieblas.cl\/#organization"},"potentialAction":[{"@type":"SearchAction","target":{"@type":"EntryPoint","urlTemplate":"https:\/\/chileentinieblas.cl\/?s={search_term_string}"},"query-input":{"@type":"PropertyValueSpecification","valueRequired":true,"valueName":"search_term_string"}}],"inLanguage":"en-US"},{"@type":"Organization","@id":"https:\/\/chileentinieblas.cl\/#organization","name":"Chile en Tinieblas","url":"https:\/\/chileentinieblas.cl\/","logo":{"@type":"ImageObject","inLanguage":"en-US","@id":"https:\/\/chileentinieblas.cl\/#\/schema\/logo\/image\/","url":"https:\/\/chileentinieblas.cl\/wp-content\/uploads\/2021\/12\/logo-cet-claro.png","contentUrl":"https:\/\/chileentinieblas.cl\/wp-content\/uploads\/2021\/12\/logo-cet-claro.png","width":1001,"height":1030,"caption":"Chile en Tinieblas"},"image":{"@id":"https:\/\/chileentinieblas.cl\/#\/schema\/logo\/image\/"},"sameAs":["https:\/\/www.facebook.com\/ChileenTinieblas","https:\/\/www.instagram.com\/chileentinieblas\/","https:\/\/www.youtube.com\/@chileentinieblas","https:\/\/www.tiktok.com\/@chileentinieblas"]}]}</script>
<!-- / Yoast SEO plugin. -->

Instauración del Principado de Tarapacá - Chile en Tinieblas

Iquique es incorporada formalmente a la estructura de la Camarilla como principado secundario.Tras años de presencia intermitente, el enclave se define como estable pero periférico: un punto de tránsito más que un centro de poder. El mandato inicial es claro —bajo perfil, mínima intervención y estabilidad por sobre expansión—, sellando el tono político del norte [&hellip;]
