{"id":8062,"date":"2026-06-23T01:03:55","date_gmt":"2026-06-23T01:03:55","guid":{"rendered":"https:\/\/chileentinieblas.cl\/?post_type=timeline_event&#038;p=8062"},"modified":"2026-06-23T01:03:56","modified_gmt":"2026-06-23T01:03:56","slug":"se-funda-la-fundacion-dr-alex-parraguez-norambuena","status":"publish","type":"timeline_event","link":"https:\/\/chileentinieblas.cl\/en\/timeline_event\/se-funda-la-fundacion-dr-alex-parraguez-norambuena\/","title":{"rendered":"Se funda la Fundaci\u00f3n Dr. Alex P\u00e1rraguez Norambuena"},"content":{"rendered":"<p class=\"wp-block-paragraph\">Nace en Iquique la Fundaci\u00f3n Dr. Alex P\u00e1rraguez Norambuena, dedicada al tratamiento psiqui\u00e1trico integral y a la investigaci\u00f3n de los l\u00edmites entre mente y realidad.<\/p>\n\n\n\n<p class=\"wp-block-paragraph\">Su origen marca el inicio de una nueva etapa en la historia m\u00e9dica del Norte Grande: compasi\u00f3n convertida en estructura, ciencia convertida en fe.<\/p>\n\n\n\n<p class=\"wp-block-paragraph\">A\u00f1os despu\u00e9s, su legado se entrelazar\u00eda con la sombra de Belerofonte y los primeros ecos del Trastorno de Fijaci\u00f3n de Paracosmos.<\/p>","protected":false},"author":20,"featured_media":8063,"template":"","meta":{"_acf_changed":true,"inline_featured_image":false,"_monsterinsights_skip_tracking":false},"tags":[],"arco":[],"juego":[],"class_list":["post-8062","timeline_event","type-timeline_event","status-publish","has-post-thumbnail","hentry"],"acf":[],"yoast_head":"<!-- This site is optimized with the Yoast SEO plugin v28.4 - https:\/\/yoast.com\/product\/yoast-seo-wordpress\/ -->\n<title>Se funda la Fundaci\u00f3n Dr. Alex P\u00e1rraguez Norambuena - Chile en Tinieblas<\/title>\n<meta name=\"robots\" content=\"index, follow, max-snippet:-1, max-image-preview:large, max-video-preview:-1\" \/>\n<link rel=\"canonical\" href=\"https:\/\/chileentinieblas.cl\/en\/timeline_event\/se-funda-la-fundacion-dr-alex-parraguez-norambuena\/\" \/>\n<meta property=\"og:locale\" content=\"en_US\" \/>\n<meta property=\"og:type\" content=\"article\" \/>\n<meta property=\"og:title\" content=\"Se funda la Fundaci\u00f3n Dr. Alex P\u00e1rraguez Norambuena - Chile en Tinieblas\" \/>\n<meta property=\"og:description\" content=\"Nace en Iquique la Fundaci\u00f3n Dr. Alex P\u00e1rraguez Norambuena, dedicada al tratamiento psiqui\u00e1trico integral y a la investigaci\u00f3n de los l\u00edmites entre mente y realidad. Su origen marca el inicio de una nueva etapa en la historia m\u00e9dica del Norte Grande: compasi\u00f3n convertida en estructura, ciencia convertida en fe. A\u00f1os despu\u00e9s, su legado se entrelazar\u00eda [&hellip;]\" \/>\n<meta property=\"og:url\" content=\"https:\/\/chileentinieblas.cl\/en\/timeline_event\/se-funda-la-fundacion-dr-alex-parraguez-norambuena\/\" \/>\n<meta property=\"og:site_name\" content=\"Chile en Tinieblas\" \/>\n<meta property=\"article:publisher\" content=\"https:\/\/www.facebook.com\/ChileenTinieblas\" \/>\n<meta property=\"article:modified_time\" content=\"2026-06-23T01:03:56+00:00\" \/>\n<meta property=\"og:image\" content=\"https:\/\/chileentinieblas.cl\/wp-content\/uploads\/2026\/06\/613d077d-cd0a-4106-93b6-1f0a52912945.jpg\" \/>\n\t<meta property=\"og:image:width\" content=\"592\" \/>\n\t<meta property=\"og:image:height\" content=\"550\" \/>\n\t<meta property=\"og:image:type\" content=\"image\/jpeg\" \/>\n<meta name=\"twitter:card\" content=\"summary_large_image\" \/>\n<meta name=\"twitter:label1\" content=\"Est. reading time\" \/>\n\t<meta name=\"twitter:data1\" content=\"1 minute\" \/>\n<script type=\"application\/ld+json\" class=\"yoast-schema-graph\">{\"@context\":\"https:\\\/\\\/schema.org\",\"@graph\":[{\"@type\":\"WebPage\",\"@id\":\"https:\\\/\\\/chileentinieblas.cl\\\/timeline_event\\\/se-funda-la-fundacion-dr-alex-parraguez-norambuena\\\/\",\"url\":\"https:\\\/\\\/chileentinieblas.cl\\\/timeline_event\\\/se-funda-la-fundacion-dr-alex-parraguez-norambuena\\\/\",\"name\":\"Se funda la Fundaci\u00f3n Dr. Alex P\u00e1rraguez Norambuena - Chile en Tinieblas\",\"isPartOf\":{\"@id\":\"https:\\\/\\\/chileentinieblas.cl\\\/#website\"},\"primaryImageOfPage\":{\"@id\":\"https:\\\/\\\/chileentinieblas.cl\\\/timeline_event\\\/se-funda-la-fundacion-dr-alex-parraguez-norambuena\\\/#primaryimage\"},\"image\":{\"@id\":\"https:\\\/\\\/chileentinieblas.cl\\\/timeline_event\\\/se-funda-la-fundacion-dr-alex-parraguez-norambuena\\\/#primaryimage\"},\"thumbnailUrl\":\"https:\\\/\\\/chileentinieblas.cl\\\/wp-content\\\/uploads\\\/2026\\\/06\\\/613d077d-cd0a-4106-93b6-1f0a52912945.jpg\",\"datePublished\":\"2026-06-23T01:03:55+00:00\",\"dateModified\":\"2026-06-23T01:03:56+00:00\",\"breadcrumb\":{\"@id\":\"https:\\\/\\\/chileentinieblas.cl\\\/timeline_event\\\/se-funda-la-fundacion-dr-alex-parraguez-norambuena\\\/#breadcrumb\"},\"inLanguage\":\"en-US\",\"potentialAction\":[{\"@type\":\"ReadAction\",\"target\":[\"https:\\\/\\\/chileentinieblas.cl\\\/timeline_event\\\/se-funda-la-fundacion-dr-alex-parraguez-norambuena\\\/\"]}]},{\"@type\":\"ImageObject\",\"inLanguage\":\"en-US\",\"@id\":\"https:\\\/\\\/chileentinieblas.cl\\\/timeline_event\\\/se-funda-la-fundacion-dr-alex-parraguez-norambuena\\\/#primaryimage\",\"url\":\"https:\\\/\\\/chileentinieblas.cl\\\/wp-content\\\/uploads\\\/2026\\\/06\\\/613d077d-cd0a-4106-93b6-1f0a52912945.jpg\",\"contentUrl\":\"https:\\\/\\\/chileentinieblas.cl\\\/wp-content\\\/uploads\\\/2026\\\/06\\\/613d077d-cd0a-4106-93b6-1f0a52912945.jpg\",\"width\":592,\"height\":550},{\"@type\":\"BreadcrumbList\",\"@id\":\"https:\\\/\\\/chileentinieblas.cl\\\/timeline_event\\\/se-funda-la-fundacion-dr-alex-parraguez-norambuena\\\/#breadcrumb\",\"itemListElement\":[{\"@type\":\"ListItem\",\"position\":1,\"name\":\"Portada\",\"item\":\"https:\\\/\\\/chileentinieblas.cl\\\/\"},{\"@type\":\"ListItem\",\"position\":2,\"name\":\"Se funda la Fundaci\u00f3n Dr. Alex P\u00e1rraguez Norambuena\"}]},{\"@type\":\"WebSite\",\"@id\":\"https:\\\/\\\/chileentinieblas.cl\\\/#website\",\"url\":\"https:\\\/\\\/chileentinieblas.cl\\\/\",\"name\":\"Chile en Tinieblas\",\"description\":\"Un servidor con mesas de rol de Mundo de Tinieblas\",\"publisher\":{\"@id\":\"https:\\\/\\\/chileentinieblas.cl\\\/#organization\"},\"potentialAction\":[{\"@type\":\"SearchAction\",\"target\":{\"@type\":\"EntryPoint\",\"urlTemplate\":\"https:\\\/\\\/chileentinieblas.cl\\\/?s={search_term_string}\"},\"query-input\":{\"@type\":\"PropertyValueSpecification\",\"valueRequired\":true,\"valueName\":\"search_term_string\"}}],\"inLanguage\":\"en-US\"},{\"@type\":\"Organization\",\"@id\":\"https:\\\/\\\/chileentinieblas.cl\\\/#organization\",\"name\":\"Chile en Tinieblas\",\"url\":\"https:\\\/\\\/chileentinieblas.cl\\\/\",\"logo\":{\"@type\":\"ImageObject\",\"inLanguage\":\"en-US\",\"@id\":\"https:\\\/\\\/chileentinieblas.cl\\\/#\\\/schema\\\/logo\\\/image\\\/\",\"url\":\"https:\\\/\\\/chileentinieblas.cl\\\/wp-content\\\/uploads\\\/2021\\\/12\\\/logo-cet-claro.png\",\"contentUrl\":\"https:\\\/\\\/chileentinieblas.cl\\\/wp-content\\\/uploads\\\/2021\\\/12\\\/logo-cet-claro.png\",\"width\":1001,\"height\":1030,\"caption\":\"Chile en Tinieblas\"},\"image\":{\"@id\":\"https:\\\/\\\/chileentinieblas.cl\\\/#\\\/schema\\\/logo\\\/image\\\/\"},\"sameAs\":[\"https:\\\/\\\/www.facebook.com\\\/ChileenTinieblas\",\"https:\\\/\\\/www.instagram.com\\\/chileentinieblas\\\/\",\"https:\\\/\\\/www.youtube.com\\\/@chileentinieblas\",\"https:\\\/\\\/www.tiktok.com\\\/@chileentinieblas\"]}]}<\/script>\n<!-- \/ Yoast SEO plugin. -->","yoast_head_json":{"title":"Se funda la Fundaci\u00f3n Dr. Alex P\u00e1rraguez Norambuena - Chile en Tinieblas","robots":{"index":"index","follow":"follow","max-snippet":"max-snippet:-1","max-image-preview":"max-image-preview:large","max-video-preview":"max-video-preview:-1"},"canonical":"https:\/\/chileentinieblas.cl\/en\/timeline_event\/se-funda-la-fundacion-dr-alex-parraguez-norambuena\/","og_locale":"en_US","og_type":"article","og_title":"Se funda la Fundaci\u00f3n Dr. Alex P\u00e1rraguez Norambuena - Chile en Tinieblas","og_description":"Nace en Iquique la Fundaci\u00f3n Dr. Alex P\u00e1rraguez Norambuena, dedicada al tratamiento psiqui\u00e1trico integral y a la investigaci\u00f3n de los l\u00edmites entre mente y realidad. Su origen marca el inicio de una nueva etapa en la historia m\u00e9dica del Norte Grande: compasi\u00f3n convertida en estructura, ciencia convertida en fe. A\u00f1os despu\u00e9s, su legado se entrelazar\u00eda [&hellip;]","og_url":"https:\/\/chileentinieblas.cl\/en\/timeline_event\/se-funda-la-fundacion-dr-alex-parraguez-norambuena\/","og_site_name":"Chile en Tinieblas","article_publisher":"https:\/\/www.facebook.com\/ChileenTinieblas","article_modified_time":"2026-06-23T01:03:56+00:00","og_image":[{"width":592,"height":550,"url":"https:\/\/chileentinieblas.cl\/wp-content\/uploads\/2026\/06\/613d077d-cd0a-4106-93b6-1f0a52912945.jpg","type":"image\/jpeg"}],"twitter_card":"summary_large_image","twitter_misc":{"Est. reading time":"1 minute"},"schema":{"@context":"https:\/\/schema.org","@graph":[{"@type":"WebPage","@id":"https:\/\/chileentinieblas.cl\/timeline_event\/se-funda-la-fundacion-dr-alex-parraguez-norambuena\/","url":"https:\/\/chileentinieblas.cl\/timeline_event\/se-funda-la-fundacion-dr-alex-parraguez-norambuena\/","name":"Se funda la Fundaci\u00f3n Dr. Alex P\u00e1rraguez Norambuena - Chile en Tinieblas","isPartOf":{"@id":"https:\/\/chileentinieblas.cl\/#website"},"primaryImageOfPage":{"@id":"https:\/\/chileentinieblas.cl\/timeline_event\/se-funda-la-fundacion-dr-alex-parraguez-norambuena\/#primaryimage"},"image":{"@id":"https:\/\/chileentinieblas.cl\/timeline_event\/se-funda-la-fundacion-dr-alex-parraguez-norambuena\/#primaryimage"},"thumbnailUrl":"https:\/\/chileentinieblas.cl\/wp-content\/uploads\/2026\/06\/613d077d-cd0a-4106-93b6-1f0a52912945.jpg","datePublished":"2026-06-23T01:03:55+00:00","dateModified":"2026-06-23T01:03:56+00:00","breadcrumb":{"@id":"https:\/\/chileentinieblas.cl\/timeline_event\/se-funda-la-fundacion-dr-alex-parraguez-norambuena\/#breadcrumb"},"inLanguage":"en-US","potentialAction":[{"@type":"ReadAction","target":["https:\/\/chileentinieblas.cl\/timeline_event\/se-funda-la-fundacion-dr-alex-parraguez-norambuena\/"]}]},{"@type":"ImageObject","inLanguage":"en-US","@id":"https:\/\/chileentinieblas.cl\/timeline_event\/se-funda-la-fundacion-dr-alex-parraguez-norambuena\/#primaryimage","url":"https:\/\/chileentinieblas.cl\/wp-content\/uploads\/2026\/06\/613d077d-cd0a-4106-93b6-1f0a52912945.jpg","contentUrl":"https:\/\/chileentinieblas.cl\/wp-content\/uploads\/2026\/06\/613d077d-cd0a-4106-93b6-1f0a52912945.jpg","width":592,"height":550},{"@type":"BreadcrumbList","@id":"https:\/\/chileentinieblas.cl\/timeline_event\/se-funda-la-fundacion-dr-alex-parraguez-norambuena\/#breadcrumb","itemListElement":[{"@type":"ListItem","position":1,"name":"Portada","item":"https:\/\/chileentinieblas.cl\/"},{"@type":"ListItem","position":2,"name":"Se funda la Fundaci\u00f3n Dr. Alex P\u00e1rraguez Norambuena"}]},{"@type":"WebSite","@id":"https:\/\/chileentinieblas.cl\/#website","url":"https:\/\/chileentinieblas.cl\/","name":"Chile en Tinieblas","description":"Un servidor con mesas de rol de Mundo de Tinieblas","publisher":{"@id":"https:\/\/chileentinieblas.cl\/#organization"},"potentialAction":[{"@type":"SearchAction","target":{"@type":"EntryPoint","urlTemplate":"https:\/\/chileentinieblas.cl\/?s={search_term_string}"},"query-input":{"@type":"PropertyValueSpecification","valueRequired":true,"valueName":"search_term_string"}}],"inLanguage":"en-US"},{"@type":"Organization","@id":"https:\/\/chileentinieblas.cl\/#organization","name":"Chile en Tinieblas","url":"https:\/\/chileentinieblas.cl\/","logo":{"@type":"ImageObject","inLanguage":"en-US","@id":"https:\/\/chileentinieblas.cl\/#\/schema\/logo\/image\/","url":"https:\/\/chileentinieblas.cl\/wp-content\/uploads\/2021\/12\/logo-cet-claro.png","contentUrl":"https:\/\/chileentinieblas.cl\/wp-content\/uploads\/2021\/12\/logo-cet-claro.png","width":1001,"height":1030,"caption":"Chile en Tinieblas"},"image":{"@id":"https:\/\/chileentinieblas.cl\/#\/schema\/logo\/image\/"},"sameAs":["https:\/\/www.facebook.com\/ChileenTinieblas","https:\/\/www.instagram.com\/chileentinieblas\/","https:\/\/www.youtube.com\/@chileentinieblas","https:\/\/www.tiktok.com\/@chileentinieblas"]}]}},"jetpack_sharing_enabled":true,"_links":{"self":[{"href":"https:\/\/chileentinieblas.cl\/en\/wp-json\/wp\/v2\/timeline_event\/8062","targetHints":{"allow":["GET"]}}],"collection":[{"href":"https:\/\/chileentinieblas.cl\/en\/wp-json\/wp\/v2\/timeline_event"}],"about":[{"href":"https:\/\/chileentinieblas.cl\/en\/wp-json\/wp\/v2\/types\/timeline_event"}],"author":[{"embeddable":true,"href":"https:\/\/chileentinieblas.cl\/en\/wp-json\/wp\/v2\/users\/20"}],"wp:featuredmedia":[{"embeddable":true,"href":"https:\/\/chileentinieblas.cl\/en\/wp-json\/wp\/v2\/media\/8063"}],"wp:attachment":[{"href":"https:\/\/chileentinieblas.cl\/en\/wp-json\/wp\/v2\/media?parent=8062"}],"wp:term":[{"taxonomy":"post_tag","embeddable":true,"href":"https:\/\/chileentinieblas.cl\/en\/wp-json\/wp\/v2\/tags?post=8062"},{"taxonomy":"arco","embeddable":true,"href":"https:\/\/chileentinieblas.cl\/en\/wp-json\/wp\/v2\/arco?post=8062"},{"taxonomy":"juego","embeddable":true,"href":"https:\/\/chileentinieblas.cl\/en\/wp-json\/wp\/v2\/juego?post=8062"}],"curies":[{"name":"wp","href":"https:\/\/api.w.org\/{rel}","templated":true}]}}

Se funda la Fundación Dr. Alex Párraguez Norambuena

<p class="wp-block-paragraph">Nace en Iquique la Fundación Dr. Alex Párraguez Norambuena, dedicada al tratamiento psiquiátrico integral y a la investigación de los límites entre mente y realidad.</p>



<p class="wp-block-paragraph">Su origen marca el inicio de una nueva etapa en la historia médica del Norte Grande: compasión convertida en estructura, ciencia convertida en fe.</p>



<p class="wp-block-paragraph">Años después, su legado se entrelazaría con la sombra de Belerofonte y los primeros ecos del Trastorno de Fijación de Paracosmos.</p>

<!-- This site is optimized with the Yoast SEO plugin v28.4 - https://yoast.com/product/yoast-seo-wordpress/ -->
<title>Se funda la Fundación Dr. Alex Párraguez Norambuena - Chile en Tinieblas</title>
<meta name="robots" content="index, follow, max-snippet:-1, max-image-preview:large, max-video-preview:-1" />
<link rel="canonical" href="https://chileentinieblas.cl/en/timeline_event/se-funda-la-fundacion-dr-alex-parraguez-norambuena/" />
<meta property="og:locale" content="en_US" />
<meta property="og:type" content="article" />
<meta property="og:title" content="Se funda la Fundación Dr. Alex Párraguez Norambuena - Chile en Tinieblas" />
<meta property="og:description" content="Nace en Iquique la Fundación Dr. Alex Párraguez Norambuena, dedicada al tratamiento psiquiátrico integral y a la investigación de los límites entre mente y realidad. Su origen marca el inicio de una nueva etapa en la historia médica del Norte Grande: compasión convertida en estructura, ciencia convertida en fe. Años después, su legado se entrelazaría [&hellip;]" />
<meta property="og:url" content="https://chileentinieblas.cl/en/timeline_event/se-funda-la-fundacion-dr-alex-parraguez-norambuena/" />
<meta property="og:site_name" content="Chile en Tinieblas" />
<meta property="article:publisher" content="https://www.facebook.com/ChileenTinieblas" />
<meta property="article:modified_time" content="2026-06-23T01:03:56+00:00" />
<meta property="og:image" content="https://chileentinieblas.cl/wp-content/uploads/2026/06/613d077d-cd0a-4106-93b6-1f0a52912945.jpg" />
	<meta property="og:image:width" content="592" />
	<meta property="og:image:height" content="550" />
	<meta property="og:image:type" content="image/jpeg" />
<meta name="twitter:card" content="summary_large_image" />
<meta name="twitter:label1" content="Est. reading time" />
	<meta name="twitter:data1" content="1 minute" />
<script type="application/ld+json" class="yoast-schema-graph">{"@context":"https:\/\/schema.org","@graph":[{"@type":"WebPage","@id":"https:\/\/chileentinieblas.cl\/timeline_event\/se-funda-la-fundacion-dr-alex-parraguez-norambuena\/","url":"https:\/\/chileentinieblas.cl\/timeline_event\/se-funda-la-fundacion-dr-alex-parraguez-norambuena\/","name":"Se funda la Fundación Dr. Alex Párraguez Norambuena - Chile en Tinieblas","isPartOf":{"@id":"https:\/\/chileentinieblas.cl\/#website"},"primaryImageOfPage":{"@id":"https:\/\/chileentinieblas.cl\/timeline_event\/se-funda-la-fundacion-dr-alex-parraguez-norambuena\/#primaryimage"},"image":{"@id":"https:\/\/chileentinieblas.cl\/timeline_event\/se-funda-la-fundacion-dr-alex-parraguez-norambuena\/#primaryimage"},"thumbnailUrl":"https:\/\/chileentinieblas.cl\/wp-content\/uploads\/2026\/06\/613d077d-cd0a-4106-93b6-1f0a52912945.jpg","datePublished":"2026-06-23T01:03:55+00:00","dateModified":"2026-06-23T01:03:56+00:00","breadcrumb":{"@id":"https:\/\/chileentinieblas.cl\/timeline_event\/se-funda-la-fundacion-dr-alex-parraguez-norambuena\/#breadcrumb"},"inLanguage":"en-US","potentialAction":[{"@type":"ReadAction","target":["https:\/\/chileentinieblas.cl\/timeline_event\/se-funda-la-fundacion-dr-alex-parraguez-norambuena\/"]}]},{"@type":"ImageObject","inLanguage":"en-US","@id":"https:\/\/chileentinieblas.cl\/timeline_event\/se-funda-la-fundacion-dr-alex-parraguez-norambuena\/#primaryimage","url":"https:\/\/chileentinieblas.cl\/wp-content\/uploads\/2026\/06\/613d077d-cd0a-4106-93b6-1f0a52912945.jpg","contentUrl":"https:\/\/chileentinieblas.cl\/wp-content\/uploads\/2026\/06\/613d077d-cd0a-4106-93b6-1f0a52912945.jpg","width":592,"height":550},{"@type":"BreadcrumbList","@id":"https:\/\/chileentinieblas.cl\/timeline_event\/se-funda-la-fundacion-dr-alex-parraguez-norambuena\/#breadcrumb","itemListElement":[{"@type":"ListItem","position":1,"name":"Portada","item":"https:\/\/chileentinieblas.cl\/"},{"@type":"ListItem","position":2,"name":"Se funda la Fundación Dr. Alex Párraguez Norambuena"}]},{"@type":"WebSite","@id":"https:\/\/chileentinieblas.cl\/#website","url":"https:\/\/chileentinieblas.cl\/","name":"Chile en Tinieblas","description":"Un servidor con mesas de rol de Mundo de Tinieblas","publisher":{"@id":"https:\/\/chileentinieblas.cl\/#organization"},"potentialAction":[{"@type":"SearchAction","target":{"@type":"EntryPoint","urlTemplate":"https:\/\/chileentinieblas.cl\/?s={search_term_string}"},"query-input":{"@type":"PropertyValueSpecification","valueRequired":true,"valueName":"search_term_string"}}],"inLanguage":"en-US"},{"@type":"Organization","@id":"https:\/\/chileentinieblas.cl\/#organization","name":"Chile en Tinieblas","url":"https:\/\/chileentinieblas.cl\/","logo":{"@type":"ImageObject","inLanguage":"en-US","@id":"https:\/\/chileentinieblas.cl\/#\/schema\/logo\/image\/","url":"https:\/\/chileentinieblas.cl\/wp-content\/uploads\/2021\/12\/logo-cet-claro.png","contentUrl":"https:\/\/chileentinieblas.cl\/wp-content\/uploads\/2021\/12\/logo-cet-claro.png","width":1001,"height":1030,"caption":"Chile en Tinieblas"},"image":{"@id":"https:\/\/chileentinieblas.cl\/#\/schema\/logo\/image\/"},"sameAs":["https:\/\/www.facebook.com\/ChileenTinieblas","https:\/\/www.instagram.com\/chileentinieblas\/","https:\/\/www.youtube.com\/@chileentinieblas","https:\/\/www.tiktok.com\/@chileentinieblas"]}]}</script>
<!-- / Yoast SEO plugin. -->

Se funda la Fundación Dr. Alex Párraguez Norambuena - Chile en Tinieblas

Nace en Iquique la Fundación Dr. Alex Párraguez Norambuena, dedicada al tratamiento psiquiátrico integral y a la investigación de los límites entre mente y realidad. Su origen marca el inicio de una nueva etapa en la historia médica del Norte Grande: compasión convertida en estructura, ciencia convertida en fe. Años después, su legado se entrelazaría [&hellip;]
