{"id":8060,"date":"2026-06-23T00:55:15","date_gmt":"2026-06-23T00:55:15","guid":{"rendered":"https:\/\/chileentinieblas.cl\/?post_type=timeline_event&#038;p=8060"},"modified":"2026-06-23T00:55:16","modified_gmt":"2026-06-23T00:55:16","slug":"coma-masivo-en-uci-pediatrica","status":"publish","type":"timeline_event","link":"https:\/\/chileentinieblas.cl\/en\/timeline_event\/coma-masivo-en-uci-pediatrica\/","title":{"rendered":"Coma masivo en UCI pedi\u00e1trica"},"content":{"rendered":"<p class=\"wp-block-paragraph\">Quince a veinte ni\u00f1os entran en coma simult\u00e1neamente en el Hospital Regional de Iquique.<br>No hay causa m\u00e9dica verificable, los s\u00edntomas son id\u00e9nticos y el intervalo entre ingresos es demasiado estrecho para ser casualidad.<\/p>\n\n\n\n<p class=\"wp-block-paragraph\"><br>El personal recuerda luces parpadeando, fallas el\u00e9ctricas y un silencio an\u00f3malo en el ala pedi\u00e1trica justo antes del colapso.<\/p>","protected":false},"author":20,"featured_media":8061,"template":"","meta":{"_acf_changed":true,"inline_featured_image":false,"_monsterinsights_skip_tracking":false},"tags":[],"arco":[],"juego":[],"class_list":["post-8060","timeline_event","type-timeline_event","status-publish","has-post-thumbnail","hentry"],"acf":[],"yoast_head":"<!-- This site is optimized with the Yoast SEO plugin v28.4 - https:\/\/yoast.com\/product\/yoast-seo-wordpress\/ -->\n<title>Coma masivo en UCI pedi\u00e1trica - Chile en Tinieblas<\/title>\n<meta name=\"robots\" content=\"index, follow, max-snippet:-1, max-image-preview:large, max-video-preview:-1\" \/>\n<link rel=\"canonical\" href=\"https:\/\/chileentinieblas.cl\/en\/timeline_event\/coma-masivo-en-uci-pediatrica\/\" \/>\n<meta property=\"og:locale\" content=\"en_US\" \/>\n<meta property=\"og:type\" content=\"article\" \/>\n<meta property=\"og:title\" content=\"Coma masivo en UCI pedi\u00e1trica - Chile en Tinieblas\" \/>\n<meta property=\"og:description\" content=\"Quince a veinte ni\u00f1os entran en coma simult\u00e1neamente en el Hospital Regional de Iquique.No hay causa m\u00e9dica verificable, los s\u00edntomas son id\u00e9nticos y el intervalo entre ingresos es demasiado estrecho para ser casualidad. El personal recuerda luces parpadeando, fallas el\u00e9ctricas y un silencio an\u00f3malo en el ala pedi\u00e1trica justo antes del colapso.\" \/>\n<meta property=\"og:url\" content=\"https:\/\/chileentinieblas.cl\/en\/timeline_event\/coma-masivo-en-uci-pediatrica\/\" \/>\n<meta property=\"og:site_name\" content=\"Chile en Tinieblas\" \/>\n<meta property=\"article:publisher\" content=\"https:\/\/www.facebook.com\/ChileenTinieblas\" \/>\n<meta property=\"article:modified_time\" content=\"2026-06-23T00:55:16+00:00\" \/>\n<meta property=\"og:image\" content=\"https:\/\/chileentinieblas.cl\/wp-content\/uploads\/2026\/06\/BCO.68bdf0fc-8bc3-4a5c-a2ad-bb68521e66a8-1024x683.png\" \/>\n\t<meta property=\"og:image:width\" content=\"1024\" \/>\n\t<meta property=\"og:image:height\" content=\"683\" \/>\n\t<meta property=\"og:image:type\" content=\"image\/png\" \/>\n<meta name=\"twitter:card\" content=\"summary_large_image\" \/>\n<meta name=\"twitter:label1\" content=\"Est. reading time\" \/>\n\t<meta name=\"twitter:data1\" content=\"1 minute\" \/>\n<script type=\"application\/ld+json\" class=\"yoast-schema-graph\">{\"@context\":\"https:\\\/\\\/schema.org\",\"@graph\":[{\"@type\":\"WebPage\",\"@id\":\"https:\\\/\\\/chileentinieblas.cl\\\/timeline_event\\\/coma-masivo-en-uci-pediatrica\\\/\",\"url\":\"https:\\\/\\\/chileentinieblas.cl\\\/timeline_event\\\/coma-masivo-en-uci-pediatrica\\\/\",\"name\":\"Coma masivo en UCI pedi\u00e1trica - Chile en Tinieblas\",\"isPartOf\":{\"@id\":\"https:\\\/\\\/chileentinieblas.cl\\\/#website\"},\"primaryImageOfPage\":{\"@id\":\"https:\\\/\\\/chileentinieblas.cl\\\/timeline_event\\\/coma-masivo-en-uci-pediatrica\\\/#primaryimage\"},\"image\":{\"@id\":\"https:\\\/\\\/chileentinieblas.cl\\\/timeline_event\\\/coma-masivo-en-uci-pediatrica\\\/#primaryimage\"},\"thumbnailUrl\":\"https:\\\/\\\/chileentinieblas.cl\\\/wp-content\\\/uploads\\\/2026\\\/06\\\/BCO.68bdf0fc-8bc3-4a5c-a2ad-bb68521e66a8.png\",\"datePublished\":\"2026-06-23T00:55:15+00:00\",\"dateModified\":\"2026-06-23T00:55:16+00:00\",\"breadcrumb\":{\"@id\":\"https:\\\/\\\/chileentinieblas.cl\\\/timeline_event\\\/coma-masivo-en-uci-pediatrica\\\/#breadcrumb\"},\"inLanguage\":\"en-US\",\"potentialAction\":[{\"@type\":\"ReadAction\",\"target\":[\"https:\\\/\\\/chileentinieblas.cl\\\/timeline_event\\\/coma-masivo-en-uci-pediatrica\\\/\"]}]},{\"@type\":\"ImageObject\",\"inLanguage\":\"en-US\",\"@id\":\"https:\\\/\\\/chileentinieblas.cl\\\/timeline_event\\\/coma-masivo-en-uci-pediatrica\\\/#primaryimage\",\"url\":\"https:\\\/\\\/chileentinieblas.cl\\\/wp-content\\\/uploads\\\/2026\\\/06\\\/BCO.68bdf0fc-8bc3-4a5c-a2ad-bb68521e66a8.png\",\"contentUrl\":\"https:\\\/\\\/chileentinieblas.cl\\\/wp-content\\\/uploads\\\/2026\\\/06\\\/BCO.68bdf0fc-8bc3-4a5c-a2ad-bb68521e66a8.png\",\"width\":1536,\"height\":1024},{\"@type\":\"BreadcrumbList\",\"@id\":\"https:\\\/\\\/chileentinieblas.cl\\\/timeline_event\\\/coma-masivo-en-uci-pediatrica\\\/#breadcrumb\",\"itemListElement\":[{\"@type\":\"ListItem\",\"position\":1,\"name\":\"Portada\",\"item\":\"https:\\\/\\\/chileentinieblas.cl\\\/\"},{\"@type\":\"ListItem\",\"position\":2,\"name\":\"Coma masivo en UCI pedi\u00e1trica\"}]},{\"@type\":\"WebSite\",\"@id\":\"https:\\\/\\\/chileentinieblas.cl\\\/#website\",\"url\":\"https:\\\/\\\/chileentinieblas.cl\\\/\",\"name\":\"Chile en Tinieblas\",\"description\":\"Un servidor con mesas de rol de Mundo de Tinieblas\",\"publisher\":{\"@id\":\"https:\\\/\\\/chileentinieblas.cl\\\/#organization\"},\"potentialAction\":[{\"@type\":\"SearchAction\",\"target\":{\"@type\":\"EntryPoint\",\"urlTemplate\":\"https:\\\/\\\/chileentinieblas.cl\\\/?s={search_term_string}\"},\"query-input\":{\"@type\":\"PropertyValueSpecification\",\"valueRequired\":true,\"valueName\":\"search_term_string\"}}],\"inLanguage\":\"en-US\"},{\"@type\":\"Organization\",\"@id\":\"https:\\\/\\\/chileentinieblas.cl\\\/#organization\",\"name\":\"Chile en Tinieblas\",\"url\":\"https:\\\/\\\/chileentinieblas.cl\\\/\",\"logo\":{\"@type\":\"ImageObject\",\"inLanguage\":\"en-US\",\"@id\":\"https:\\\/\\\/chileentinieblas.cl\\\/#\\\/schema\\\/logo\\\/image\\\/\",\"url\":\"https:\\\/\\\/chileentinieblas.cl\\\/wp-content\\\/uploads\\\/2021\\\/12\\\/logo-cet-claro.png\",\"contentUrl\":\"https:\\\/\\\/chileentinieblas.cl\\\/wp-content\\\/uploads\\\/2021\\\/12\\\/logo-cet-claro.png\",\"width\":1001,\"height\":1030,\"caption\":\"Chile en Tinieblas\"},\"image\":{\"@id\":\"https:\\\/\\\/chileentinieblas.cl\\\/#\\\/schema\\\/logo\\\/image\\\/\"},\"sameAs\":[\"https:\\\/\\\/www.facebook.com\\\/ChileenTinieblas\",\"https:\\\/\\\/www.instagram.com\\\/chileentinieblas\\\/\",\"https:\\\/\\\/www.youtube.com\\\/@chileentinieblas\",\"https:\\\/\\\/www.tiktok.com\\\/@chileentinieblas\"]}]}<\/script>\n<!-- \/ Yoast SEO plugin. -->","yoast_head_json":{"title":"Coma masivo en UCI pedi\u00e1trica - Chile en Tinieblas","robots":{"index":"index","follow":"follow","max-snippet":"max-snippet:-1","max-image-preview":"max-image-preview:large","max-video-preview":"max-video-preview:-1"},"canonical":"https:\/\/chileentinieblas.cl\/en\/timeline_event\/coma-masivo-en-uci-pediatrica\/","og_locale":"en_US","og_type":"article","og_title":"Coma masivo en UCI pedi\u00e1trica - Chile en Tinieblas","og_description":"Quince a veinte ni\u00f1os entran en coma simult\u00e1neamente en el Hospital Regional de Iquique.No hay causa m\u00e9dica verificable, los s\u00edntomas son id\u00e9nticos y el intervalo entre ingresos es demasiado estrecho para ser casualidad. El personal recuerda luces parpadeando, fallas el\u00e9ctricas y un silencio an\u00f3malo en el ala pedi\u00e1trica justo antes del colapso.","og_url":"https:\/\/chileentinieblas.cl\/en\/timeline_event\/coma-masivo-en-uci-pediatrica\/","og_site_name":"Chile en Tinieblas","article_publisher":"https:\/\/www.facebook.com\/ChileenTinieblas","article_modified_time":"2026-06-23T00:55:16+00:00","og_image":[{"width":1024,"height":683,"url":"https:\/\/chileentinieblas.cl\/wp-content\/uploads\/2026\/06\/BCO.68bdf0fc-8bc3-4a5c-a2ad-bb68521e66a8-1024x683.png","type":"image\/png"}],"twitter_card":"summary_large_image","twitter_misc":{"Est. reading time":"1 minute"},"schema":{"@context":"https:\/\/schema.org","@graph":[{"@type":"WebPage","@id":"https:\/\/chileentinieblas.cl\/timeline_event\/coma-masivo-en-uci-pediatrica\/","url":"https:\/\/chileentinieblas.cl\/timeline_event\/coma-masivo-en-uci-pediatrica\/","name":"Coma masivo en UCI pedi\u00e1trica - Chile en Tinieblas","isPartOf":{"@id":"https:\/\/chileentinieblas.cl\/#website"},"primaryImageOfPage":{"@id":"https:\/\/chileentinieblas.cl\/timeline_event\/coma-masivo-en-uci-pediatrica\/#primaryimage"},"image":{"@id":"https:\/\/chileentinieblas.cl\/timeline_event\/coma-masivo-en-uci-pediatrica\/#primaryimage"},"thumbnailUrl":"https:\/\/chileentinieblas.cl\/wp-content\/uploads\/2026\/06\/BCO.68bdf0fc-8bc3-4a5c-a2ad-bb68521e66a8.png","datePublished":"2026-06-23T00:55:15+00:00","dateModified":"2026-06-23T00:55:16+00:00","breadcrumb":{"@id":"https:\/\/chileentinieblas.cl\/timeline_event\/coma-masivo-en-uci-pediatrica\/#breadcrumb"},"inLanguage":"en-US","potentialAction":[{"@type":"ReadAction","target":["https:\/\/chileentinieblas.cl\/timeline_event\/coma-masivo-en-uci-pediatrica\/"]}]},{"@type":"ImageObject","inLanguage":"en-US","@id":"https:\/\/chileentinieblas.cl\/timeline_event\/coma-masivo-en-uci-pediatrica\/#primaryimage","url":"https:\/\/chileentinieblas.cl\/wp-content\/uploads\/2026\/06\/BCO.68bdf0fc-8bc3-4a5c-a2ad-bb68521e66a8.png","contentUrl":"https:\/\/chileentinieblas.cl\/wp-content\/uploads\/2026\/06\/BCO.68bdf0fc-8bc3-4a5c-a2ad-bb68521e66a8.png","width":1536,"height":1024},{"@type":"BreadcrumbList","@id":"https:\/\/chileentinieblas.cl\/timeline_event\/coma-masivo-en-uci-pediatrica\/#breadcrumb","itemListElement":[{"@type":"ListItem","position":1,"name":"Portada","item":"https:\/\/chileentinieblas.cl\/"},{"@type":"ListItem","position":2,"name":"Coma masivo en UCI pedi\u00e1trica"}]},{"@type":"WebSite","@id":"https:\/\/chileentinieblas.cl\/#website","url":"https:\/\/chileentinieblas.cl\/","name":"Chile en Tinieblas","description":"Un servidor con mesas de rol de Mundo de Tinieblas","publisher":{"@id":"https:\/\/chileentinieblas.cl\/#organization"},"potentialAction":[{"@type":"SearchAction","target":{"@type":"EntryPoint","urlTemplate":"https:\/\/chileentinieblas.cl\/?s={search_term_string}"},"query-input":{"@type":"PropertyValueSpecification","valueRequired":true,"valueName":"search_term_string"}}],"inLanguage":"en-US"},{"@type":"Organization","@id":"https:\/\/chileentinieblas.cl\/#organization","name":"Chile en Tinieblas","url":"https:\/\/chileentinieblas.cl\/","logo":{"@type":"ImageObject","inLanguage":"en-US","@id":"https:\/\/chileentinieblas.cl\/#\/schema\/logo\/image\/","url":"https:\/\/chileentinieblas.cl\/wp-content\/uploads\/2021\/12\/logo-cet-claro.png","contentUrl":"https:\/\/chileentinieblas.cl\/wp-content\/uploads\/2021\/12\/logo-cet-claro.png","width":1001,"height":1030,"caption":"Chile en Tinieblas"},"image":{"@id":"https:\/\/chileentinieblas.cl\/#\/schema\/logo\/image\/"},"sameAs":["https:\/\/www.facebook.com\/ChileenTinieblas","https:\/\/www.instagram.com\/chileentinieblas\/","https:\/\/www.youtube.com\/@chileentinieblas","https:\/\/www.tiktok.com\/@chileentinieblas"]}]}},"jetpack_sharing_enabled":true,"_links":{"self":[{"href":"https:\/\/chileentinieblas.cl\/en\/wp-json\/wp\/v2\/timeline_event\/8060","targetHints":{"allow":["GET"]}}],"collection":[{"href":"https:\/\/chileentinieblas.cl\/en\/wp-json\/wp\/v2\/timeline_event"}],"about":[{"href":"https:\/\/chileentinieblas.cl\/en\/wp-json\/wp\/v2\/types\/timeline_event"}],"author":[{"embeddable":true,"href":"https:\/\/chileentinieblas.cl\/en\/wp-json\/wp\/v2\/users\/20"}],"wp:featuredmedia":[{"embeddable":true,"href":"https:\/\/chileentinieblas.cl\/en\/wp-json\/wp\/v2\/media\/8061"}],"wp:attachment":[{"href":"https:\/\/chileentinieblas.cl\/en\/wp-json\/wp\/v2\/media?parent=8060"}],"wp:term":[{"taxonomy":"post_tag","embeddable":true,"href":"https:\/\/chileentinieblas.cl\/en\/wp-json\/wp\/v2\/tags?post=8060"},{"taxonomy":"arco","embeddable":true,"href":"https:\/\/chileentinieblas.cl\/en\/wp-json\/wp\/v2\/arco?post=8060"},{"taxonomy":"juego","embeddable":true,"href":"https:\/\/chileentinieblas.cl\/en\/wp-json\/wp\/v2\/juego?post=8060"}],"curies":[{"name":"wp","href":"https:\/\/api.w.org\/{rel}","templated":true}]}}

Coma masivo en UCI pediátrica

<p class="wp-block-paragraph">Quince a veinte niños entran en coma simultáneamente en el Hospital Regional de Iquique.<br>No hay causa médica verificable, los síntomas son idénticos y el intervalo entre ingresos es demasiado estrecho para ser casualidad.</p>



<p class="wp-block-paragraph"><br>El personal recuerda luces parpadeando, fallas eléctricas y un silencio anómalo en el ala pediátrica justo antes del colapso.</p>

<!-- This site is optimized with the Yoast SEO plugin v28.4 - https://yoast.com/product/yoast-seo-wordpress/ -->
<title>Coma masivo en UCI pediátrica - Chile en Tinieblas</title>
<meta name="robots" content="index, follow, max-snippet:-1, max-image-preview:large, max-video-preview:-1" />
<link rel="canonical" href="https://chileentinieblas.cl/en/timeline_event/coma-masivo-en-uci-pediatrica/" />
<meta property="og:locale" content="en_US" />
<meta property="og:type" content="article" />
<meta property="og:title" content="Coma masivo en UCI pediátrica - Chile en Tinieblas" />
<meta property="og:description" content="Quince a veinte niños entran en coma simultáneamente en el Hospital Regional de Iquique.No hay causa médica verificable, los síntomas son idénticos y el intervalo entre ingresos es demasiado estrecho para ser casualidad. El personal recuerda luces parpadeando, fallas eléctricas y un silencio anómalo en el ala pediátrica justo antes del colapso." />
<meta property="og:url" content="https://chileentinieblas.cl/en/timeline_event/coma-masivo-en-uci-pediatrica/" />
<meta property="og:site_name" content="Chile en Tinieblas" />
<meta property="article:publisher" content="https://www.facebook.com/ChileenTinieblas" />
<meta property="article:modified_time" content="2026-06-23T00:55:16+00:00" />
<meta property="og:image" content="https://chileentinieblas.cl/wp-content/uploads/2026/06/BCO.68bdf0fc-8bc3-4a5c-a2ad-bb68521e66a8-1024x683.png" />
	<meta property="og:image:width" content="1024" />
	<meta property="og:image:height" content="683" />
	<meta property="og:image:type" content="image/png" />
<meta name="twitter:card" content="summary_large_image" />
<meta name="twitter:label1" content="Est. reading time" />
	<meta name="twitter:data1" content="1 minute" />
<script type="application/ld+json" class="yoast-schema-graph">{"@context":"https:\/\/schema.org","@graph":[{"@type":"WebPage","@id":"https:\/\/chileentinieblas.cl\/timeline_event\/coma-masivo-en-uci-pediatrica\/","url":"https:\/\/chileentinieblas.cl\/timeline_event\/coma-masivo-en-uci-pediatrica\/","name":"Coma masivo en UCI pediátrica - Chile en Tinieblas","isPartOf":{"@id":"https:\/\/chileentinieblas.cl\/#website"},"primaryImageOfPage":{"@id":"https:\/\/chileentinieblas.cl\/timeline_event\/coma-masivo-en-uci-pediatrica\/#primaryimage"},"image":{"@id":"https:\/\/chileentinieblas.cl\/timeline_event\/coma-masivo-en-uci-pediatrica\/#primaryimage"},"thumbnailUrl":"https:\/\/chileentinieblas.cl\/wp-content\/uploads\/2026\/06\/BCO.68bdf0fc-8bc3-4a5c-a2ad-bb68521e66a8.png","datePublished":"2026-06-23T00:55:15+00:00","dateModified":"2026-06-23T00:55:16+00:00","breadcrumb":{"@id":"https:\/\/chileentinieblas.cl\/timeline_event\/coma-masivo-en-uci-pediatrica\/#breadcrumb"},"inLanguage":"en-US","potentialAction":[{"@type":"ReadAction","target":["https:\/\/chileentinieblas.cl\/timeline_event\/coma-masivo-en-uci-pediatrica\/"]}]},{"@type":"ImageObject","inLanguage":"en-US","@id":"https:\/\/chileentinieblas.cl\/timeline_event\/coma-masivo-en-uci-pediatrica\/#primaryimage","url":"https:\/\/chileentinieblas.cl\/wp-content\/uploads\/2026\/06\/BCO.68bdf0fc-8bc3-4a5c-a2ad-bb68521e66a8.png","contentUrl":"https:\/\/chileentinieblas.cl\/wp-content\/uploads\/2026\/06\/BCO.68bdf0fc-8bc3-4a5c-a2ad-bb68521e66a8.png","width":1536,"height":1024},{"@type":"BreadcrumbList","@id":"https:\/\/chileentinieblas.cl\/timeline_event\/coma-masivo-en-uci-pediatrica\/#breadcrumb","itemListElement":[{"@type":"ListItem","position":1,"name":"Portada","item":"https:\/\/chileentinieblas.cl\/"},{"@type":"ListItem","position":2,"name":"Coma masivo en UCI pediátrica"}]},{"@type":"WebSite","@id":"https:\/\/chileentinieblas.cl\/#website","url":"https:\/\/chileentinieblas.cl\/","name":"Chile en Tinieblas","description":"Un servidor con mesas de rol de Mundo de Tinieblas","publisher":{"@id":"https:\/\/chileentinieblas.cl\/#organization"},"potentialAction":[{"@type":"SearchAction","target":{"@type":"EntryPoint","urlTemplate":"https:\/\/chileentinieblas.cl\/?s={search_term_string}"},"query-input":{"@type":"PropertyValueSpecification","valueRequired":true,"valueName":"search_term_string"}}],"inLanguage":"en-US"},{"@type":"Organization","@id":"https:\/\/chileentinieblas.cl\/#organization","name":"Chile en Tinieblas","url":"https:\/\/chileentinieblas.cl\/","logo":{"@type":"ImageObject","inLanguage":"en-US","@id":"https:\/\/chileentinieblas.cl\/#\/schema\/logo\/image\/","url":"https:\/\/chileentinieblas.cl\/wp-content\/uploads\/2021\/12\/logo-cet-claro.png","contentUrl":"https:\/\/chileentinieblas.cl\/wp-content\/uploads\/2021\/12\/logo-cet-claro.png","width":1001,"height":1030,"caption":"Chile en Tinieblas"},"image":{"@id":"https:\/\/chileentinieblas.cl\/#\/schema\/logo\/image\/"},"sameAs":["https:\/\/www.facebook.com\/ChileenTinieblas","https:\/\/www.instagram.com\/chileentinieblas\/","https:\/\/www.youtube.com\/@chileentinieblas","https:\/\/www.tiktok.com\/@chileentinieblas"]}]}</script>
<!-- / Yoast SEO plugin. -->

Coma masivo en UCI pediátrica - Chile en Tinieblas

Quince a veinte niños entran en coma simultáneamente en el Hospital Regional de Iquique.No hay causa médica verificable, los síntomas son idénticos y el intervalo entre ingresos es demasiado estrecho para ser casualidad. El personal recuerda luces parpadeando, fallas eléctricas y un silencio anómalo en el ala pediátrica justo antes del colapso.
