{"id":7824,"date":"2026-03-04T23:14:48","date_gmt":"2026-03-04T23:14:48","guid":{"rendered":"https:\/\/chileentinieblas.cl\/?post_type=timeline_event&#038;p=7824"},"modified":"2026-06-23T01:07:29","modified_gmt":"2026-06-23T01:07:29","slug":"i-region-asedio-al-feudo-liam-y-la-guerra-en-el-mercado-de-iquique","status":"publish","type":"timeline_event","link":"https:\/\/chileentinieblas.cl\/en\/timeline_event\/i-region-asedio-al-feudo-liam-y-la-guerra-en-el-mercado-de-iquique\/","title":{"rendered":"I Regi\u00f3n &#8211; Asedio al Feudo Liam y la Guerra en el Mercado de Iquique"},"content":{"rendered":"<p class=\"wp-block-paragraph\">Un Thallain rompe las defensas del Feudo Liam y sumerge el lugar en oscuridad total, detonando p\u00e1nico y confusi\u00f3n entre los Kithain locales.<\/p>\n\n\n\n<p class=\"wp-block-paragraph\">El ataque obliga a Ganesh a convocar un parlamento fe\u00e9rico regional, donde se decide investigar los pilares y enviar a los involucrados en el juicio.<\/p>\n\n\n\n<p class=\"wp-block-paragraph\">La misi\u00f3n deriva en un choque directo con Thallain en el Mercado de Iquique, que termina convertido en campo de batalla.<\/p>\n\n\n\n<p class=\"wp-block-paragraph\"><\/p>","protected":false},"author":20,"featured_media":8065,"template":"","meta":{"_acf_changed":false,"inline_featured_image":false,"_monsterinsights_skip_tracking":false},"tags":[],"arco":[],"juego":[],"class_list":["post-7824","timeline_event","type-timeline_event","status-publish","has-post-thumbnail","hentry"],"acf":[],"yoast_head":"<!-- This site is optimized with the Yoast SEO plugin v28.4 - https:\/\/yoast.com\/product\/yoast-seo-wordpress\/ -->\n<title>I Regi\u00f3n - Asedio al Feudo Liam y la Guerra en el Mercado de Iquique - Chile en Tinieblas<\/title>\n<meta name=\"robots\" content=\"index, follow, max-snippet:-1, max-image-preview:large, max-video-preview:-1\" \/>\n<link rel=\"canonical\" href=\"https:\/\/chileentinieblas.cl\/en\/timeline_event\/i-region-asedio-al-feudo-liam-y-la-guerra-en-el-mercado-de-iquique\/\" \/>\n<meta property=\"og:locale\" content=\"en_US\" \/>\n<meta property=\"og:type\" content=\"article\" \/>\n<meta property=\"og:title\" content=\"I Regi\u00f3n - Asedio al Feudo Liam y la Guerra en el Mercado de Iquique - Chile en Tinieblas\" \/>\n<meta property=\"og:description\" content=\"Un Thallain rompe las defensas del Feudo Liam y sumerge el lugar en oscuridad total, detonando p\u00e1nico y confusi\u00f3n entre los Kithain locales. El ataque obliga a Ganesh a convocar un parlamento fe\u00e9rico regional, donde se decide investigar los pilares y enviar a los involucrados en el juicio. La misi\u00f3n deriva en un choque directo [&hellip;]\" \/>\n<meta property=\"og:url\" content=\"https:\/\/chileentinieblas.cl\/en\/timeline_event\/i-region-asedio-al-feudo-liam-y-la-guerra-en-el-mercado-de-iquique\/\" \/>\n<meta property=\"og:site_name\" content=\"Chile en Tinieblas\" \/>\n<meta property=\"article:publisher\" content=\"https:\/\/www.facebook.com\/ChileenTinieblas\" \/>\n<meta property=\"article:modified_time\" content=\"2026-06-23T01:07:29+00:00\" \/>\n<meta property=\"og:image\" content=\"https:\/\/chileentinieblas.cl\/wp-content\/uploads\/2026\/03\/BCO.d112a843-b98a-4627-85e8-84c6fcca8fc7-1024x683.png\" \/>\n\t<meta property=\"og:image:width\" content=\"1024\" \/>\n\t<meta property=\"og:image:height\" content=\"683\" \/>\n\t<meta property=\"og:image:type\" content=\"image\/png\" \/>\n<meta name=\"twitter:card\" content=\"summary_large_image\" \/>\n<meta name=\"twitter:label1\" content=\"Est. reading time\" \/>\n\t<meta name=\"twitter:data1\" content=\"1 minute\" \/>\n<script type=\"application\/ld+json\" class=\"yoast-schema-graph\">{\"@context\":\"https:\\\/\\\/schema.org\",\"@graph\":[{\"@type\":\"WebPage\",\"@id\":\"https:\\\/\\\/chileentinieblas.cl\\\/timeline_event\\\/i-region-asedio-al-feudo-liam-y-la-guerra-en-el-mercado-de-iquique\\\/\",\"url\":\"https:\\\/\\\/chileentinieblas.cl\\\/timeline_event\\\/i-region-asedio-al-feudo-liam-y-la-guerra-en-el-mercado-de-iquique\\\/\",\"name\":\"I Regi\u00f3n - Asedio al Feudo Liam y la Guerra en el Mercado de Iquique - Chile en Tinieblas\",\"isPartOf\":{\"@id\":\"https:\\\/\\\/chileentinieblas.cl\\\/#website\"},\"primaryImageOfPage\":{\"@id\":\"https:\\\/\\\/chileentinieblas.cl\\\/timeline_event\\\/i-region-asedio-al-feudo-liam-y-la-guerra-en-el-mercado-de-iquique\\\/#primaryimage\"},\"image\":{\"@id\":\"https:\\\/\\\/chileentinieblas.cl\\\/timeline_event\\\/i-region-asedio-al-feudo-liam-y-la-guerra-en-el-mercado-de-iquique\\\/#primaryimage\"},\"thumbnailUrl\":\"https:\\\/\\\/chileentinieblas.cl\\\/wp-content\\\/uploads\\\/2026\\\/03\\\/BCO.d112a843-b98a-4627-85e8-84c6fcca8fc7.png\",\"datePublished\":\"2026-03-04T23:14:48+00:00\",\"dateModified\":\"2026-06-23T01:07:29+00:00\",\"breadcrumb\":{\"@id\":\"https:\\\/\\\/chileentinieblas.cl\\\/timeline_event\\\/i-region-asedio-al-feudo-liam-y-la-guerra-en-el-mercado-de-iquique\\\/#breadcrumb\"},\"inLanguage\":\"en-US\",\"potentialAction\":[{\"@type\":\"ReadAction\",\"target\":[\"https:\\\/\\\/chileentinieblas.cl\\\/timeline_event\\\/i-region-asedio-al-feudo-liam-y-la-guerra-en-el-mercado-de-iquique\\\/\"]}]},{\"@type\":\"ImageObject\",\"inLanguage\":\"en-US\",\"@id\":\"https:\\\/\\\/chileentinieblas.cl\\\/timeline_event\\\/i-region-asedio-al-feudo-liam-y-la-guerra-en-el-mercado-de-iquique\\\/#primaryimage\",\"url\":\"https:\\\/\\\/chileentinieblas.cl\\\/wp-content\\\/uploads\\\/2026\\\/03\\\/BCO.d112a843-b98a-4627-85e8-84c6fcca8fc7.png\",\"contentUrl\":\"https:\\\/\\\/chileentinieblas.cl\\\/wp-content\\\/uploads\\\/2026\\\/03\\\/BCO.d112a843-b98a-4627-85e8-84c6fcca8fc7.png\",\"width\":1536,\"height\":1024},{\"@type\":\"BreadcrumbList\",\"@id\":\"https:\\\/\\\/chileentinieblas.cl\\\/timeline_event\\\/i-region-asedio-al-feudo-liam-y-la-guerra-en-el-mercado-de-iquique\\\/#breadcrumb\",\"itemListElement\":[{\"@type\":\"ListItem\",\"position\":1,\"name\":\"Portada\",\"item\":\"https:\\\/\\\/chileentinieblas.cl\\\/\"},{\"@type\":\"ListItem\",\"position\":2,\"name\":\"I Regi\u00f3n &#8211; Asedio al Feudo Liam y la Guerra en el Mercado de Iquique\"}]},{\"@type\":\"WebSite\",\"@id\":\"https:\\\/\\\/chileentinieblas.cl\\\/#website\",\"url\":\"https:\\\/\\\/chileentinieblas.cl\\\/\",\"name\":\"Chile en Tinieblas\",\"description\":\"Un servidor con mesas de rol de Mundo de Tinieblas\",\"publisher\":{\"@id\":\"https:\\\/\\\/chileentinieblas.cl\\\/#organization\"},\"potentialAction\":[{\"@type\":\"SearchAction\",\"target\":{\"@type\":\"EntryPoint\",\"urlTemplate\":\"https:\\\/\\\/chileentinieblas.cl\\\/?s={search_term_string}\"},\"query-input\":{\"@type\":\"PropertyValueSpecification\",\"valueRequired\":true,\"valueName\":\"search_term_string\"}}],\"inLanguage\":\"en-US\"},{\"@type\":\"Organization\",\"@id\":\"https:\\\/\\\/chileentinieblas.cl\\\/#organization\",\"name\":\"Chile en Tinieblas\",\"url\":\"https:\\\/\\\/chileentinieblas.cl\\\/\",\"logo\":{\"@type\":\"ImageObject\",\"inLanguage\":\"en-US\",\"@id\":\"https:\\\/\\\/chileentinieblas.cl\\\/#\\\/schema\\\/logo\\\/image\\\/\",\"url\":\"https:\\\/\\\/chileentinieblas.cl\\\/wp-content\\\/uploads\\\/2021\\\/12\\\/logo-cet-claro.png\",\"contentUrl\":\"https:\\\/\\\/chileentinieblas.cl\\\/wp-content\\\/uploads\\\/2021\\\/12\\\/logo-cet-claro.png\",\"width\":1001,\"height\":1030,\"caption\":\"Chile en Tinieblas\"},\"image\":{\"@id\":\"https:\\\/\\\/chileentinieblas.cl\\\/#\\\/schema\\\/logo\\\/image\\\/\"},\"sameAs\":[\"https:\\\/\\\/www.facebook.com\\\/ChileenTinieblas\",\"https:\\\/\\\/www.instagram.com\\\/chileentinieblas\\\/\",\"https:\\\/\\\/www.youtube.com\\\/@chileentinieblas\",\"https:\\\/\\\/www.tiktok.com\\\/@chileentinieblas\"]}]}<\/script>\n<!-- \/ Yoast SEO plugin. -->","yoast_head_json":{"title":"I Regi\u00f3n - Asedio al Feudo Liam y la Guerra en el Mercado de Iquique - Chile en Tinieblas","robots":{"index":"index","follow":"follow","max-snippet":"max-snippet:-1","max-image-preview":"max-image-preview:large","max-video-preview":"max-video-preview:-1"},"canonical":"https:\/\/chileentinieblas.cl\/en\/timeline_event\/i-region-asedio-al-feudo-liam-y-la-guerra-en-el-mercado-de-iquique\/","og_locale":"en_US","og_type":"article","og_title":"I Regi\u00f3n - Asedio al Feudo Liam y la Guerra en el Mercado de Iquique - Chile en Tinieblas","og_description":"Un Thallain rompe las defensas del Feudo Liam y sumerge el lugar en oscuridad total, detonando p\u00e1nico y confusi\u00f3n entre los Kithain locales. El ataque obliga a Ganesh a convocar un parlamento fe\u00e9rico regional, donde se decide investigar los pilares y enviar a los involucrados en el juicio. La misi\u00f3n deriva en un choque directo [&hellip;]","og_url":"https:\/\/chileentinieblas.cl\/en\/timeline_event\/i-region-asedio-al-feudo-liam-y-la-guerra-en-el-mercado-de-iquique\/","og_site_name":"Chile en Tinieblas","article_publisher":"https:\/\/www.facebook.com\/ChileenTinieblas","article_modified_time":"2026-06-23T01:07:29+00:00","og_image":[{"width":1024,"height":683,"url":"https:\/\/chileentinieblas.cl\/wp-content\/uploads\/2026\/03\/BCO.d112a843-b98a-4627-85e8-84c6fcca8fc7-1024x683.png","type":"image\/png"}],"twitter_card":"summary_large_image","twitter_misc":{"Est. reading time":"1 minute"},"schema":{"@context":"https:\/\/schema.org","@graph":[{"@type":"WebPage","@id":"https:\/\/chileentinieblas.cl\/timeline_event\/i-region-asedio-al-feudo-liam-y-la-guerra-en-el-mercado-de-iquique\/","url":"https:\/\/chileentinieblas.cl\/timeline_event\/i-region-asedio-al-feudo-liam-y-la-guerra-en-el-mercado-de-iquique\/","name":"I Regi\u00f3n - Asedio al Feudo Liam y la Guerra en el Mercado de Iquique - Chile en Tinieblas","isPartOf":{"@id":"https:\/\/chileentinieblas.cl\/#website"},"primaryImageOfPage":{"@id":"https:\/\/chileentinieblas.cl\/timeline_event\/i-region-asedio-al-feudo-liam-y-la-guerra-en-el-mercado-de-iquique\/#primaryimage"},"image":{"@id":"https:\/\/chileentinieblas.cl\/timeline_event\/i-region-asedio-al-feudo-liam-y-la-guerra-en-el-mercado-de-iquique\/#primaryimage"},"thumbnailUrl":"https:\/\/chileentinieblas.cl\/wp-content\/uploads\/2026\/03\/BCO.d112a843-b98a-4627-85e8-84c6fcca8fc7.png","datePublished":"2026-03-04T23:14:48+00:00","dateModified":"2026-06-23T01:07:29+00:00","breadcrumb":{"@id":"https:\/\/chileentinieblas.cl\/timeline_event\/i-region-asedio-al-feudo-liam-y-la-guerra-en-el-mercado-de-iquique\/#breadcrumb"},"inLanguage":"en-US","potentialAction":[{"@type":"ReadAction","target":["https:\/\/chileentinieblas.cl\/timeline_event\/i-region-asedio-al-feudo-liam-y-la-guerra-en-el-mercado-de-iquique\/"]}]},{"@type":"ImageObject","inLanguage":"en-US","@id":"https:\/\/chileentinieblas.cl\/timeline_event\/i-region-asedio-al-feudo-liam-y-la-guerra-en-el-mercado-de-iquique\/#primaryimage","url":"https:\/\/chileentinieblas.cl\/wp-content\/uploads\/2026\/03\/BCO.d112a843-b98a-4627-85e8-84c6fcca8fc7.png","contentUrl":"https:\/\/chileentinieblas.cl\/wp-content\/uploads\/2026\/03\/BCO.d112a843-b98a-4627-85e8-84c6fcca8fc7.png","width":1536,"height":1024},{"@type":"BreadcrumbList","@id":"https:\/\/chileentinieblas.cl\/timeline_event\/i-region-asedio-al-feudo-liam-y-la-guerra-en-el-mercado-de-iquique\/#breadcrumb","itemListElement":[{"@type":"ListItem","position":1,"name":"Portada","item":"https:\/\/chileentinieblas.cl\/"},{"@type":"ListItem","position":2,"name":"I Regi\u00f3n &#8211; Asedio al Feudo Liam y la Guerra en el Mercado de Iquique"}]},{"@type":"WebSite","@id":"https:\/\/chileentinieblas.cl\/#website","url":"https:\/\/chileentinieblas.cl\/","name":"Chile en Tinieblas","description":"Un servidor con mesas de rol de Mundo de Tinieblas","publisher":{"@id":"https:\/\/chileentinieblas.cl\/#organization"},"potentialAction":[{"@type":"SearchAction","target":{"@type":"EntryPoint","urlTemplate":"https:\/\/chileentinieblas.cl\/?s={search_term_string}"},"query-input":{"@type":"PropertyValueSpecification","valueRequired":true,"valueName":"search_term_string"}}],"inLanguage":"en-US"},{"@type":"Organization","@id":"https:\/\/chileentinieblas.cl\/#organization","name":"Chile en Tinieblas","url":"https:\/\/chileentinieblas.cl\/","logo":{"@type":"ImageObject","inLanguage":"en-US","@id":"https:\/\/chileentinieblas.cl\/#\/schema\/logo\/image\/","url":"https:\/\/chileentinieblas.cl\/wp-content\/uploads\/2021\/12\/logo-cet-claro.png","contentUrl":"https:\/\/chileentinieblas.cl\/wp-content\/uploads\/2021\/12\/logo-cet-claro.png","width":1001,"height":1030,"caption":"Chile en Tinieblas"},"image":{"@id":"https:\/\/chileentinieblas.cl\/#\/schema\/logo\/image\/"},"sameAs":["https:\/\/www.facebook.com\/ChileenTinieblas","https:\/\/www.instagram.com\/chileentinieblas\/","https:\/\/www.youtube.com\/@chileentinieblas","https:\/\/www.tiktok.com\/@chileentinieblas"]}]}},"jetpack_sharing_enabled":true,"_links":{"self":[{"href":"https:\/\/chileentinieblas.cl\/en\/wp-json\/wp\/v2\/timeline_event\/7824","targetHints":{"allow":["GET"]}}],"collection":[{"href":"https:\/\/chileentinieblas.cl\/en\/wp-json\/wp\/v2\/timeline_event"}],"about":[{"href":"https:\/\/chileentinieblas.cl\/en\/wp-json\/wp\/v2\/types\/timeline_event"}],"author":[{"embeddable":true,"href":"https:\/\/chileentinieblas.cl\/en\/wp-json\/wp\/v2\/users\/20"}],"wp:featuredmedia":[{"embeddable":true,"href":"https:\/\/chileentinieblas.cl\/en\/wp-json\/wp\/v2\/media\/8065"}],"wp:attachment":[{"href":"https:\/\/chileentinieblas.cl\/en\/wp-json\/wp\/v2\/media?parent=7824"}],"wp:term":[{"taxonomy":"post_tag","embeddable":true,"href":"https:\/\/chileentinieblas.cl\/en\/wp-json\/wp\/v2\/tags?post=7824"},{"taxonomy":"arco","embeddable":true,"href":"https:\/\/chileentinieblas.cl\/en\/wp-json\/wp\/v2\/arco?post=7824"},{"taxonomy":"juego","embeddable":true,"href":"https:\/\/chileentinieblas.cl\/en\/wp-json\/wp\/v2\/juego?post=7824"}],"curies":[{"name":"wp","href":"https:\/\/api.w.org\/{rel}","templated":true}]}}

I Región &#8211; Asedio al Feudo Liam y la Guerra en el Mercado de Iquique

<p class="wp-block-paragraph">Un Thallain rompe las defensas del Feudo Liam y sumerge el lugar en oscuridad total, detonando pánico y confusión entre los Kithain locales.</p>



<p class="wp-block-paragraph">El ataque obliga a Ganesh a convocar un parlamento feérico regional, donde se decide investigar los pilares y enviar a los involucrados en el juicio.</p>



<p class="wp-block-paragraph">La misión deriva en un choque directo con Thallain en el Mercado de Iquique, que termina convertido en campo de batalla.</p>



<p class="wp-block-paragraph"></p>

<!-- This site is optimized with the Yoast SEO plugin v28.4 - https://yoast.com/product/yoast-seo-wordpress/ -->
<title>I Región - Asedio al Feudo Liam y la Guerra en el Mercado de Iquique - Chile en Tinieblas</title>
<meta name="robots" content="index, follow, max-snippet:-1, max-image-preview:large, max-video-preview:-1" />
<link rel="canonical" href="https://chileentinieblas.cl/en/timeline_event/i-region-asedio-al-feudo-liam-y-la-guerra-en-el-mercado-de-iquique/" />
<meta property="og:locale" content="en_US" />
<meta property="og:type" content="article" />
<meta property="og:title" content="I Región - Asedio al Feudo Liam y la Guerra en el Mercado de Iquique - Chile en Tinieblas" />
<meta property="og:description" content="Un Thallain rompe las defensas del Feudo Liam y sumerge el lugar en oscuridad total, detonando pánico y confusión entre los Kithain locales. El ataque obliga a Ganesh a convocar un parlamento feérico regional, donde se decide investigar los pilares y enviar a los involucrados en el juicio. La misión deriva en un choque directo [&hellip;]" />
<meta property="og:url" content="https://chileentinieblas.cl/en/timeline_event/i-region-asedio-al-feudo-liam-y-la-guerra-en-el-mercado-de-iquique/" />
<meta property="og:site_name" content="Chile en Tinieblas" />
<meta property="article:publisher" content="https://www.facebook.com/ChileenTinieblas" />
<meta property="article:modified_time" content="2026-06-23T01:07:29+00:00" />
<meta property="og:image" content="https://chileentinieblas.cl/wp-content/uploads/2026/03/BCO.d112a843-b98a-4627-85e8-84c6fcca8fc7-1024x683.png" />
	<meta property="og:image:width" content="1024" />
	<meta property="og:image:height" content="683" />
	<meta property="og:image:type" content="image/png" />
<meta name="twitter:card" content="summary_large_image" />
<meta name="twitter:label1" content="Est. reading time" />
	<meta name="twitter:data1" content="1 minute" />
<script type="application/ld+json" class="yoast-schema-graph">{"@context":"https:\/\/schema.org","@graph":[{"@type":"WebPage","@id":"https:\/\/chileentinieblas.cl\/timeline_event\/i-region-asedio-al-feudo-liam-y-la-guerra-en-el-mercado-de-iquique\/","url":"https:\/\/chileentinieblas.cl\/timeline_event\/i-region-asedio-al-feudo-liam-y-la-guerra-en-el-mercado-de-iquique\/","name":"I Región - Asedio al Feudo Liam y la Guerra en el Mercado de Iquique - Chile en Tinieblas","isPartOf":{"@id":"https:\/\/chileentinieblas.cl\/#website"},"primaryImageOfPage":{"@id":"https:\/\/chileentinieblas.cl\/timeline_event\/i-region-asedio-al-feudo-liam-y-la-guerra-en-el-mercado-de-iquique\/#primaryimage"},"image":{"@id":"https:\/\/chileentinieblas.cl\/timeline_event\/i-region-asedio-al-feudo-liam-y-la-guerra-en-el-mercado-de-iquique\/#primaryimage"},"thumbnailUrl":"https:\/\/chileentinieblas.cl\/wp-content\/uploads\/2026\/03\/BCO.d112a843-b98a-4627-85e8-84c6fcca8fc7.png","datePublished":"2026-03-04T23:14:48+00:00","dateModified":"2026-06-23T01:07:29+00:00","breadcrumb":{"@id":"https:\/\/chileentinieblas.cl\/timeline_event\/i-region-asedio-al-feudo-liam-y-la-guerra-en-el-mercado-de-iquique\/#breadcrumb"},"inLanguage":"en-US","potentialAction":[{"@type":"ReadAction","target":["https:\/\/chileentinieblas.cl\/timeline_event\/i-region-asedio-al-feudo-liam-y-la-guerra-en-el-mercado-de-iquique\/"]}]},{"@type":"ImageObject","inLanguage":"en-US","@id":"https:\/\/chileentinieblas.cl\/timeline_event\/i-region-asedio-al-feudo-liam-y-la-guerra-en-el-mercado-de-iquique\/#primaryimage","url":"https:\/\/chileentinieblas.cl\/wp-content\/uploads\/2026\/03\/BCO.d112a843-b98a-4627-85e8-84c6fcca8fc7.png","contentUrl":"https:\/\/chileentinieblas.cl\/wp-content\/uploads\/2026\/03\/BCO.d112a843-b98a-4627-85e8-84c6fcca8fc7.png","width":1536,"height":1024},{"@type":"BreadcrumbList","@id":"https:\/\/chileentinieblas.cl\/timeline_event\/i-region-asedio-al-feudo-liam-y-la-guerra-en-el-mercado-de-iquique\/#breadcrumb","itemListElement":[{"@type":"ListItem","position":1,"name":"Portada","item":"https:\/\/chileentinieblas.cl\/"},{"@type":"ListItem","position":2,"name":"I Región &#8211; Asedio al Feudo Liam y la Guerra en el Mercado de Iquique"}]},{"@type":"WebSite","@id":"https:\/\/chileentinieblas.cl\/#website","url":"https:\/\/chileentinieblas.cl\/","name":"Chile en Tinieblas","description":"Un servidor con mesas de rol de Mundo de Tinieblas","publisher":{"@id":"https:\/\/chileentinieblas.cl\/#organization"},"potentialAction":[{"@type":"SearchAction","target":{"@type":"EntryPoint","urlTemplate":"https:\/\/chileentinieblas.cl\/?s={search_term_string}"},"query-input":{"@type":"PropertyValueSpecification","valueRequired":true,"valueName":"search_term_string"}}],"inLanguage":"en-US"},{"@type":"Organization","@id":"https:\/\/chileentinieblas.cl\/#organization","name":"Chile en Tinieblas","url":"https:\/\/chileentinieblas.cl\/","logo":{"@type":"ImageObject","inLanguage":"en-US","@id":"https:\/\/chileentinieblas.cl\/#\/schema\/logo\/image\/","url":"https:\/\/chileentinieblas.cl\/wp-content\/uploads\/2021\/12\/logo-cet-claro.png","contentUrl":"https:\/\/chileentinieblas.cl\/wp-content\/uploads\/2021\/12\/logo-cet-claro.png","width":1001,"height":1030,"caption":"Chile en Tinieblas"},"image":{"@id":"https:\/\/chileentinieblas.cl\/#\/schema\/logo\/image\/"},"sameAs":["https:\/\/www.facebook.com\/ChileenTinieblas","https:\/\/www.instagram.com\/chileentinieblas\/","https:\/\/www.youtube.com\/@chileentinieblas","https:\/\/www.tiktok.com\/@chileentinieblas"]}]}</script>
<!-- / Yoast SEO plugin. -->

I Región - Asedio al Feudo Liam y la Guerra en el Mercado de Iquique - Chile en Tinieblas

Un Thallain rompe las defensas del Feudo Liam y sumerge el lugar en oscuridad total, detonando pánico y confusión entre los Kithain locales. El ataque obliga a Ganesh a convocar un parlamento feérico regional, donde se decide investigar los pilares y enviar a los involucrados en el juicio. La misión deriva en un choque directo [&hellip;]
