{"id":7823,"date":"2026-03-04T23:05:09","date_gmt":"2026-03-04T23:05:09","guid":{"rendered":"https:\/\/chileentinieblas.cl\/?post_type=timeline_event&#038;p=7823"},"modified":"2026-03-04T23:05:09","modified_gmt":"2026-03-04T23:05:09","slug":"v-region-ruptura-de-las-nieblas","status":"publish","type":"timeline_event","link":"https:\/\/chileentinieblas.cl\/en\/timeline_event\/v-region-ruptura-de-las-nieblas\/","title":{"rendered":"V Regi\u00f3n &#8211; Ruptura de las Nieblas"},"content":{"rendered":"<p class=\"wp-block-paragraph\">Revisar: <a href=\"https:\/\/chileentinieblas.cl\/en\/ecos-de-un-pacto-olvidado\/\">https:\/\/chileentinieblas.cl\/ecos-de-un-pacto-olvidado\/<\/a><\/p>\n\n\n\n<p class=\"wp-block-paragraph\">Lo que ocurri\u00f3: Usando el ritual del ponche de los 7 colores, Tegwyll y Veskern rompen las nieblas tras previo acuerdo con Diablillo para demostrar la grandeza del sue\u00f1o fomoriano. Ser\u00eda el primer gran paso para el Largo Halloween y una demostraci\u00f3n de poder hacia la SON y el resto de las regiones.<\/p>\n\n\n\n<p class=\"wp-block-paragraph\">La SON no solamente est\u00e1 en la capital, sino a lo largo de Chile<\/p>\n\n\n\n<p class=\"wp-block-paragraph\"><\/p>","protected":false},"author":20,"featured_media":7101,"template":"","meta":{"_acf_changed":true,"inline_featured_image":false,"_monsterinsights_skip_tracking":false},"tags":[],"arco":[],"juego":[],"class_list":["post-7823","timeline_event","type-timeline_event","status-publish","has-post-thumbnail","hentry"],"acf":[],"yoast_head":"<!-- This site is optimized with the Yoast SEO plugin v28.4 - https:\/\/yoast.com\/product\/yoast-seo-wordpress\/ -->\n<title>V Regi\u00f3n - Ruptura de las Nieblas - Chile en Tinieblas<\/title>\n<meta name=\"robots\" content=\"index, follow, max-snippet:-1, max-image-preview:large, max-video-preview:-1\" \/>\n<link rel=\"canonical\" href=\"https:\/\/chileentinieblas.cl\/en\/timeline_event\/v-region-ruptura-de-las-nieblas\/\" \/>\n<meta property=\"og:locale\" content=\"en_US\" \/>\n<meta property=\"og:type\" content=\"article\" \/>\n<meta property=\"og:title\" content=\"V Regi\u00f3n - Ruptura de las Nieblas - Chile en Tinieblas\" \/>\n<meta property=\"og:description\" content=\"Revisar: https:\/\/chileentinieblas.cl\/ecos-de-un-pacto-olvidado\/ Lo que ocurri\u00f3: Usando el ritual del ponche de los 7 colores, Tegwyll y Veskern rompen las nieblas tras previo acuerdo con Diablillo para demostrar la grandeza del sue\u00f1o fomoriano. Ser\u00eda el primer gran paso para el Largo Halloween y una demostraci\u00f3n de poder hacia la SON y el resto de las regiones. [&hellip;]\" \/>\n<meta property=\"og:url\" content=\"https:\/\/chileentinieblas.cl\/en\/timeline_event\/v-region-ruptura-de-las-nieblas\/\" \/>\n<meta property=\"og:site_name\" content=\"Chile en Tinieblas\" \/>\n<meta property=\"article:publisher\" content=\"https:\/\/www.facebook.com\/ChileenTinieblas\" \/>\n<meta property=\"og:image\" content=\"https:\/\/chileentinieblas.cl\/wp-content\/uploads\/2025\/10\/20251028_2204_Batalla-bajo-Luna-Roja_remix_01k8pqsvgnephv6f41d0n2tarx-1024x683.png\" \/>\n\t<meta property=\"og:image:width\" content=\"1024\" \/>\n\t<meta property=\"og:image:height\" content=\"683\" \/>\n\t<meta property=\"og:image:type\" content=\"image\/png\" \/>\n<meta name=\"twitter:card\" content=\"summary_large_image\" \/>\n<meta name=\"twitter:label1\" content=\"Est. reading time\" \/>\n\t<meta name=\"twitter:data1\" content=\"1 minute\" \/>\n<script type=\"application\/ld+json\" class=\"yoast-schema-graph\">{\"@context\":\"https:\\\/\\\/schema.org\",\"@graph\":[{\"@type\":\"WebPage\",\"@id\":\"https:\\\/\\\/chileentinieblas.cl\\\/timeline_event\\\/v-region-ruptura-de-las-nieblas\\\/\",\"url\":\"https:\\\/\\\/chileentinieblas.cl\\\/timeline_event\\\/v-region-ruptura-de-las-nieblas\\\/\",\"name\":\"V Regi\u00f3n - Ruptura de las Nieblas - Chile en Tinieblas\",\"isPartOf\":{\"@id\":\"https:\\\/\\\/chileentinieblas.cl\\\/#website\"},\"primaryImageOfPage\":{\"@id\":\"https:\\\/\\\/chileentinieblas.cl\\\/timeline_event\\\/v-region-ruptura-de-las-nieblas\\\/#primaryimage\"},\"image\":{\"@id\":\"https:\\\/\\\/chileentinieblas.cl\\\/timeline_event\\\/v-region-ruptura-de-las-nieblas\\\/#primaryimage\"},\"thumbnailUrl\":\"https:\\\/\\\/chileentinieblas.cl\\\/wp-content\\\/uploads\\\/2025\\\/10\\\/20251028_2204_Batalla-bajo-Luna-Roja_remix_01k8pqsvgnephv6f41d0n2tarx.png\",\"datePublished\":\"2026-03-04T23:05:09+00:00\",\"breadcrumb\":{\"@id\":\"https:\\\/\\\/chileentinieblas.cl\\\/timeline_event\\\/v-region-ruptura-de-las-nieblas\\\/#breadcrumb\"},\"inLanguage\":\"en-US\",\"potentialAction\":[{\"@type\":\"ReadAction\",\"target\":[\"https:\\\/\\\/chileentinieblas.cl\\\/timeline_event\\\/v-region-ruptura-de-las-nieblas\\\/\"]}]},{\"@type\":\"ImageObject\",\"inLanguage\":\"en-US\",\"@id\":\"https:\\\/\\\/chileentinieblas.cl\\\/timeline_event\\\/v-region-ruptura-de-las-nieblas\\\/#primaryimage\",\"url\":\"https:\\\/\\\/chileentinieblas.cl\\\/wp-content\\\/uploads\\\/2025\\\/10\\\/20251028_2204_Batalla-bajo-Luna-Roja_remix_01k8pqsvgnephv6f41d0n2tarx.png\",\"contentUrl\":\"https:\\\/\\\/chileentinieblas.cl\\\/wp-content\\\/uploads\\\/2025\\\/10\\\/20251028_2204_Batalla-bajo-Luna-Roja_remix_01k8pqsvgnephv6f41d0n2tarx.png\",\"width\":1536,\"height\":1024},{\"@type\":\"BreadcrumbList\",\"@id\":\"https:\\\/\\\/chileentinieblas.cl\\\/timeline_event\\\/v-region-ruptura-de-las-nieblas\\\/#breadcrumb\",\"itemListElement\":[{\"@type\":\"ListItem\",\"position\":1,\"name\":\"Portada\",\"item\":\"https:\\\/\\\/chileentinieblas.cl\\\/\"},{\"@type\":\"ListItem\",\"position\":2,\"name\":\"V Regi\u00f3n &#8211; Ruptura de las Nieblas\"}]},{\"@type\":\"WebSite\",\"@id\":\"https:\\\/\\\/chileentinieblas.cl\\\/#website\",\"url\":\"https:\\\/\\\/chileentinieblas.cl\\\/\",\"name\":\"Chile en Tinieblas\",\"description\":\"Un servidor con mesas de rol de Mundo de Tinieblas\",\"publisher\":{\"@id\":\"https:\\\/\\\/chileentinieblas.cl\\\/#organization\"},\"potentialAction\":[{\"@type\":\"SearchAction\",\"target\":{\"@type\":\"EntryPoint\",\"urlTemplate\":\"https:\\\/\\\/chileentinieblas.cl\\\/?s={search_term_string}\"},\"query-input\":{\"@type\":\"PropertyValueSpecification\",\"valueRequired\":true,\"valueName\":\"search_term_string\"}}],\"inLanguage\":\"en-US\"},{\"@type\":\"Organization\",\"@id\":\"https:\\\/\\\/chileentinieblas.cl\\\/#organization\",\"name\":\"Chile en Tinieblas\",\"url\":\"https:\\\/\\\/chileentinieblas.cl\\\/\",\"logo\":{\"@type\":\"ImageObject\",\"inLanguage\":\"en-US\",\"@id\":\"https:\\\/\\\/chileentinieblas.cl\\\/#\\\/schema\\\/logo\\\/image\\\/\",\"url\":\"https:\\\/\\\/chileentinieblas.cl\\\/wp-content\\\/uploads\\\/2021\\\/12\\\/logo-cet-claro.png\",\"contentUrl\":\"https:\\\/\\\/chileentinieblas.cl\\\/wp-content\\\/uploads\\\/2021\\\/12\\\/logo-cet-claro.png\",\"width\":1001,\"height\":1030,\"caption\":\"Chile en Tinieblas\"},\"image\":{\"@id\":\"https:\\\/\\\/chileentinieblas.cl\\\/#\\\/schema\\\/logo\\\/image\\\/\"},\"sameAs\":[\"https:\\\/\\\/www.facebook.com\\\/ChileenTinieblas\",\"https:\\\/\\\/www.instagram.com\\\/chileentinieblas\\\/\",\"https:\\\/\\\/www.youtube.com\\\/@chileentinieblas\",\"https:\\\/\\\/www.tiktok.com\\\/@chileentinieblas\"]}]}<\/script>\n<!-- \/ Yoast SEO plugin. -->","yoast_head_json":{"title":"V Regi\u00f3n - Ruptura de las Nieblas - Chile en Tinieblas","robots":{"index":"index","follow":"follow","max-snippet":"max-snippet:-1","max-image-preview":"max-image-preview:large","max-video-preview":"max-video-preview:-1"},"canonical":"https:\/\/chileentinieblas.cl\/en\/timeline_event\/v-region-ruptura-de-las-nieblas\/","og_locale":"en_US","og_type":"article","og_title":"V Regi\u00f3n - Ruptura de las Nieblas - Chile en Tinieblas","og_description":"Revisar: https:\/\/chileentinieblas.cl\/ecos-de-un-pacto-olvidado\/ Lo que ocurri\u00f3: Usando el ritual del ponche de los 7 colores, Tegwyll y Veskern rompen las nieblas tras previo acuerdo con Diablillo para demostrar la grandeza del sue\u00f1o fomoriano. Ser\u00eda el primer gran paso para el Largo Halloween y una demostraci\u00f3n de poder hacia la SON y el resto de las regiones. [&hellip;]","og_url":"https:\/\/chileentinieblas.cl\/en\/timeline_event\/v-region-ruptura-de-las-nieblas\/","og_site_name":"Chile en Tinieblas","article_publisher":"https:\/\/www.facebook.com\/ChileenTinieblas","og_image":[{"width":1024,"height":683,"url":"https:\/\/chileentinieblas.cl\/wp-content\/uploads\/2025\/10\/20251028_2204_Batalla-bajo-Luna-Roja_remix_01k8pqsvgnephv6f41d0n2tarx-1024x683.png","type":"image\/png"}],"twitter_card":"summary_large_image","twitter_misc":{"Est. reading time":"1 minute"},"schema":{"@context":"https:\/\/schema.org","@graph":[{"@type":"WebPage","@id":"https:\/\/chileentinieblas.cl\/timeline_event\/v-region-ruptura-de-las-nieblas\/","url":"https:\/\/chileentinieblas.cl\/timeline_event\/v-region-ruptura-de-las-nieblas\/","name":"V Regi\u00f3n - Ruptura de las Nieblas - Chile en Tinieblas","isPartOf":{"@id":"https:\/\/chileentinieblas.cl\/#website"},"primaryImageOfPage":{"@id":"https:\/\/chileentinieblas.cl\/timeline_event\/v-region-ruptura-de-las-nieblas\/#primaryimage"},"image":{"@id":"https:\/\/chileentinieblas.cl\/timeline_event\/v-region-ruptura-de-las-nieblas\/#primaryimage"},"thumbnailUrl":"https:\/\/chileentinieblas.cl\/wp-content\/uploads\/2025\/10\/20251028_2204_Batalla-bajo-Luna-Roja_remix_01k8pqsvgnephv6f41d0n2tarx.png","datePublished":"2026-03-04T23:05:09+00:00","breadcrumb":{"@id":"https:\/\/chileentinieblas.cl\/timeline_event\/v-region-ruptura-de-las-nieblas\/#breadcrumb"},"inLanguage":"en-US","potentialAction":[{"@type":"ReadAction","target":["https:\/\/chileentinieblas.cl\/timeline_event\/v-region-ruptura-de-las-nieblas\/"]}]},{"@type":"ImageObject","inLanguage":"en-US","@id":"https:\/\/chileentinieblas.cl\/timeline_event\/v-region-ruptura-de-las-nieblas\/#primaryimage","url":"https:\/\/chileentinieblas.cl\/wp-content\/uploads\/2025\/10\/20251028_2204_Batalla-bajo-Luna-Roja_remix_01k8pqsvgnephv6f41d0n2tarx.png","contentUrl":"https:\/\/chileentinieblas.cl\/wp-content\/uploads\/2025\/10\/20251028_2204_Batalla-bajo-Luna-Roja_remix_01k8pqsvgnephv6f41d0n2tarx.png","width":1536,"height":1024},{"@type":"BreadcrumbList","@id":"https:\/\/chileentinieblas.cl\/timeline_event\/v-region-ruptura-de-las-nieblas\/#breadcrumb","itemListElement":[{"@type":"ListItem","position":1,"name":"Portada","item":"https:\/\/chileentinieblas.cl\/"},{"@type":"ListItem","position":2,"name":"V Regi\u00f3n &#8211; Ruptura de las Nieblas"}]},{"@type":"WebSite","@id":"https:\/\/chileentinieblas.cl\/#website","url":"https:\/\/chileentinieblas.cl\/","name":"Chile en Tinieblas","description":"Un servidor con mesas de rol de Mundo de Tinieblas","publisher":{"@id":"https:\/\/chileentinieblas.cl\/#organization"},"potentialAction":[{"@type":"SearchAction","target":{"@type":"EntryPoint","urlTemplate":"https:\/\/chileentinieblas.cl\/?s={search_term_string}"},"query-input":{"@type":"PropertyValueSpecification","valueRequired":true,"valueName":"search_term_string"}}],"inLanguage":"en-US"},{"@type":"Organization","@id":"https:\/\/chileentinieblas.cl\/#organization","name":"Chile en Tinieblas","url":"https:\/\/chileentinieblas.cl\/","logo":{"@type":"ImageObject","inLanguage":"en-US","@id":"https:\/\/chileentinieblas.cl\/#\/schema\/logo\/image\/","url":"https:\/\/chileentinieblas.cl\/wp-content\/uploads\/2021\/12\/logo-cet-claro.png","contentUrl":"https:\/\/chileentinieblas.cl\/wp-content\/uploads\/2021\/12\/logo-cet-claro.png","width":1001,"height":1030,"caption":"Chile en Tinieblas"},"image":{"@id":"https:\/\/chileentinieblas.cl\/#\/schema\/logo\/image\/"},"sameAs":["https:\/\/www.facebook.com\/ChileenTinieblas","https:\/\/www.instagram.com\/chileentinieblas\/","https:\/\/www.youtube.com\/@chileentinieblas","https:\/\/www.tiktok.com\/@chileentinieblas"]}]}},"jetpack_sharing_enabled":true,"_links":{"self":[{"href":"https:\/\/chileentinieblas.cl\/en\/wp-json\/wp\/v2\/timeline_event\/7823","targetHints":{"allow":["GET"]}}],"collection":[{"href":"https:\/\/chileentinieblas.cl\/en\/wp-json\/wp\/v2\/timeline_event"}],"about":[{"href":"https:\/\/chileentinieblas.cl\/en\/wp-json\/wp\/v2\/types\/timeline_event"}],"author":[{"embeddable":true,"href":"https:\/\/chileentinieblas.cl\/en\/wp-json\/wp\/v2\/users\/20"}],"wp:featuredmedia":[{"embeddable":true,"href":"https:\/\/chileentinieblas.cl\/en\/wp-json\/wp\/v2\/media\/7101"}],"wp:attachment":[{"href":"https:\/\/chileentinieblas.cl\/en\/wp-json\/wp\/v2\/media?parent=7823"}],"wp:term":[{"taxonomy":"post_tag","embeddable":true,"href":"https:\/\/chileentinieblas.cl\/en\/wp-json\/wp\/v2\/tags?post=7823"},{"taxonomy":"arco","embeddable":true,"href":"https:\/\/chileentinieblas.cl\/en\/wp-json\/wp\/v2\/arco?post=7823"},{"taxonomy":"juego","embeddable":true,"href":"https:\/\/chileentinieblas.cl\/en\/wp-json\/wp\/v2\/juego?post=7823"}],"curies":[{"name":"wp","href":"https:\/\/api.w.org\/{rel}","templated":true}]}}

V Región &#8211; Ruptura de las Nieblas

<p class="wp-block-paragraph">Revisar: <a href="https://chileentinieblas.cl/en/ecos-de-un-pacto-olvidado/">https://chileentinieblas.cl/ecos-de-un-pacto-olvidado/</a></p>



<p class="wp-block-paragraph">Lo que ocurrió: Usando el ritual del ponche de los 7 colores, Tegwyll y Veskern rompen las nieblas tras previo acuerdo con Diablillo para demostrar la grandeza del sueño fomoriano. Sería el primer gran paso para el Largo Halloween y una demostración de poder hacia la SON y el resto de las regiones.</p>



<p class="wp-block-paragraph">La SON no solamente está en la capital, sino a lo largo de Chile</p>



<p class="wp-block-paragraph"></p>

<!-- This site is optimized with the Yoast SEO plugin v28.4 - https://yoast.com/product/yoast-seo-wordpress/ -->
<title>V Región - Ruptura de las Nieblas - Chile en Tinieblas</title>
<meta name="robots" content="index, follow, max-snippet:-1, max-image-preview:large, max-video-preview:-1" />
<link rel="canonical" href="https://chileentinieblas.cl/en/timeline_event/v-region-ruptura-de-las-nieblas/" />
<meta property="og:locale" content="en_US" />
<meta property="og:type" content="article" />
<meta property="og:title" content="V Región - Ruptura de las Nieblas - Chile en Tinieblas" />
<meta property="og:description" content="Revisar: https://chileentinieblas.cl/ecos-de-un-pacto-olvidado/ Lo que ocurrió: Usando el ritual del ponche de los 7 colores, Tegwyll y Veskern rompen las nieblas tras previo acuerdo con Diablillo para demostrar la grandeza del sueño fomoriano. Sería el primer gran paso para el Largo Halloween y una demostración de poder hacia la SON y el resto de las regiones. [&hellip;]" />
<meta property="og:url" content="https://chileentinieblas.cl/en/timeline_event/v-region-ruptura-de-las-nieblas/" />
<meta property="og:site_name" content="Chile en Tinieblas" />
<meta property="article:publisher" content="https://www.facebook.com/ChileenTinieblas" />
<meta property="og:image" content="https://chileentinieblas.cl/wp-content/uploads/2025/10/20251028_2204_Batalla-bajo-Luna-Roja_remix_01k8pqsvgnephv6f41d0n2tarx-1024x683.png" />
	<meta property="og:image:width" content="1024" />
	<meta property="og:image:height" content="683" />
	<meta property="og:image:type" content="image/png" />
<meta name="twitter:card" content="summary_large_image" />
<meta name="twitter:label1" content="Est. reading time" />
	<meta name="twitter:data1" content="1 minute" />
<script type="application/ld+json" class="yoast-schema-graph">{"@context":"https:\/\/schema.org","@graph":[{"@type":"WebPage","@id":"https:\/\/chileentinieblas.cl\/timeline_event\/v-region-ruptura-de-las-nieblas\/","url":"https:\/\/chileentinieblas.cl\/timeline_event\/v-region-ruptura-de-las-nieblas\/","name":"V Región - Ruptura de las Nieblas - Chile en Tinieblas","isPartOf":{"@id":"https:\/\/chileentinieblas.cl\/#website"},"primaryImageOfPage":{"@id":"https:\/\/chileentinieblas.cl\/timeline_event\/v-region-ruptura-de-las-nieblas\/#primaryimage"},"image":{"@id":"https:\/\/chileentinieblas.cl\/timeline_event\/v-region-ruptura-de-las-nieblas\/#primaryimage"},"thumbnailUrl":"https:\/\/chileentinieblas.cl\/wp-content\/uploads\/2025\/10\/20251028_2204_Batalla-bajo-Luna-Roja_remix_01k8pqsvgnephv6f41d0n2tarx.png","datePublished":"2026-03-04T23:05:09+00:00","breadcrumb":{"@id":"https:\/\/chileentinieblas.cl\/timeline_event\/v-region-ruptura-de-las-nieblas\/#breadcrumb"},"inLanguage":"en-US","potentialAction":[{"@type":"ReadAction","target":["https:\/\/chileentinieblas.cl\/timeline_event\/v-region-ruptura-de-las-nieblas\/"]}]},{"@type":"ImageObject","inLanguage":"en-US","@id":"https:\/\/chileentinieblas.cl\/timeline_event\/v-region-ruptura-de-las-nieblas\/#primaryimage","url":"https:\/\/chileentinieblas.cl\/wp-content\/uploads\/2025\/10\/20251028_2204_Batalla-bajo-Luna-Roja_remix_01k8pqsvgnephv6f41d0n2tarx.png","contentUrl":"https:\/\/chileentinieblas.cl\/wp-content\/uploads\/2025\/10\/20251028_2204_Batalla-bajo-Luna-Roja_remix_01k8pqsvgnephv6f41d0n2tarx.png","width":1536,"height":1024},{"@type":"BreadcrumbList","@id":"https:\/\/chileentinieblas.cl\/timeline_event\/v-region-ruptura-de-las-nieblas\/#breadcrumb","itemListElement":[{"@type":"ListItem","position":1,"name":"Portada","item":"https:\/\/chileentinieblas.cl\/"},{"@type":"ListItem","position":2,"name":"V Región &#8211; Ruptura de las Nieblas"}]},{"@type":"WebSite","@id":"https:\/\/chileentinieblas.cl\/#website","url":"https:\/\/chileentinieblas.cl\/","name":"Chile en Tinieblas","description":"Un servidor con mesas de rol de Mundo de Tinieblas","publisher":{"@id":"https:\/\/chileentinieblas.cl\/#organization"},"potentialAction":[{"@type":"SearchAction","target":{"@type":"EntryPoint","urlTemplate":"https:\/\/chileentinieblas.cl\/?s={search_term_string}"},"query-input":{"@type":"PropertyValueSpecification","valueRequired":true,"valueName":"search_term_string"}}],"inLanguage":"en-US"},{"@type":"Organization","@id":"https:\/\/chileentinieblas.cl\/#organization","name":"Chile en Tinieblas","url":"https:\/\/chileentinieblas.cl\/","logo":{"@type":"ImageObject","inLanguage":"en-US","@id":"https:\/\/chileentinieblas.cl\/#\/schema\/logo\/image\/","url":"https:\/\/chileentinieblas.cl\/wp-content\/uploads\/2021\/12\/logo-cet-claro.png","contentUrl":"https:\/\/chileentinieblas.cl\/wp-content\/uploads\/2021\/12\/logo-cet-claro.png","width":1001,"height":1030,"caption":"Chile en Tinieblas"},"image":{"@id":"https:\/\/chileentinieblas.cl\/#\/schema\/logo\/image\/"},"sameAs":["https:\/\/www.facebook.com\/ChileenTinieblas","https:\/\/www.instagram.com\/chileentinieblas\/","https:\/\/www.youtube.com\/@chileentinieblas","https:\/\/www.tiktok.com\/@chileentinieblas"]}]}</script>
<!-- / Yoast SEO plugin. -->

V Región - Ruptura de las Nieblas - Chile en Tinieblas

Revisar: https://chileentinieblas.cl/ecos-de-un-pacto-olvidado/ Lo que ocurrió: Usando el ritual del ponche de los 7 colores, Tegwyll y Veskern rompen las nieblas tras previo acuerdo con Diablillo para demostrar la grandeza del sueño fomoriano. Sería el primer gran paso para el Largo Halloween y una demostración de poder hacia la SON y el resto de las regiones. [&hellip;]
