{"id":7525,"date":"2026-02-18T17:32:30","date_gmt":"2026-02-18T17:32:30","guid":{"rendered":"https:\/\/chileentinieblas.cl\/?post_type=timeline_event&#038;p=7525"},"modified":"2026-02-18T17:32:30","modified_gmt":"2026-02-18T17:32:30","slug":"profecia-de-magos-de-valparaiso","status":"publish","type":"timeline_event","link":"https:\/\/chileentinieblas.cl\/en\/timeline_event\/profecia-de-magos-de-valparaiso\/","title":{"rendered":"Profec\u00eda de magos de Valpara\u00edso"},"content":{"rendered":"<p class=\"wp-block-paragraph\">Un s\u00e1bado 7 de marzo, en el bar <strong>El Mal Trago,<\/strong> conocido por pocos en Valpara\u00edso y centro informal de reuniones del culto de \u00e9xtasis de la regi\u00f3n, se realiz\u00f3 una obra bastante particular.<\/p>\n\n\n\n<p class=\"wp-block-paragraph\">Eric, quien era alumno de la encargada del local, al conocer al particular grupo de magos que hab\u00eda llegado hasta el bar buscando refugio, not\u00f3 que una de ellos ten\u00eda habilidades prof\u00e9ticas y recordando c\u00f3mo lo hab\u00eda hecho anteriormente con sus ex-compa\u00f1eros de c\u00e1bala, la invit\u00f3 a pasar al precario escenario del mal trago para participar de la obra que estaba preparando esa noche.<\/p>\n\n\n\n<p class=\"wp-block-paragraph\">Esto sirvi\u00f3 para canalizar el poder de H\u00e9mera, quien en conjunto con Eric y sus ayudantes, dieron vida a las visiones que asaltaban sus sue\u00f1os hace un tiempo, revelando un amargo futuro:<\/p>\n\n\n\n<p class=\"wp-block-paragraph\">La noche del Octubre Negro, el plan de la SON que lleva desarrollando desde su primera aparici\u00f3n en Santiago el 2020, ahora se concretaba a lo largo de todo Chile. La visi\u00f3n mostr\u00f3 como desde el norte hasta el sur del pa\u00eds diversos grupos reun\u00edan poderosos artefactos que los activaban desde un punto geogr\u00e1fico en concreto la noche del 31 de Octubre, haciendo que la barrera que separa el mundo f\u00edsico y espiritual se caiga en diversos sectores al mismo tiempo, generando un efecto domin\u00f3 irreversible, trayendo el caos, la maravilla y la destrucci\u00f3n nuevamente al mundo.<\/p>\n\n\n\n<p class=\"wp-block-paragraph\">El patr\u00f3n era siempre el mismo, 3 personas con 3 objetos en un punto de poder, generalmente un cerro, a la misma hora esa noche realizaban un ritual que romp\u00eda la celos\u00eda, dejando pasar todo tipo de esp\u00edritus al pa\u00eds y luego al resto del mundo.<\/p>\n\n\n\n<p class=\"wp-block-paragraph\">La obra les dej\u00f3 un trago amargo a los espectadores, pero aquellos con habilidades sobrenaturales sab\u00edan que lo que estaban viendo significaba algo m\u00e1s.<\/p>","protected":false},"author":1,"featured_media":0,"template":"","meta":{"_acf_changed":true,"inline_featured_image":false,"_monsterinsights_skip_tracking":false},"tags":[139],"arco":[291,290],"juego":[80,117],"class_list":["post-7525","timeline_event","type-timeline_event","status-publish","hentry","tag-sociedad-del-octubre-negro","arco-segundo-ciclo","arco-sociedad-del-octubre-negro","juego-mago-la-ascension","juego-mundo-de-tinieblas"],"acf":[],"yoast_head":"<!-- This site is optimized with the Yoast SEO plugin v28.4 - https:\/\/yoast.com\/product\/yoast-seo-wordpress\/ -->\n<title>Profec\u00eda de magos de Valpara\u00edso - Chile en Tinieblas<\/title>\n<meta name=\"robots\" content=\"index, follow, max-snippet:-1, max-image-preview:large, max-video-preview:-1\" \/>\n<link rel=\"canonical\" href=\"https:\/\/chileentinieblas.cl\/en\/timeline_event\/profecia-de-magos-de-valparaiso\/\" \/>\n<meta property=\"og:locale\" content=\"en_US\" \/>\n<meta property=\"og:type\" content=\"article\" \/>\n<meta property=\"og:title\" content=\"Profec\u00eda de magos de Valpara\u00edso - Chile en Tinieblas\" \/>\n<meta property=\"og:description\" content=\"Un s\u00e1bado 7 de marzo, en el bar El Mal Trago, conocido por pocos en Valpara\u00edso y centro informal de reuniones del culto de \u00e9xtasis de la regi\u00f3n, se realiz\u00f3 una obra bastante particular. Eric, quien era alumno de la encargada del local, al conocer al particular grupo de magos que hab\u00eda llegado hasta el [&hellip;]\" \/>\n<meta property=\"og:url\" content=\"https:\/\/chileentinieblas.cl\/en\/timeline_event\/profecia-de-magos-de-valparaiso\/\" \/>\n<meta property=\"og:site_name\" content=\"Chile en Tinieblas\" \/>\n<meta property=\"article:publisher\" content=\"https:\/\/www.facebook.com\/ChileenTinieblas\" \/>\n<meta name=\"twitter:card\" content=\"summary_large_image\" \/>\n<meta name=\"twitter:label1\" content=\"Est. reading time\" \/>\n\t<meta name=\"twitter:data1\" content=\"2 minutes\" \/>\n<script type=\"application\/ld+json\" class=\"yoast-schema-graph\">{\"@context\":\"https:\\\/\\\/schema.org\",\"@graph\":[{\"@type\":\"WebPage\",\"@id\":\"https:\\\/\\\/chileentinieblas.cl\\\/timeline_event\\\/profecia-de-magos-de-valparaiso\\\/\",\"url\":\"https:\\\/\\\/chileentinieblas.cl\\\/timeline_event\\\/profecia-de-magos-de-valparaiso\\\/\",\"name\":\"Profec\u00eda de magos de Valpara\u00edso - Chile en Tinieblas\",\"isPartOf\":{\"@id\":\"https:\\\/\\\/chileentinieblas.cl\\\/#website\"},\"datePublished\":\"2026-02-18T17:32:30+00:00\",\"breadcrumb\":{\"@id\":\"https:\\\/\\\/chileentinieblas.cl\\\/timeline_event\\\/profecia-de-magos-de-valparaiso\\\/#breadcrumb\"},\"inLanguage\":\"en-US\",\"potentialAction\":[{\"@type\":\"ReadAction\",\"target\":[\"https:\\\/\\\/chileentinieblas.cl\\\/timeline_event\\\/profecia-de-magos-de-valparaiso\\\/\"]}]},{\"@type\":\"BreadcrumbList\",\"@id\":\"https:\\\/\\\/chileentinieblas.cl\\\/timeline_event\\\/profecia-de-magos-de-valparaiso\\\/#breadcrumb\",\"itemListElement\":[{\"@type\":\"ListItem\",\"position\":1,\"name\":\"Portada\",\"item\":\"https:\\\/\\\/chileentinieblas.cl\\\/\"},{\"@type\":\"ListItem\",\"position\":2,\"name\":\"Profec\u00eda de magos de Valpara\u00edso\"}]},{\"@type\":\"WebSite\",\"@id\":\"https:\\\/\\\/chileentinieblas.cl\\\/#website\",\"url\":\"https:\\\/\\\/chileentinieblas.cl\\\/\",\"name\":\"Chile en Tinieblas\",\"description\":\"Un servidor con mesas de rol de Mundo de Tinieblas\",\"publisher\":{\"@id\":\"https:\\\/\\\/chileentinieblas.cl\\\/#organization\"},\"potentialAction\":[{\"@type\":\"SearchAction\",\"target\":{\"@type\":\"EntryPoint\",\"urlTemplate\":\"https:\\\/\\\/chileentinieblas.cl\\\/?s={search_term_string}\"},\"query-input\":{\"@type\":\"PropertyValueSpecification\",\"valueRequired\":true,\"valueName\":\"search_term_string\"}}],\"inLanguage\":\"en-US\"},{\"@type\":\"Organization\",\"@id\":\"https:\\\/\\\/chileentinieblas.cl\\\/#organization\",\"name\":\"Chile en Tinieblas\",\"url\":\"https:\\\/\\\/chileentinieblas.cl\\\/\",\"logo\":{\"@type\":\"ImageObject\",\"inLanguage\":\"en-US\",\"@id\":\"https:\\\/\\\/chileentinieblas.cl\\\/#\\\/schema\\\/logo\\\/image\\\/\",\"url\":\"https:\\\/\\\/chileentinieblas.cl\\\/wp-content\\\/uploads\\\/2021\\\/12\\\/logo-cet-claro.png\",\"contentUrl\":\"https:\\\/\\\/chileentinieblas.cl\\\/wp-content\\\/uploads\\\/2021\\\/12\\\/logo-cet-claro.png\",\"width\":1001,\"height\":1030,\"caption\":\"Chile en Tinieblas\"},\"image\":{\"@id\":\"https:\\\/\\\/chileentinieblas.cl\\\/#\\\/schema\\\/logo\\\/image\\\/\"},\"sameAs\":[\"https:\\\/\\\/www.facebook.com\\\/ChileenTinieblas\",\"https:\\\/\\\/www.instagram.com\\\/chileentinieblas\\\/\",\"https:\\\/\\\/www.youtube.com\\\/@chileentinieblas\",\"https:\\\/\\\/www.tiktok.com\\\/@chileentinieblas\"]}]}<\/script>\n<!-- \/ Yoast SEO plugin. -->","yoast_head_json":{"title":"Profec\u00eda de magos de Valpara\u00edso - Chile en Tinieblas","robots":{"index":"index","follow":"follow","max-snippet":"max-snippet:-1","max-image-preview":"max-image-preview:large","max-video-preview":"max-video-preview:-1"},"canonical":"https:\/\/chileentinieblas.cl\/en\/timeline_event\/profecia-de-magos-de-valparaiso\/","og_locale":"en_US","og_type":"article","og_title":"Profec\u00eda de magos de Valpara\u00edso - Chile en Tinieblas","og_description":"Un s\u00e1bado 7 de marzo, en el bar El Mal Trago, conocido por pocos en Valpara\u00edso y centro informal de reuniones del culto de \u00e9xtasis de la regi\u00f3n, se realiz\u00f3 una obra bastante particular. Eric, quien era alumno de la encargada del local, al conocer al particular grupo de magos que hab\u00eda llegado hasta el [&hellip;]","og_url":"https:\/\/chileentinieblas.cl\/en\/timeline_event\/profecia-de-magos-de-valparaiso\/","og_site_name":"Chile en Tinieblas","article_publisher":"https:\/\/www.facebook.com\/ChileenTinieblas","twitter_card":"summary_large_image","twitter_misc":{"Est. reading time":"2 minutes"},"schema":{"@context":"https:\/\/schema.org","@graph":[{"@type":"WebPage","@id":"https:\/\/chileentinieblas.cl\/timeline_event\/profecia-de-magos-de-valparaiso\/","url":"https:\/\/chileentinieblas.cl\/timeline_event\/profecia-de-magos-de-valparaiso\/","name":"Profec\u00eda de magos de Valpara\u00edso - Chile en Tinieblas","isPartOf":{"@id":"https:\/\/chileentinieblas.cl\/#website"},"datePublished":"2026-02-18T17:32:30+00:00","breadcrumb":{"@id":"https:\/\/chileentinieblas.cl\/timeline_event\/profecia-de-magos-de-valparaiso\/#breadcrumb"},"inLanguage":"en-US","potentialAction":[{"@type":"ReadAction","target":["https:\/\/chileentinieblas.cl\/timeline_event\/profecia-de-magos-de-valparaiso\/"]}]},{"@type":"BreadcrumbList","@id":"https:\/\/chileentinieblas.cl\/timeline_event\/profecia-de-magos-de-valparaiso\/#breadcrumb","itemListElement":[{"@type":"ListItem","position":1,"name":"Portada","item":"https:\/\/chileentinieblas.cl\/"},{"@type":"ListItem","position":2,"name":"Profec\u00eda de magos de Valpara\u00edso"}]},{"@type":"WebSite","@id":"https:\/\/chileentinieblas.cl\/#website","url":"https:\/\/chileentinieblas.cl\/","name":"Chile en Tinieblas","description":"Un servidor con mesas de rol de Mundo de Tinieblas","publisher":{"@id":"https:\/\/chileentinieblas.cl\/#organization"},"potentialAction":[{"@type":"SearchAction","target":{"@type":"EntryPoint","urlTemplate":"https:\/\/chileentinieblas.cl\/?s={search_term_string}"},"query-input":{"@type":"PropertyValueSpecification","valueRequired":true,"valueName":"search_term_string"}}],"inLanguage":"en-US"},{"@type":"Organization","@id":"https:\/\/chileentinieblas.cl\/#organization","name":"Chile en Tinieblas","url":"https:\/\/chileentinieblas.cl\/","logo":{"@type":"ImageObject","inLanguage":"en-US","@id":"https:\/\/chileentinieblas.cl\/#\/schema\/logo\/image\/","url":"https:\/\/chileentinieblas.cl\/wp-content\/uploads\/2021\/12\/logo-cet-claro.png","contentUrl":"https:\/\/chileentinieblas.cl\/wp-content\/uploads\/2021\/12\/logo-cet-claro.png","width":1001,"height":1030,"caption":"Chile en Tinieblas"},"image":{"@id":"https:\/\/chileentinieblas.cl\/#\/schema\/logo\/image\/"},"sameAs":["https:\/\/www.facebook.com\/ChileenTinieblas","https:\/\/www.instagram.com\/chileentinieblas\/","https:\/\/www.youtube.com\/@chileentinieblas","https:\/\/www.tiktok.com\/@chileentinieblas"]}]}},"jetpack_sharing_enabled":true,"_links":{"self":[{"href":"https:\/\/chileentinieblas.cl\/en\/wp-json\/wp\/v2\/timeline_event\/7525","targetHints":{"allow":["GET"]}}],"collection":[{"href":"https:\/\/chileentinieblas.cl\/en\/wp-json\/wp\/v2\/timeline_event"}],"about":[{"href":"https:\/\/chileentinieblas.cl\/en\/wp-json\/wp\/v2\/types\/timeline_event"}],"author":[{"embeddable":true,"href":"https:\/\/chileentinieblas.cl\/en\/wp-json\/wp\/v2\/users\/1"}],"wp:attachment":[{"href":"https:\/\/chileentinieblas.cl\/en\/wp-json\/wp\/v2\/media?parent=7525"}],"wp:term":[{"taxonomy":"post_tag","embeddable":true,"href":"https:\/\/chileentinieblas.cl\/en\/wp-json\/wp\/v2\/tags?post=7525"},{"taxonomy":"arco","embeddable":true,"href":"https:\/\/chileentinieblas.cl\/en\/wp-json\/wp\/v2\/arco?post=7525"},{"taxonomy":"juego","embeddable":true,"href":"https:\/\/chileentinieblas.cl\/en\/wp-json\/wp\/v2\/juego?post=7525"}],"curies":[{"name":"wp","href":"https:\/\/api.w.org\/{rel}","templated":true}]}}

Profecía de magos de Valparaíso

<p class="wp-block-paragraph">Un sábado 7 de marzo, en el bar <strong>El Mal Trago,</strong> conocido por pocos en Valparaíso y centro informal de reuniones del culto de éxtasis de la región, se realizó una obra bastante particular.</p>



<p class="wp-block-paragraph">Eric, quien era alumno de la encargada del local, al conocer al particular grupo de magos que había llegado hasta el bar buscando refugio, notó que una de ellos tenía habilidades proféticas y recordando cómo lo había hecho anteriormente con sus ex-compañeros de cábala, la invitó a pasar al precario escenario del mal trago para participar de la obra que estaba preparando esa noche.</p>



<p class="wp-block-paragraph">Esto sirvió para canalizar el poder de Hémera, quien en conjunto con Eric y sus ayudantes, dieron vida a las visiones que asaltaban sus sueños hace un tiempo, revelando un amargo futuro:</p>



<p class="wp-block-paragraph">La noche del Octubre Negro, el plan de la SON que lleva desarrollando desde su primera aparición en Santiago el 2020, ahora se concretaba a lo largo de todo Chile. La visión mostró como desde el norte hasta el sur del país diversos grupos reunían poderosos artefactos que los activaban desde un punto geográfico en concreto la noche del 31 de Octubre, haciendo que la barrera que separa el mundo físico y espiritual se caiga en diversos sectores al mismo tiempo, generando un efecto dominó irreversible, trayendo el caos, la maravilla y la destrucción nuevamente al mundo.</p>



<p class="wp-block-paragraph">El patrón era siempre el mismo, 3 personas con 3 objetos en un punto de poder, generalmente un cerro, a la misma hora esa noche realizaban un ritual que rompía la celosía, dejando pasar todo tipo de espíritus al país y luego al resto del mundo.</p>



<p class="wp-block-paragraph">La obra les dejó un trago amargo a los espectadores, pero aquellos con habilidades sobrenaturales sabían que lo que estaban viendo significaba algo más.</p>

<!-- This site is optimized with the Yoast SEO plugin v28.4 - https://yoast.com/product/yoast-seo-wordpress/ -->
<title>Profecía de magos de Valparaíso - Chile en Tinieblas</title>
<meta name="robots" content="index, follow, max-snippet:-1, max-image-preview:large, max-video-preview:-1" />
<link rel="canonical" href="https://chileentinieblas.cl/en/timeline_event/profecia-de-magos-de-valparaiso/" />
<meta property="og:locale" content="en_US" />
<meta property="og:type" content="article" />
<meta property="og:title" content="Profecía de magos de Valparaíso - Chile en Tinieblas" />
<meta property="og:description" content="Un sábado 7 de marzo, en el bar El Mal Trago, conocido por pocos en Valparaíso y centro informal de reuniones del culto de éxtasis de la región, se realizó una obra bastante particular. Eric, quien era alumno de la encargada del local, al conocer al particular grupo de magos que había llegado hasta el [&hellip;]" />
<meta property="og:url" content="https://chileentinieblas.cl/en/timeline_event/profecia-de-magos-de-valparaiso/" />
<meta property="og:site_name" content="Chile en Tinieblas" />
<meta property="article:publisher" content="https://www.facebook.com/ChileenTinieblas" />
<meta name="twitter:card" content="summary_large_image" />
<meta name="twitter:label1" content="Est. reading time" />
	<meta name="twitter:data1" content="2 minutes" />
<script type="application/ld+json" class="yoast-schema-graph">{"@context":"https:\/\/schema.org","@graph":[{"@type":"WebPage","@id":"https:\/\/chileentinieblas.cl\/timeline_event\/profecia-de-magos-de-valparaiso\/","url":"https:\/\/chileentinieblas.cl\/timeline_event\/profecia-de-magos-de-valparaiso\/","name":"Profecía de magos de Valparaíso - Chile en Tinieblas","isPartOf":{"@id":"https:\/\/chileentinieblas.cl\/#website"},"datePublished":"2026-02-18T17:32:30+00:00","breadcrumb":{"@id":"https:\/\/chileentinieblas.cl\/timeline_event\/profecia-de-magos-de-valparaiso\/#breadcrumb"},"inLanguage":"en-US","potentialAction":[{"@type":"ReadAction","target":["https:\/\/chileentinieblas.cl\/timeline_event\/profecia-de-magos-de-valparaiso\/"]}]},{"@type":"BreadcrumbList","@id":"https:\/\/chileentinieblas.cl\/timeline_event\/profecia-de-magos-de-valparaiso\/#breadcrumb","itemListElement":[{"@type":"ListItem","position":1,"name":"Portada","item":"https:\/\/chileentinieblas.cl\/"},{"@type":"ListItem","position":2,"name":"Profecía de magos de Valparaíso"}]},{"@type":"WebSite","@id":"https:\/\/chileentinieblas.cl\/#website","url":"https:\/\/chileentinieblas.cl\/","name":"Chile en Tinieblas","description":"Un servidor con mesas de rol de Mundo de Tinieblas","publisher":{"@id":"https:\/\/chileentinieblas.cl\/#organization"},"potentialAction":[{"@type":"SearchAction","target":{"@type":"EntryPoint","urlTemplate":"https:\/\/chileentinieblas.cl\/?s={search_term_string}"},"query-input":{"@type":"PropertyValueSpecification","valueRequired":true,"valueName":"search_term_string"}}],"inLanguage":"en-US"},{"@type":"Organization","@id":"https:\/\/chileentinieblas.cl\/#organization","name":"Chile en Tinieblas","url":"https:\/\/chileentinieblas.cl\/","logo":{"@type":"ImageObject","inLanguage":"en-US","@id":"https:\/\/chileentinieblas.cl\/#\/schema\/logo\/image\/","url":"https:\/\/chileentinieblas.cl\/wp-content\/uploads\/2021\/12\/logo-cet-claro.png","contentUrl":"https:\/\/chileentinieblas.cl\/wp-content\/uploads\/2021\/12\/logo-cet-claro.png","width":1001,"height":1030,"caption":"Chile en Tinieblas"},"image":{"@id":"https:\/\/chileentinieblas.cl\/#\/schema\/logo\/image\/"},"sameAs":["https:\/\/www.facebook.com\/ChileenTinieblas","https:\/\/www.instagram.com\/chileentinieblas\/","https:\/\/www.youtube.com\/@chileentinieblas","https:\/\/www.tiktok.com\/@chileentinieblas"]}]}</script>
<!-- / Yoast SEO plugin. -->

Profecía de magos de Valparaíso - Chile en Tinieblas

Un sábado 7 de marzo, en el bar El Mal Trago, conocido por pocos en Valparaíso y centro informal de reuniones del culto de éxtasis de la región, se realizó una obra bastante particular. Eric, quien era alumno de la encargada del local, al conocer al particular grupo de magos que había llegado hasta el [&hellip;]
