{"id":7514,"date":"2026-02-18T15:13:35","date_gmt":"2026-02-18T15:13:35","guid":{"rendered":"https:\/\/chileentinieblas.cl\/?post_type=timeline_event&#038;p=7514"},"modified":"2026-02-18T16:10:54","modified_gmt":"2026-02-18T16:10:54","slug":"reunion-oficial-de-miembros-de-la-son","status":"publish","type":"timeline_event","link":"https:\/\/chileentinieblas.cl\/en\/timeline_event\/reunion-oficial-de-miembros-de-la-son\/","title":{"rendered":"Reuni\u00f3n oficial de miembros de la SON"},"content":{"rendered":"<p class=\"wp-block-paragraph\">Los miembros de la Sociedad del Octubre Negro durante el mes anterior, reclutaron, guiaron y convocaron a aquellos que se quieren sumar a su lucha, en una reuni\u00f3n celebrada en su base principal: Isla Mocha.<\/p>\n\n\n\n<p class=\"wp-block-paragraph\"><strong>Indicaciones para asistir:<\/strong><\/p>\n\n\n\n<ul class=\"wp-block-list\">\n<li>Se le indicar\u00e1 a los jugadores, que el 5 de diciembre, a las 03:33 min, aparecer\u00e1 una puerta enrejada, con el s\u00edmbolo de la SON forjada en su fachada. La puerta se encontrar\u00e1 debajo del antiguo Puente colonial en el Canal San Carlos Viejo de Puente Alto (Ver ubicaci\u00f3n). y solo podr\u00e1 verse para quienes la busquen activamente, el resto la ignorar\u00e1 (Efecto de Arcano 4).<\/li>\n\n\n\n<li>Se les entregar\u00e1 una piedra anclada a un collar, que deber\u00e1n usar para abrir la puerta, una vez lo usen perder\u00e1n la piedra ya que la puerta la absorber\u00e1. Cada piedra tiene un color distinto para cada miembro. <strong>Las piedras sirven para evitar ser relacionados de cualquier manera, fisica o espiritual con la SoN mientras la tengan en su poder<\/strong><\/li>\n\n\n\n<li>La puerta se mantendr\u00e1 abierta por 30 minutos, todos aquellos que no lleguen dentro del plazo, ser\u00e1n marcados como disidentes, con las consecuencias que ello trae (Nunca lo dicen), hasta que logren redimirse con el grupo.<\/li>\n<\/ul>\n\n\n\n<p class=\"wp-block-paragraph\"><strong>Temas a tratar:<\/strong><\/p>\n\n\n\n<ul class=\"wp-block-list\">\n<li>Descripci\u00f3n detallada, contando la historia del grupo y lo que pas\u00f3 en el pasado, (historia manipulada para mostrarlos como v\u00edctimas).<\/li>\n\n\n\n<li>La revelaci\u00f3n colectiva que los miembros originales ten\u00edan (visiones del futuro en el que el ritual funciona, oculta los detalles sangrientos).<\/li>\n\n\n\n<li>El gran objetivo, el ritual de la noche negra de Octubre.<\/li>\n\n\n\n<li>El plan para conseguirlo (ingredientes).<\/li>\n<\/ul>\n\n\n\n<p class=\"wp-block-paragraph\"><strong>Detalles del plan:<\/strong><\/p>\n\n\n\n<ul class=\"wp-block-list\">\n<li>Un grupo que se encargue de distraer a los enemigos, desordenando, generando caos, poniendo uno contra los otros. Desestabilizar.<\/li>\n\n\n\n<li>Un grupo que se encargue de recolectar los objetos del ritual.<\/li>\n\n\n\n<li>Un grupo que se encargue de eliminar objetivos claves (O secuestrar, pendiente de conversaci\u00f3n).<\/li>\n<\/ul>\n\n\n\n<p class=\"wp-block-paragraph\"><strong>Objetos de poder (En proceso):<\/strong><\/p>\n\n\n\n<ul class=\"wp-block-list\">\n<li>Maravillas poderosas y simb\u00f3licas de la Historia de Chile, como la espada sagrada de Iv\u00e1n (Aspecto feerico de la espada de In\u00e9s), Aspecto f\u00edsico de la espada de In\u00e9s, La bandera original de Chile, etc, el relicario de Antumael, etc.<\/li>\n\n\n\n<li>Sacrificio ritual de los personajes que representan el ragnarok (Odin, Thor, etc.)\n<ul class=\"wp-block-list\">\n<li>Odin: Sergio McLean de la Tecnocracia.<\/li>\n\n\n\n<li>Heimdail: Emmanuel Salubri del inconnu.<\/li>\n\n\n\n<li>Thor: Hurac\u00e1n, momia de los Uchumallki<\/li>\n\n\n\n<li>Freyr: Ivan Espada Sagrada de la casa Gwideon.<\/li>\n\n\n\n<li>Tyr:<\/li>\n\n\n\n<li>Skinir<\/li>\n\n\n\n<li>Vidar: Jefe crudo (Garou)<\/li>\n<\/ul>\n<\/li>\n\n\n\n<li>Representaci\u00f3n de los dioses del Octubre Negro:\n<ul class=\"wp-block-list\">\n<li>Fenrir: Adolfo Johnson<\/li>\n\n\n\n<li>Loki: Ronald<\/li>\n\n\n\n<li>Jummugandr: Libraesquiva com Totem serpiente<\/li>\n\n\n\n<li>Surtr: Demonio (Izvet posiblemente)<\/li>\n\n\n\n<li>Garm: Garou<\/li>\n\n\n\n<li>Hela: Helena<\/li>\n<\/ul>\n<\/li>\n<\/ul>","protected":false},"author":1,"featured_media":0,"template":"","meta":{"_acf_changed":true,"inline_featured_image":false,"_monsterinsights_skip_tracking":false},"tags":[139],"arco":[291,290],"juego":[117],"class_list":["post-7514","timeline_event","type-timeline_event","status-publish","hentry","tag-sociedad-del-octubre-negro","arco-segundo-ciclo","arco-sociedad-del-octubre-negro","juego-mundo-de-tinieblas"],"acf":[],"yoast_head":"<!-- This site is optimized with the Yoast SEO plugin v28.4 - https:\/\/yoast.com\/product\/yoast-seo-wordpress\/ -->\n<title>Reuni\u00f3n oficial de miembros de la SON - Chile en Tinieblas<\/title>\n<meta name=\"robots\" content=\"index, follow, max-snippet:-1, max-image-preview:large, max-video-preview:-1\" \/>\n<link rel=\"canonical\" href=\"https:\/\/chileentinieblas.cl\/en\/timeline_event\/reunion-oficial-de-miembros-de-la-son\/\" \/>\n<meta property=\"og:locale\" content=\"en_US\" \/>\n<meta property=\"og:type\" content=\"article\" \/>\n<meta property=\"og:title\" content=\"Reuni\u00f3n oficial de miembros de la SON - Chile en Tinieblas\" \/>\n<meta property=\"og:description\" content=\"Los miembros de la Sociedad del Octubre Negro durante el mes anterior, reclutaron, guiaron y convocaron a aquellos que se quieren sumar a su lucha, en una reuni\u00f3n celebrada en su base principal: Isla Mocha. Indicaciones para asistir: Temas a tratar: Detalles del plan: Objetos de poder (En proceso):\" \/>\n<meta property=\"og:url\" content=\"https:\/\/chileentinieblas.cl\/en\/timeline_event\/reunion-oficial-de-miembros-de-la-son\/\" \/>\n<meta property=\"og:site_name\" content=\"Chile en Tinieblas\" \/>\n<meta property=\"article:publisher\" content=\"https:\/\/www.facebook.com\/ChileenTinieblas\" \/>\n<meta property=\"article:modified_time\" content=\"2026-02-18T16:10:54+00:00\" \/>\n<meta name=\"twitter:card\" content=\"summary_large_image\" \/>\n<meta name=\"twitter:label1\" content=\"Est. reading time\" \/>\n\t<meta name=\"twitter:data1\" content=\"2 minutes\" \/>\n<script type=\"application\/ld+json\" class=\"yoast-schema-graph\">{\"@context\":\"https:\\\/\\\/schema.org\",\"@graph\":[{\"@type\":\"WebPage\",\"@id\":\"https:\\\/\\\/chileentinieblas.cl\\\/timeline_event\\\/reunion-oficial-de-miembros-de-la-son\\\/\",\"url\":\"https:\\\/\\\/chileentinieblas.cl\\\/timeline_event\\\/reunion-oficial-de-miembros-de-la-son\\\/\",\"name\":\"Reuni\u00f3n oficial de miembros de la SON - Chile en Tinieblas\",\"isPartOf\":{\"@id\":\"https:\\\/\\\/chileentinieblas.cl\\\/#website\"},\"datePublished\":\"2026-02-18T15:13:35+00:00\",\"dateModified\":\"2026-02-18T16:10:54+00:00\",\"breadcrumb\":{\"@id\":\"https:\\\/\\\/chileentinieblas.cl\\\/timeline_event\\\/reunion-oficial-de-miembros-de-la-son\\\/#breadcrumb\"},\"inLanguage\":\"en-US\",\"potentialAction\":[{\"@type\":\"ReadAction\",\"target\":[\"https:\\\/\\\/chileentinieblas.cl\\\/timeline_event\\\/reunion-oficial-de-miembros-de-la-son\\\/\"]}]},{\"@type\":\"BreadcrumbList\",\"@id\":\"https:\\\/\\\/chileentinieblas.cl\\\/timeline_event\\\/reunion-oficial-de-miembros-de-la-son\\\/#breadcrumb\",\"itemListElement\":[{\"@type\":\"ListItem\",\"position\":1,\"name\":\"Portada\",\"item\":\"https:\\\/\\\/chileentinieblas.cl\\\/\"},{\"@type\":\"ListItem\",\"position\":2,\"name\":\"Reuni\u00f3n oficial de miembros de la SON\"}]},{\"@type\":\"WebSite\",\"@id\":\"https:\\\/\\\/chileentinieblas.cl\\\/#website\",\"url\":\"https:\\\/\\\/chileentinieblas.cl\\\/\",\"name\":\"Chile en Tinieblas\",\"description\":\"Un servidor con mesas de rol de Mundo de Tinieblas\",\"publisher\":{\"@id\":\"https:\\\/\\\/chileentinieblas.cl\\\/#organization\"},\"potentialAction\":[{\"@type\":\"SearchAction\",\"target\":{\"@type\":\"EntryPoint\",\"urlTemplate\":\"https:\\\/\\\/chileentinieblas.cl\\\/?s={search_term_string}\"},\"query-input\":{\"@type\":\"PropertyValueSpecification\",\"valueRequired\":true,\"valueName\":\"search_term_string\"}}],\"inLanguage\":\"en-US\"},{\"@type\":\"Organization\",\"@id\":\"https:\\\/\\\/chileentinieblas.cl\\\/#organization\",\"name\":\"Chile en Tinieblas\",\"url\":\"https:\\\/\\\/chileentinieblas.cl\\\/\",\"logo\":{\"@type\":\"ImageObject\",\"inLanguage\":\"en-US\",\"@id\":\"https:\\\/\\\/chileentinieblas.cl\\\/#\\\/schema\\\/logo\\\/image\\\/\",\"url\":\"https:\\\/\\\/chileentinieblas.cl\\\/wp-content\\\/uploads\\\/2021\\\/12\\\/logo-cet-claro.png\",\"contentUrl\":\"https:\\\/\\\/chileentinieblas.cl\\\/wp-content\\\/uploads\\\/2021\\\/12\\\/logo-cet-claro.png\",\"width\":1001,\"height\":1030,\"caption\":\"Chile en Tinieblas\"},\"image\":{\"@id\":\"https:\\\/\\\/chileentinieblas.cl\\\/#\\\/schema\\\/logo\\\/image\\\/\"},\"sameAs\":[\"https:\\\/\\\/www.facebook.com\\\/ChileenTinieblas\",\"https:\\\/\\\/www.instagram.com\\\/chileentinieblas\\\/\",\"https:\\\/\\\/www.youtube.com\\\/@chileentinieblas\",\"https:\\\/\\\/www.tiktok.com\\\/@chileentinieblas\"]}]}<\/script>\n<!-- \/ Yoast SEO plugin. -->","yoast_head_json":{"title":"Reuni\u00f3n oficial de miembros de la SON - Chile en Tinieblas","robots":{"index":"index","follow":"follow","max-snippet":"max-snippet:-1","max-image-preview":"max-image-preview:large","max-video-preview":"max-video-preview:-1"},"canonical":"https:\/\/chileentinieblas.cl\/en\/timeline_event\/reunion-oficial-de-miembros-de-la-son\/","og_locale":"en_US","og_type":"article","og_title":"Reuni\u00f3n oficial de miembros de la SON - Chile en Tinieblas","og_description":"Los miembros de la Sociedad del Octubre Negro durante el mes anterior, reclutaron, guiaron y convocaron a aquellos que se quieren sumar a su lucha, en una reuni\u00f3n celebrada en su base principal: Isla Mocha. Indicaciones para asistir: Temas a tratar: Detalles del plan: Objetos de poder (En proceso):","og_url":"https:\/\/chileentinieblas.cl\/en\/timeline_event\/reunion-oficial-de-miembros-de-la-son\/","og_site_name":"Chile en Tinieblas","article_publisher":"https:\/\/www.facebook.com\/ChileenTinieblas","article_modified_time":"2026-02-18T16:10:54+00:00","twitter_card":"summary_large_image","twitter_misc":{"Est. reading time":"2 minutes"},"schema":{"@context":"https:\/\/schema.org","@graph":[{"@type":"WebPage","@id":"https:\/\/chileentinieblas.cl\/timeline_event\/reunion-oficial-de-miembros-de-la-son\/","url":"https:\/\/chileentinieblas.cl\/timeline_event\/reunion-oficial-de-miembros-de-la-son\/","name":"Reuni\u00f3n oficial de miembros de la SON - Chile en Tinieblas","isPartOf":{"@id":"https:\/\/chileentinieblas.cl\/#website"},"datePublished":"2026-02-18T15:13:35+00:00","dateModified":"2026-02-18T16:10:54+00:00","breadcrumb":{"@id":"https:\/\/chileentinieblas.cl\/timeline_event\/reunion-oficial-de-miembros-de-la-son\/#breadcrumb"},"inLanguage":"en-US","potentialAction":[{"@type":"ReadAction","target":["https:\/\/chileentinieblas.cl\/timeline_event\/reunion-oficial-de-miembros-de-la-son\/"]}]},{"@type":"BreadcrumbList","@id":"https:\/\/chileentinieblas.cl\/timeline_event\/reunion-oficial-de-miembros-de-la-son\/#breadcrumb","itemListElement":[{"@type":"ListItem","position":1,"name":"Portada","item":"https:\/\/chileentinieblas.cl\/"},{"@type":"ListItem","position":2,"name":"Reuni\u00f3n oficial de miembros de la SON"}]},{"@type":"WebSite","@id":"https:\/\/chileentinieblas.cl\/#website","url":"https:\/\/chileentinieblas.cl\/","name":"Chile en Tinieblas","description":"Un servidor con mesas de rol de Mundo de Tinieblas","publisher":{"@id":"https:\/\/chileentinieblas.cl\/#organization"},"potentialAction":[{"@type":"SearchAction","target":{"@type":"EntryPoint","urlTemplate":"https:\/\/chileentinieblas.cl\/?s={search_term_string}"},"query-input":{"@type":"PropertyValueSpecification","valueRequired":true,"valueName":"search_term_string"}}],"inLanguage":"en-US"},{"@type":"Organization","@id":"https:\/\/chileentinieblas.cl\/#organization","name":"Chile en Tinieblas","url":"https:\/\/chileentinieblas.cl\/","logo":{"@type":"ImageObject","inLanguage":"en-US","@id":"https:\/\/chileentinieblas.cl\/#\/schema\/logo\/image\/","url":"https:\/\/chileentinieblas.cl\/wp-content\/uploads\/2021\/12\/logo-cet-claro.png","contentUrl":"https:\/\/chileentinieblas.cl\/wp-content\/uploads\/2021\/12\/logo-cet-claro.png","width":1001,"height":1030,"caption":"Chile en Tinieblas"},"image":{"@id":"https:\/\/chileentinieblas.cl\/#\/schema\/logo\/image\/"},"sameAs":["https:\/\/www.facebook.com\/ChileenTinieblas","https:\/\/www.instagram.com\/chileentinieblas\/","https:\/\/www.youtube.com\/@chileentinieblas","https:\/\/www.tiktok.com\/@chileentinieblas"]}]}},"jetpack_sharing_enabled":true,"_links":{"self":[{"href":"https:\/\/chileentinieblas.cl\/en\/wp-json\/wp\/v2\/timeline_event\/7514","targetHints":{"allow":["GET"]}}],"collection":[{"href":"https:\/\/chileentinieblas.cl\/en\/wp-json\/wp\/v2\/timeline_event"}],"about":[{"href":"https:\/\/chileentinieblas.cl\/en\/wp-json\/wp\/v2\/types\/timeline_event"}],"author":[{"embeddable":true,"href":"https:\/\/chileentinieblas.cl\/en\/wp-json\/wp\/v2\/users\/1"}],"wp:attachment":[{"href":"https:\/\/chileentinieblas.cl\/en\/wp-json\/wp\/v2\/media?parent=7514"}],"wp:term":[{"taxonomy":"post_tag","embeddable":true,"href":"https:\/\/chileentinieblas.cl\/en\/wp-json\/wp\/v2\/tags?post=7514"},{"taxonomy":"arco","embeddable":true,"href":"https:\/\/chileentinieblas.cl\/en\/wp-json\/wp\/v2\/arco?post=7514"},{"taxonomy":"juego","embeddable":true,"href":"https:\/\/chileentinieblas.cl\/en\/wp-json\/wp\/v2\/juego?post=7514"}],"curies":[{"name":"wp","href":"https:\/\/api.w.org\/{rel}","templated":true}]}}

Reunión oficial de miembros de la SON

<p class="wp-block-paragraph">Los miembros de la Sociedad del Octubre Negro durante el mes anterior, reclutaron, guiaron y convocaron a aquellos que se quieren sumar a su lucha, en una reunión celebrada en su base principal: Isla Mocha.</p>



<p class="wp-block-paragraph"><strong>Indicaciones para asistir:</strong></p>



<ul class="wp-block-list">
<li>Se le indicará a los jugadores, que el 5 de diciembre, a las 03:33 min, aparecerá una puerta enrejada, con el símbolo de la SON forjada en su fachada. La puerta se encontrará debajo del antiguo Puente colonial en el Canal San Carlos Viejo de Puente Alto (Ver ubicación). y solo podrá verse para quienes la busquen activamente, el resto la ignorará (Efecto de Arcano 4).</li>



<li>Se les entregará una piedra anclada a un collar, que deberán usar para abrir la puerta, una vez lo usen perderán la piedra ya que la puerta la absorberá. Cada piedra tiene un color distinto para cada miembro. <strong>Las piedras sirven para evitar ser relacionados de cualquier manera, fisica o espiritual con la SoN mientras la tengan en su poder</strong></li>



<li>La puerta se mantendrá abierta por 30 minutos, todos aquellos que no lleguen dentro del plazo, serán marcados como disidentes, con las consecuencias que ello trae (Nunca lo dicen), hasta que logren redimirse con el grupo.</li>
</ul>



<p class="wp-block-paragraph"><strong>Temas a tratar:</strong></p>



<ul class="wp-block-list">
<li>Descripción detallada, contando la historia del grupo y lo que pasó en el pasado, (historia manipulada para mostrarlos como víctimas).</li>



<li>La revelación colectiva que los miembros originales tenían (visiones del futuro en el que el ritual funciona, oculta los detalles sangrientos).</li>



<li>El gran objetivo, el ritual de la noche negra de Octubre.</li>



<li>El plan para conseguirlo (ingredientes).</li>
</ul>



<p class="wp-block-paragraph"><strong>Detalles del plan:</strong></p>



<ul class="wp-block-list">
<li>Un grupo que se encargue de distraer a los enemigos, desordenando, generando caos, poniendo uno contra los otros. Desestabilizar.</li>



<li>Un grupo que se encargue de recolectar los objetos del ritual.</li>



<li>Un grupo que se encargue de eliminar objetivos claves (O secuestrar, pendiente de conversación).</li>
</ul>



<p class="wp-block-paragraph"><strong>Objetos de poder (En proceso):</strong></p>



<ul class="wp-block-list">
<li>Maravillas poderosas y simbólicas de la Historia de Chile, como la espada sagrada de Iván (Aspecto feerico de la espada de Inés), Aspecto físico de la espada de Inés, La bandera original de Chile, etc, el relicario de Antumael, etc.</li>



<li>Sacrificio ritual de los personajes que representan el ragnarok (Odin, Thor, etc.)
<ul class="wp-block-list">
<li>Odin: Sergio McLean de la Tecnocracia.</li>



<li>Heimdail: Emmanuel Salubri del inconnu.</li>



<li>Thor: Huracán, momia de los Uchumallki</li>



<li>Freyr: Ivan Espada Sagrada de la casa Gwideon.</li>



<li>Tyr:</li>



<li>Skinir</li>



<li>Vidar: Jefe crudo (Garou)</li>
</ul>
</li>



<li>Representación de los dioses del Octubre Negro:
<ul class="wp-block-list">
<li>Fenrir: Adolfo Johnson</li>



<li>Loki: Ronald</li>



<li>Jummugandr: Libraesquiva com Totem serpiente</li>



<li>Surtr: Demonio (Izvet posiblemente)</li>



<li>Garm: Garou</li>



<li>Hela: Helena</li>
</ul>
</li>
</ul>

<!-- This site is optimized with the Yoast SEO plugin v28.4 - https://yoast.com/product/yoast-seo-wordpress/ -->
<title>Reunión oficial de miembros de la SON - Chile en Tinieblas</title>
<meta name="robots" content="index, follow, max-snippet:-1, max-image-preview:large, max-video-preview:-1" />
<link rel="canonical" href="https://chileentinieblas.cl/en/timeline_event/reunion-oficial-de-miembros-de-la-son/" />
<meta property="og:locale" content="en_US" />
<meta property="og:type" content="article" />
<meta property="og:title" content="Reunión oficial de miembros de la SON - Chile en Tinieblas" />
<meta property="og:description" content="Los miembros de la Sociedad del Octubre Negro durante el mes anterior, reclutaron, guiaron y convocaron a aquellos que se quieren sumar a su lucha, en una reunión celebrada en su base principal: Isla Mocha. Indicaciones para asistir: Temas a tratar: Detalles del plan: Objetos de poder (En proceso):" />
<meta property="og:url" content="https://chileentinieblas.cl/en/timeline_event/reunion-oficial-de-miembros-de-la-son/" />
<meta property="og:site_name" content="Chile en Tinieblas" />
<meta property="article:publisher" content="https://www.facebook.com/ChileenTinieblas" />
<meta property="article:modified_time" content="2026-02-18T16:10:54+00:00" />
<meta name="twitter:card" content="summary_large_image" />
<meta name="twitter:label1" content="Est. reading time" />
	<meta name="twitter:data1" content="2 minutes" />
<script type="application/ld+json" class="yoast-schema-graph">{"@context":"https:\/\/schema.org","@graph":[{"@type":"WebPage","@id":"https:\/\/chileentinieblas.cl\/timeline_event\/reunion-oficial-de-miembros-de-la-son\/","url":"https:\/\/chileentinieblas.cl\/timeline_event\/reunion-oficial-de-miembros-de-la-son\/","name":"Reunión oficial de miembros de la SON - Chile en Tinieblas","isPartOf":{"@id":"https:\/\/chileentinieblas.cl\/#website"},"datePublished":"2026-02-18T15:13:35+00:00","dateModified":"2026-02-18T16:10:54+00:00","breadcrumb":{"@id":"https:\/\/chileentinieblas.cl\/timeline_event\/reunion-oficial-de-miembros-de-la-son\/#breadcrumb"},"inLanguage":"en-US","potentialAction":[{"@type":"ReadAction","target":["https:\/\/chileentinieblas.cl\/timeline_event\/reunion-oficial-de-miembros-de-la-son\/"]}]},{"@type":"BreadcrumbList","@id":"https:\/\/chileentinieblas.cl\/timeline_event\/reunion-oficial-de-miembros-de-la-son\/#breadcrumb","itemListElement":[{"@type":"ListItem","position":1,"name":"Portada","item":"https:\/\/chileentinieblas.cl\/"},{"@type":"ListItem","position":2,"name":"Reunión oficial de miembros de la SON"}]},{"@type":"WebSite","@id":"https:\/\/chileentinieblas.cl\/#website","url":"https:\/\/chileentinieblas.cl\/","name":"Chile en Tinieblas","description":"Un servidor con mesas de rol de Mundo de Tinieblas","publisher":{"@id":"https:\/\/chileentinieblas.cl\/#organization"},"potentialAction":[{"@type":"SearchAction","target":{"@type":"EntryPoint","urlTemplate":"https:\/\/chileentinieblas.cl\/?s={search_term_string}"},"query-input":{"@type":"PropertyValueSpecification","valueRequired":true,"valueName":"search_term_string"}}],"inLanguage":"en-US"},{"@type":"Organization","@id":"https:\/\/chileentinieblas.cl\/#organization","name":"Chile en Tinieblas","url":"https:\/\/chileentinieblas.cl\/","logo":{"@type":"ImageObject","inLanguage":"en-US","@id":"https:\/\/chileentinieblas.cl\/#\/schema\/logo\/image\/","url":"https:\/\/chileentinieblas.cl\/wp-content\/uploads\/2021\/12\/logo-cet-claro.png","contentUrl":"https:\/\/chileentinieblas.cl\/wp-content\/uploads\/2021\/12\/logo-cet-claro.png","width":1001,"height":1030,"caption":"Chile en Tinieblas"},"image":{"@id":"https:\/\/chileentinieblas.cl\/#\/schema\/logo\/image\/"},"sameAs":["https:\/\/www.facebook.com\/ChileenTinieblas","https:\/\/www.instagram.com\/chileentinieblas\/","https:\/\/www.youtube.com\/@chileentinieblas","https:\/\/www.tiktok.com\/@chileentinieblas"]}]}</script>
<!-- / Yoast SEO plugin. -->

Reunión oficial de miembros de la SON - Chile en Tinieblas

Los miembros de la Sociedad del Octubre Negro durante el mes anterior, reclutaron, guiaron y convocaron a aquellos que se quieren sumar a su lucha, en una reunión celebrada en su base principal: Isla Mocha. Indicaciones para asistir: Temas a tratar: Detalles del plan: Objetos de poder (En proceso):
