{"id":7512,"date":"2026-02-18T14:38:20","date_gmt":"2026-02-18T14:38:20","guid":{"rendered":"https:\/\/chileentinieblas.cl\/?post_type=timeline_event&#038;p=7512"},"modified":"2026-02-18T15:25:06","modified_gmt":"2026-02-18T15:25:06","slug":"evento-son-en-cerro-la-ballena","status":"publish","type":"timeline_event","link":"https:\/\/chileentinieblas.cl\/en\/timeline_event\/evento-son-en-cerro-la-ballena\/","title":{"rendered":"Evento SON en cerro la Ballena"},"content":{"rendered":"<p class=\"wp-block-paragraph\">La noche del 31 de Octubre, Adolfo, Helena, Ronald, Libra-Esquiva y H\u00e9ctor se re\u00fanen despu\u00e9s de d\u00e9cadas para hacer resurgir a la Sociedad del Octubre negro, invitando a los testigos a que se unan a su causa, y para convencerlos hicieron una demostraci\u00f3n de poder: Lograron botar temporalmente la celos\u00eda en el cerro, generando una apertura hacia las tres umbras, lo que provoc\u00f3 una invasi\u00f3n de cosas sobrenaturales al plano f\u00edsico. Se logr\u00f3 el ritual en escala baja, lo que oblig\u00f3 a la tecnocracia a intervenir con una bomba que detuvo la fuga de seres sobrenaturales y cerr\u00f3 la brecha en la celos\u00eda. <\/p>\n\n\n\n<p class=\"wp-block-paragraph\">Con este evento la SON se da a conocer p\u00fablicamente.<\/p>","protected":false},"author":1,"featured_media":2846,"template":"","meta":{"_acf_changed":false,"inline_featured_image":false,"_monsterinsights_skip_tracking":false},"tags":[139],"arco":[291,290],"juego":[131,105,80,117,84],"class_list":["post-7512","timeline_event","type-timeline_event","status-publish","has-post-thumbnail","hentry","tag-sociedad-del-octubre-negro","arco-segundo-ciclo","arco-sociedad-del-octubre-negro","juego-changeling-el-ensueno","juego-hombre-lobo-el-apocalipsis","juego-mago-la-ascension","juego-mundo-de-tinieblas","juego-vampiro-la-mascarada"],"acf":[],"yoast_head":"<!-- This site is optimized with the Yoast SEO plugin v28.4 - https:\/\/yoast.com\/product\/yoast-seo-wordpress\/ -->\n<title>Evento SON en cerro la Ballena - Chile en Tinieblas<\/title>\n<meta name=\"robots\" content=\"index, follow, max-snippet:-1, max-image-preview:large, max-video-preview:-1\" \/>\n<link rel=\"canonical\" href=\"https:\/\/chileentinieblas.cl\/en\/timeline_event\/evento-son-en-cerro-la-ballena\/\" \/>\n<meta property=\"og:locale\" content=\"en_US\" \/>\n<meta property=\"og:type\" content=\"article\" \/>\n<meta property=\"og:title\" content=\"Evento SON en cerro la Ballena - Chile en Tinieblas\" \/>\n<meta property=\"og:description\" content=\"La noche del 31 de Octubre, Adolfo, Helena, Ronald, Libra-Esquiva y H\u00e9ctor se re\u00fanen despu\u00e9s de d\u00e9cadas para hacer resurgir a la Sociedad del Octubre negro, invitando a los testigos a que se unan a su causa, y para convencerlos hicieron una demostraci\u00f3n de poder: Lograron botar temporalmente la celos\u00eda en el cerro, generando una [&hellip;]\" \/>\n<meta property=\"og:url\" content=\"https:\/\/chileentinieblas.cl\/en\/timeline_event\/evento-son-en-cerro-la-ballena\/\" \/>\n<meta property=\"og:site_name\" content=\"Chile en Tinieblas\" \/>\n<meta property=\"article:publisher\" content=\"https:\/\/www.facebook.com\/ChileenTinieblas\" \/>\n<meta property=\"article:modified_time\" content=\"2026-02-18T15:25:06+00:00\" \/>\n<meta property=\"og:image\" content=\"https:\/\/chileentinieblas.cl\/wp-content\/uploads\/2022\/07\/foto-son-1024x698.png\" \/>\n\t<meta property=\"og:image:width\" content=\"1024\" \/>\n\t<meta property=\"og:image:height\" content=\"698\" \/>\n\t<meta property=\"og:image:type\" content=\"image\/png\" \/>\n<meta name=\"twitter:card\" content=\"summary_large_image\" \/>\n<meta name=\"twitter:label1\" content=\"Est. reading time\" \/>\n\t<meta name=\"twitter:data1\" content=\"1 minute\" \/>\n<script type=\"application\/ld+json\" class=\"yoast-schema-graph\">{\"@context\":\"https:\\\/\\\/schema.org\",\"@graph\":[{\"@type\":\"WebPage\",\"@id\":\"https:\\\/\\\/chileentinieblas.cl\\\/timeline_event\\\/evento-son-en-cerro-la-ballena\\\/\",\"url\":\"https:\\\/\\\/chileentinieblas.cl\\\/timeline_event\\\/evento-son-en-cerro-la-ballena\\\/\",\"name\":\"Evento SON en cerro la Ballena - Chile en Tinieblas\",\"isPartOf\":{\"@id\":\"https:\\\/\\\/chileentinieblas.cl\\\/#website\"},\"primaryImageOfPage\":{\"@id\":\"https:\\\/\\\/chileentinieblas.cl\\\/timeline_event\\\/evento-son-en-cerro-la-ballena\\\/#primaryimage\"},\"image\":{\"@id\":\"https:\\\/\\\/chileentinieblas.cl\\\/timeline_event\\\/evento-son-en-cerro-la-ballena\\\/#primaryimage\"},\"thumbnailUrl\":\"https:\\\/\\\/chileentinieblas.cl\\\/wp-content\\\/uploads\\\/2022\\\/07\\\/foto-son.png\",\"datePublished\":\"2026-02-18T14:38:20+00:00\",\"dateModified\":\"2026-02-18T15:25:06+00:00\",\"breadcrumb\":{\"@id\":\"https:\\\/\\\/chileentinieblas.cl\\\/timeline_event\\\/evento-son-en-cerro-la-ballena\\\/#breadcrumb\"},\"inLanguage\":\"en-US\",\"potentialAction\":[{\"@type\":\"ReadAction\",\"target\":[\"https:\\\/\\\/chileentinieblas.cl\\\/timeline_event\\\/evento-son-en-cerro-la-ballena\\\/\"]}]},{\"@type\":\"ImageObject\",\"inLanguage\":\"en-US\",\"@id\":\"https:\\\/\\\/chileentinieblas.cl\\\/timeline_event\\\/evento-son-en-cerro-la-ballena\\\/#primaryimage\",\"url\":\"https:\\\/\\\/chileentinieblas.cl\\\/wp-content\\\/uploads\\\/2022\\\/07\\\/foto-son.png\",\"contentUrl\":\"https:\\\/\\\/chileentinieblas.cl\\\/wp-content\\\/uploads\\\/2022\\\/07\\\/foto-son.png\",\"width\":3250,\"height\":2214},{\"@type\":\"BreadcrumbList\",\"@id\":\"https:\\\/\\\/chileentinieblas.cl\\\/timeline_event\\\/evento-son-en-cerro-la-ballena\\\/#breadcrumb\",\"itemListElement\":[{\"@type\":\"ListItem\",\"position\":1,\"name\":\"Portada\",\"item\":\"https:\\\/\\\/chileentinieblas.cl\\\/\"},{\"@type\":\"ListItem\",\"position\":2,\"name\":\"Evento SON en cerro la Ballena\"}]},{\"@type\":\"WebSite\",\"@id\":\"https:\\\/\\\/chileentinieblas.cl\\\/#website\",\"url\":\"https:\\\/\\\/chileentinieblas.cl\\\/\",\"name\":\"Chile en Tinieblas\",\"description\":\"Un servidor con mesas de rol de Mundo de Tinieblas\",\"publisher\":{\"@id\":\"https:\\\/\\\/chileentinieblas.cl\\\/#organization\"},\"potentialAction\":[{\"@type\":\"SearchAction\",\"target\":{\"@type\":\"EntryPoint\",\"urlTemplate\":\"https:\\\/\\\/chileentinieblas.cl\\\/?s={search_term_string}\"},\"query-input\":{\"@type\":\"PropertyValueSpecification\",\"valueRequired\":true,\"valueName\":\"search_term_string\"}}],\"inLanguage\":\"en-US\"},{\"@type\":\"Organization\",\"@id\":\"https:\\\/\\\/chileentinieblas.cl\\\/#organization\",\"name\":\"Chile en Tinieblas\",\"url\":\"https:\\\/\\\/chileentinieblas.cl\\\/\",\"logo\":{\"@type\":\"ImageObject\",\"inLanguage\":\"en-US\",\"@id\":\"https:\\\/\\\/chileentinieblas.cl\\\/#\\\/schema\\\/logo\\\/image\\\/\",\"url\":\"https:\\\/\\\/chileentinieblas.cl\\\/wp-content\\\/uploads\\\/2021\\\/12\\\/logo-cet-claro.png\",\"contentUrl\":\"https:\\\/\\\/chileentinieblas.cl\\\/wp-content\\\/uploads\\\/2021\\\/12\\\/logo-cet-claro.png\",\"width\":1001,\"height\":1030,\"caption\":\"Chile en Tinieblas\"},\"image\":{\"@id\":\"https:\\\/\\\/chileentinieblas.cl\\\/#\\\/schema\\\/logo\\\/image\\\/\"},\"sameAs\":[\"https:\\\/\\\/www.facebook.com\\\/ChileenTinieblas\",\"https:\\\/\\\/www.instagram.com\\\/chileentinieblas\\\/\",\"https:\\\/\\\/www.youtube.com\\\/@chileentinieblas\",\"https:\\\/\\\/www.tiktok.com\\\/@chileentinieblas\"]}]}<\/script>\n<!-- \/ Yoast SEO plugin. -->","yoast_head_json":{"title":"Evento SON en cerro la Ballena - Chile en Tinieblas","robots":{"index":"index","follow":"follow","max-snippet":"max-snippet:-1","max-image-preview":"max-image-preview:large","max-video-preview":"max-video-preview:-1"},"canonical":"https:\/\/chileentinieblas.cl\/en\/timeline_event\/evento-son-en-cerro-la-ballena\/","og_locale":"en_US","og_type":"article","og_title":"Evento SON en cerro la Ballena - Chile en Tinieblas","og_description":"La noche del 31 de Octubre, Adolfo, Helena, Ronald, Libra-Esquiva y H\u00e9ctor se re\u00fanen despu\u00e9s de d\u00e9cadas para hacer resurgir a la Sociedad del Octubre negro, invitando a los testigos a que se unan a su causa, y para convencerlos hicieron una demostraci\u00f3n de poder: Lograron botar temporalmente la celos\u00eda en el cerro, generando una [&hellip;]","og_url":"https:\/\/chileentinieblas.cl\/en\/timeline_event\/evento-son-en-cerro-la-ballena\/","og_site_name":"Chile en Tinieblas","article_publisher":"https:\/\/www.facebook.com\/ChileenTinieblas","article_modified_time":"2026-02-18T15:25:06+00:00","og_image":[{"width":1024,"height":698,"url":"https:\/\/chileentinieblas.cl\/wp-content\/uploads\/2022\/07\/foto-son-1024x698.png","type":"image\/png"}],"twitter_card":"summary_large_image","twitter_misc":{"Est. reading time":"1 minute"},"schema":{"@context":"https:\/\/schema.org","@graph":[{"@type":"WebPage","@id":"https:\/\/chileentinieblas.cl\/timeline_event\/evento-son-en-cerro-la-ballena\/","url":"https:\/\/chileentinieblas.cl\/timeline_event\/evento-son-en-cerro-la-ballena\/","name":"Evento SON en cerro la Ballena - Chile en Tinieblas","isPartOf":{"@id":"https:\/\/chileentinieblas.cl\/#website"},"primaryImageOfPage":{"@id":"https:\/\/chileentinieblas.cl\/timeline_event\/evento-son-en-cerro-la-ballena\/#primaryimage"},"image":{"@id":"https:\/\/chileentinieblas.cl\/timeline_event\/evento-son-en-cerro-la-ballena\/#primaryimage"},"thumbnailUrl":"https:\/\/chileentinieblas.cl\/wp-content\/uploads\/2022\/07\/foto-son.png","datePublished":"2026-02-18T14:38:20+00:00","dateModified":"2026-02-18T15:25:06+00:00","breadcrumb":{"@id":"https:\/\/chileentinieblas.cl\/timeline_event\/evento-son-en-cerro-la-ballena\/#breadcrumb"},"inLanguage":"en-US","potentialAction":[{"@type":"ReadAction","target":["https:\/\/chileentinieblas.cl\/timeline_event\/evento-son-en-cerro-la-ballena\/"]}]},{"@type":"ImageObject","inLanguage":"en-US","@id":"https:\/\/chileentinieblas.cl\/timeline_event\/evento-son-en-cerro-la-ballena\/#primaryimage","url":"https:\/\/chileentinieblas.cl\/wp-content\/uploads\/2022\/07\/foto-son.png","contentUrl":"https:\/\/chileentinieblas.cl\/wp-content\/uploads\/2022\/07\/foto-son.png","width":3250,"height":2214},{"@type":"BreadcrumbList","@id":"https:\/\/chileentinieblas.cl\/timeline_event\/evento-son-en-cerro-la-ballena\/#breadcrumb","itemListElement":[{"@type":"ListItem","position":1,"name":"Portada","item":"https:\/\/chileentinieblas.cl\/"},{"@type":"ListItem","position":2,"name":"Evento SON en cerro la Ballena"}]},{"@type":"WebSite","@id":"https:\/\/chileentinieblas.cl\/#website","url":"https:\/\/chileentinieblas.cl\/","name":"Chile en Tinieblas","description":"Un servidor con mesas de rol de Mundo de Tinieblas","publisher":{"@id":"https:\/\/chileentinieblas.cl\/#organization"},"potentialAction":[{"@type":"SearchAction","target":{"@type":"EntryPoint","urlTemplate":"https:\/\/chileentinieblas.cl\/?s={search_term_string}"},"query-input":{"@type":"PropertyValueSpecification","valueRequired":true,"valueName":"search_term_string"}}],"inLanguage":"en-US"},{"@type":"Organization","@id":"https:\/\/chileentinieblas.cl\/#organization","name":"Chile en Tinieblas","url":"https:\/\/chileentinieblas.cl\/","logo":{"@type":"ImageObject","inLanguage":"en-US","@id":"https:\/\/chileentinieblas.cl\/#\/schema\/logo\/image\/","url":"https:\/\/chileentinieblas.cl\/wp-content\/uploads\/2021\/12\/logo-cet-claro.png","contentUrl":"https:\/\/chileentinieblas.cl\/wp-content\/uploads\/2021\/12\/logo-cet-claro.png","width":1001,"height":1030,"caption":"Chile en Tinieblas"},"image":{"@id":"https:\/\/chileentinieblas.cl\/#\/schema\/logo\/image\/"},"sameAs":["https:\/\/www.facebook.com\/ChileenTinieblas","https:\/\/www.instagram.com\/chileentinieblas\/","https:\/\/www.youtube.com\/@chileentinieblas","https:\/\/www.tiktok.com\/@chileentinieblas"]}]}},"jetpack_sharing_enabled":true,"_links":{"self":[{"href":"https:\/\/chileentinieblas.cl\/en\/wp-json\/wp\/v2\/timeline_event\/7512","targetHints":{"allow":["GET"]}}],"collection":[{"href":"https:\/\/chileentinieblas.cl\/en\/wp-json\/wp\/v2\/timeline_event"}],"about":[{"href":"https:\/\/chileentinieblas.cl\/en\/wp-json\/wp\/v2\/types\/timeline_event"}],"author":[{"embeddable":true,"href":"https:\/\/chileentinieblas.cl\/en\/wp-json\/wp\/v2\/users\/1"}],"wp:featuredmedia":[{"embeddable":true,"href":"https:\/\/chileentinieblas.cl\/en\/wp-json\/wp\/v2\/media\/2846"}],"wp:attachment":[{"href":"https:\/\/chileentinieblas.cl\/en\/wp-json\/wp\/v2\/media?parent=7512"}],"wp:term":[{"taxonomy":"post_tag","embeddable":true,"href":"https:\/\/chileentinieblas.cl\/en\/wp-json\/wp\/v2\/tags?post=7512"},{"taxonomy":"arco","embeddable":true,"href":"https:\/\/chileentinieblas.cl\/en\/wp-json\/wp\/v2\/arco?post=7512"},{"taxonomy":"juego","embeddable":true,"href":"https:\/\/chileentinieblas.cl\/en\/wp-json\/wp\/v2\/juego?post=7512"}],"curies":[{"name":"wp","href":"https:\/\/api.w.org\/{rel}","templated":true}]}}

<p class="wp-block-paragraph">La noche del 31 de Octubre, Adolfo, Helena, Ronald, Libra-Esquiva y Héctor se reúnen después de décadas para hacer resurgir a la Sociedad del Octubre negro, invitando a los testigos a que se unan a su causa, y para convencerlos hicieron una demostración de poder: Lograron botar temporalmente la celosía en el cerro, generando una apertura hacia las tres umbras, lo que provocó una invasión de cosas sobrenaturales al plano físico. Se logró el ritual en escala baja, lo que obligó a la tecnocracia a intervenir con una bomba que detuvo la fuga de seres sobrenaturales y cerró la brecha en la celosía. </p>



<p class="wp-block-paragraph">Con este evento la SON se da a conocer públicamente.</p>

<!-- This site is optimized with the Yoast SEO plugin v28.4 - https://yoast.com/product/yoast-seo-wordpress/ -->
<title>Evento SON en cerro la Ballena - Chile en Tinieblas</title>
<meta name="robots" content="index, follow, max-snippet:-1, max-image-preview:large, max-video-preview:-1" />
<link rel="canonical" href="https://chileentinieblas.cl/en/timeline_event/evento-son-en-cerro-la-ballena/" />
<meta property="og:locale" content="en_US" />
<meta property="og:type" content="article" />
<meta property="og:title" content="Evento SON en cerro la Ballena - Chile en Tinieblas" />
<meta property="og:description" content="La noche del 31 de Octubre, Adolfo, Helena, Ronald, Libra-Esquiva y Héctor se reúnen después de décadas para hacer resurgir a la Sociedad del Octubre negro, invitando a los testigos a que se unan a su causa, y para convencerlos hicieron una demostración de poder: Lograron botar temporalmente la celosía en el cerro, generando una [&hellip;]" />
<meta property="og:url" content="https://chileentinieblas.cl/en/timeline_event/evento-son-en-cerro-la-ballena/" />
<meta property="og:site_name" content="Chile en Tinieblas" />
<meta property="article:publisher" content="https://www.facebook.com/ChileenTinieblas" />
<meta property="article:modified_time" content="2026-02-18T15:25:06+00:00" />
<meta property="og:image" content="https://chileentinieblas.cl/wp-content/uploads/2022/07/foto-son-1024x698.png" />
	<meta property="og:image:width" content="1024" />
	<meta property="og:image:height" content="698" />
	<meta property="og:image:type" content="image/png" />
<meta name="twitter:card" content="summary_large_image" />
<meta name="twitter:label1" content="Est. reading time" />
	<meta name="twitter:data1" content="1 minute" />
<script type="application/ld+json" class="yoast-schema-graph">{"@context":"https:\/\/schema.org","@graph":[{"@type":"WebPage","@id":"https:\/\/chileentinieblas.cl\/timeline_event\/evento-son-en-cerro-la-ballena\/","url":"https:\/\/chileentinieblas.cl\/timeline_event\/evento-son-en-cerro-la-ballena\/","name":"Evento SON en cerro la Ballena - Chile en Tinieblas","isPartOf":{"@id":"https:\/\/chileentinieblas.cl\/#website"},"primaryImageOfPage":{"@id":"https:\/\/chileentinieblas.cl\/timeline_event\/evento-son-en-cerro-la-ballena\/#primaryimage"},"image":{"@id":"https:\/\/chileentinieblas.cl\/timeline_event\/evento-son-en-cerro-la-ballena\/#primaryimage"},"thumbnailUrl":"https:\/\/chileentinieblas.cl\/wp-content\/uploads\/2022\/07\/foto-son.png","datePublished":"2026-02-18T14:38:20+00:00","dateModified":"2026-02-18T15:25:06+00:00","breadcrumb":{"@id":"https:\/\/chileentinieblas.cl\/timeline_event\/evento-son-en-cerro-la-ballena\/#breadcrumb"},"inLanguage":"en-US","potentialAction":[{"@type":"ReadAction","target":["https:\/\/chileentinieblas.cl\/timeline_event\/evento-son-en-cerro-la-ballena\/"]}]},{"@type":"ImageObject","inLanguage":"en-US","@id":"https:\/\/chileentinieblas.cl\/timeline_event\/evento-son-en-cerro-la-ballena\/#primaryimage","url":"https:\/\/chileentinieblas.cl\/wp-content\/uploads\/2022\/07\/foto-son.png","contentUrl":"https:\/\/chileentinieblas.cl\/wp-content\/uploads\/2022\/07\/foto-son.png","width":3250,"height":2214},{"@type":"BreadcrumbList","@id":"https:\/\/chileentinieblas.cl\/timeline_event\/evento-son-en-cerro-la-ballena\/#breadcrumb","itemListElement":[{"@type":"ListItem","position":1,"name":"Portada","item":"https:\/\/chileentinieblas.cl\/"},{"@type":"ListItem","position":2,"name":"Evento SON en cerro la Ballena"}]},{"@type":"WebSite","@id":"https:\/\/chileentinieblas.cl\/#website","url":"https:\/\/chileentinieblas.cl\/","name":"Chile en Tinieblas","description":"Un servidor con mesas de rol de Mundo de Tinieblas","publisher":{"@id":"https:\/\/chileentinieblas.cl\/#organization"},"potentialAction":[{"@type":"SearchAction","target":{"@type":"EntryPoint","urlTemplate":"https:\/\/chileentinieblas.cl\/?s={search_term_string}"},"query-input":{"@type":"PropertyValueSpecification","valueRequired":true,"valueName":"search_term_string"}}],"inLanguage":"en-US"},{"@type":"Organization","@id":"https:\/\/chileentinieblas.cl\/#organization","name":"Chile en Tinieblas","url":"https:\/\/chileentinieblas.cl\/","logo":{"@type":"ImageObject","inLanguage":"en-US","@id":"https:\/\/chileentinieblas.cl\/#\/schema\/logo\/image\/","url":"https:\/\/chileentinieblas.cl\/wp-content\/uploads\/2021\/12\/logo-cet-claro.png","contentUrl":"https:\/\/chileentinieblas.cl\/wp-content\/uploads\/2021\/12\/logo-cet-claro.png","width":1001,"height":1030,"caption":"Chile en Tinieblas"},"image":{"@id":"https:\/\/chileentinieblas.cl\/#\/schema\/logo\/image\/"},"sameAs":["https:\/\/www.facebook.com\/ChileenTinieblas","https:\/\/www.instagram.com\/chileentinieblas\/","https:\/\/www.youtube.com\/@chileentinieblas","https:\/\/www.tiktok.com\/@chileentinieblas"]}]}</script>
<!-- / Yoast SEO plugin. -->

La noche del 31 de Octubre, Adolfo, Helena, Ronald, Libra-Esquiva y Héctor se reúnen después de décadas para hacer resurgir a la Sociedad del Octubre negro, invitando a los testigos a que se unan a su causa, y para convencerlos hicieron una demostración de poder: Lograron botar temporalmente la celosía en el cerro, generando una [&hellip;]
