{"id":8188,"date":"2026-09-02T00:27:14","date_gmt":"2026-09-02T00:27:14","guid":{"rendered":"https:\/\/chileentinieblas.cl\/?post_type=pnj&#038;p=8188"},"modified":"2026-09-02T00:43:04","modified_gmt":"2026-09-02T00:43:04","slug":"el-condor-albino","status":"publish","type":"pnj","link":"https:\/\/chileentinieblas.cl\/en\/pnj\/el-condor-albino\/","title":{"rendered":"El condor albino"},"content":{"rendered":"<p class=\"wp-block-paragraph\">Este misterioso personaje es el l\u00edder <a href=\"https:\/\/chileentinieblas.cl\/en\/agrupaciones\/el-pino-del-condor-albino\/\" data-type=\"agrupaciones\" data-id=\"8180\">El pi\u00f1o del condor albino<\/a>. Su identidad exacta se desconoce y ni si quiera se sabe completamente si es real o una leyenda urbana. Sin embargo, se dice que es sumamente diestro en combate y a\u00fan m\u00e1s persuasivo, as\u00ed como su destreza como l\u00edder t\u00e1ctico militar, siendo capaz de hacer estrategias impresionantes para lograr sus objetivos a\u00fan en las situaciones m\u00e1s desventajosas.<\/p>\n\n\n\n<p class=\"wp-block-paragraph\">Tiene un c\u00edrculo de confianza peque\u00f1o y estrecho formado por los miembros de m\u00e1s alto rango en el grupo. As\u00ed mismo, su relaci\u00f3n con la <a href=\"https:\/\/chileentinieblas.cl\/en\/agrupaciones\/coordinadora-arauco-malleco-cam\/\" data-type=\"agrupaciones\" data-id=\"8183\">Coordinadora Arauco Malleco (CAM)<\/a> es una alianza confusa, pues si bien se toleran, no conf\u00edan totalmente el uno en el otro.<\/p>\n\n\n\n<p class=\"wp-block-paragraph\">El condor se adjudic\u00f3 el ataque al centro de estudio y trabajo de Vilc\u00fan, prisi\u00f3n de m\u00e1xima seguridad ubicada en la regi\u00f3n de la araucan\u00eda, liberando al machi Celestino Cordova as\u00ed como los dem\u00e1s presos por el asesinato del matrimonio Lucksinger-Macay.<\/p>\n\n\n\n<p class=\"wp-block-paragraph\"><\/p>","protected":false},"author":34,"featured_media":8189,"template":"","tags":[],"faccion":[59],"class_list":["post-8188","pnj","type-pnj","status-publish","has-post-thumbnail","hentry","faccion-demonio-la-caida"],"acf":{"fecha":"","estatus":"Activo","ficha_del_personaje":"","aspecto":"","interpretacion":"","informacion_privada":"Su verdadera identida es Cristi\u00e1n Lefken, un hombre de 23 a\u00f1os, de complexi\u00f3n albina producto de su ascendencia Elohim.\r\n\r\nSu l\u00ednea familiar naci\u00f3 de la relaci\u00f3n entre un \u00e1ngel ca\u00eddo y un humano durante los tiempos de la guerra de la ira, siendo as\u00ed descendiente de un Nephelim prehist\u00f3rico, lo que lo vuelve especial y levemente m\u00e1s resistente a la influencia sobrenatural. No tiene poderes especiales, pero su resistencia inusual lo volvi\u00f3 objetivo de un encadenado llamado Elthariel, quien quiere corromper su alma y destruir sus esperanzas mediante rituales para volverlo su recipiente humano.\r\n\r\nEs sumamente ambicioso y egoc\u00e9ntrico, aunque lo sabe enmascarar especialmente bien por lo que solo personajes espcialmente perceptivos pueden notar estos rasgos de su personalidad.","mapa_de_kumu_u_otro_embed":""},"yoast_head":"<!-- This site is optimized with the Yoast SEO plugin v28.4 - https:\/\/yoast.com\/product\/yoast-seo-wordpress\/ -->\n<title>El condor albino - Chile en Tinieblas<\/title>\n<meta name=\"robots\" content=\"index, follow, max-snippet:-1, max-image-preview:large, max-video-preview:-1\" \/>\n<link rel=\"canonical\" href=\"https:\/\/chileentinieblas.cl\/en\/pnj\/el-condor-albino\/\" \/>\n<meta property=\"og:locale\" content=\"en_US\" \/>\n<meta property=\"og:type\" content=\"article\" \/>\n<meta property=\"og:title\" content=\"El condor albino - Chile en Tinieblas\" \/>\n<meta property=\"og:description\" content=\"Este misterioso personaje es el l\u00edder El pi\u00f1o del condor albino. Su identidad exacta se desconoce y ni si quiera se sabe completamente si es real o una leyenda urbana. Sin embargo, se dice que es sumamente diestro en combate y a\u00fan m\u00e1s persuasivo, as\u00ed como su destreza como l\u00edder t\u00e1ctico militar, siendo capaz de [&hellip;]\" \/>\n<meta property=\"og:url\" content=\"https:\/\/chileentinieblas.cl\/en\/pnj\/el-condor-albino\/\" \/>\n<meta property=\"og:site_name\" content=\"Chile en Tinieblas\" \/>\n<meta property=\"article:publisher\" content=\"https:\/\/www.facebook.com\/ChileenTinieblas\" \/>\n<meta property=\"article:modified_time\" content=\"2026-09-02T00:43:04+00:00\" \/>\n<meta property=\"og:image\" content=\"https:\/\/chileentinieblas.cl\/wp-content\/uploads\/2026\/09\/El-Condor-Albino-identidad-secreta.jpg\" \/>\n\t<meta property=\"og:image:width\" content=\"1060\" \/>\n\t<meta property=\"og:image:height\" content=\"1484\" \/>\n\t<meta property=\"og:image:type\" content=\"image\/jpeg\" \/>\n<meta name=\"twitter:card\" content=\"summary_large_image\" \/>\n<meta name=\"twitter:label1\" content=\"Est. reading time\" \/>\n\t<meta name=\"twitter:data1\" content=\"1 minute\" \/>\n<script type=\"application\/ld+json\" class=\"yoast-schema-graph\">{\"@context\":\"https:\\\/\\\/schema.org\",\"@graph\":[{\"@type\":\"WebPage\",\"@id\":\"https:\\\/\\\/chileentinieblas.cl\\\/pnj\\\/el-condor-albino\\\/\",\"url\":\"https:\\\/\\\/chileentinieblas.cl\\\/pnj\\\/el-condor-albino\\\/\",\"name\":\"El condor albino - Chile en Tinieblas\",\"isPartOf\":{\"@id\":\"https:\\\/\\\/chileentinieblas.cl\\\/#website\"},\"primaryImageOfPage\":{\"@id\":\"https:\\\/\\\/chileentinieblas.cl\\\/pnj\\\/el-condor-albino\\\/#primaryimage\"},\"image\":{\"@id\":\"https:\\\/\\\/chileentinieblas.cl\\\/pnj\\\/el-condor-albino\\\/#primaryimage\"},\"thumbnailUrl\":\"https:\\\/\\\/chileentinieblas.cl\\\/wp-content\\\/uploads\\\/2026\\\/09\\\/El-Condor-Albino-identidad-secreta.jpg\",\"datePublished\":\"2026-09-02T00:27:14+00:00\",\"dateModified\":\"2026-09-02T00:43:04+00:00\",\"breadcrumb\":{\"@id\":\"https:\\\/\\\/chileentinieblas.cl\\\/pnj\\\/el-condor-albino\\\/#breadcrumb\"},\"inLanguage\":\"en-US\",\"potentialAction\":[{\"@type\":\"ReadAction\",\"target\":[\"https:\\\/\\\/chileentinieblas.cl\\\/pnj\\\/el-condor-albino\\\/\"]}]},{\"@type\":\"ImageObject\",\"inLanguage\":\"en-US\",\"@id\":\"https:\\\/\\\/chileentinieblas.cl\\\/pnj\\\/el-condor-albino\\\/#primaryimage\",\"url\":\"https:\\\/\\\/chileentinieblas.cl\\\/wp-content\\\/uploads\\\/2026\\\/09\\\/El-Condor-Albino-identidad-secreta.jpg\",\"contentUrl\":\"https:\\\/\\\/chileentinieblas.cl\\\/wp-content\\\/uploads\\\/2026\\\/09\\\/El-Condor-Albino-identidad-secreta.jpg\",\"width\":1060,\"height\":1484},{\"@type\":\"BreadcrumbList\",\"@id\":\"https:\\\/\\\/chileentinieblas.cl\\\/pnj\\\/el-condor-albino\\\/#breadcrumb\",\"itemListElement\":[{\"@type\":\"ListItem\",\"position\":1,\"name\":\"Portada\",\"item\":\"https:\\\/\\\/chileentinieblas.cl\\\/\"},{\"@type\":\"ListItem\",\"position\":2,\"name\":\"PNJs\",\"item\":\"https:\\\/\\\/chileentinieblas.cl\\\/pnj\\\/\"},{\"@type\":\"ListItem\",\"position\":3,\"name\":\"El condor albino\"}]},{\"@type\":\"WebSite\",\"@id\":\"https:\\\/\\\/chileentinieblas.cl\\\/#website\",\"url\":\"https:\\\/\\\/chileentinieblas.cl\\\/\",\"name\":\"Chile en Tinieblas\",\"description\":\"Un servidor con mesas de rol de Mundo de Tinieblas\",\"publisher\":{\"@id\":\"https:\\\/\\\/chileentinieblas.cl\\\/#organization\"},\"potentialAction\":[{\"@type\":\"SearchAction\",\"target\":{\"@type\":\"EntryPoint\",\"urlTemplate\":\"https:\\\/\\\/chileentinieblas.cl\\\/?s={search_term_string}\"},\"query-input\":{\"@type\":\"PropertyValueSpecification\",\"valueRequired\":true,\"valueName\":\"search_term_string\"}}],\"inLanguage\":\"en-US\"},{\"@type\":\"Organization\",\"@id\":\"https:\\\/\\\/chileentinieblas.cl\\\/#organization\",\"name\":\"Chile en Tinieblas\",\"url\":\"https:\\\/\\\/chileentinieblas.cl\\\/\",\"logo\":{\"@type\":\"ImageObject\",\"inLanguage\":\"en-US\",\"@id\":\"https:\\\/\\\/chileentinieblas.cl\\\/#\\\/schema\\\/logo\\\/image\\\/\",\"url\":\"https:\\\/\\\/chileentinieblas.cl\\\/wp-content\\\/uploads\\\/2021\\\/12\\\/logo-cet-claro.png\",\"contentUrl\":\"https:\\\/\\\/chileentinieblas.cl\\\/wp-content\\\/uploads\\\/2021\\\/12\\\/logo-cet-claro.png\",\"width\":1001,\"height\":1030,\"caption\":\"Chile en Tinieblas\"},\"image\":{\"@id\":\"https:\\\/\\\/chileentinieblas.cl\\\/#\\\/schema\\\/logo\\\/image\\\/\"},\"sameAs\":[\"https:\\\/\\\/www.facebook.com\\\/ChileenTinieblas\",\"https:\\\/\\\/www.instagram.com\\\/chileentinieblas\\\/\",\"https:\\\/\\\/www.youtube.com\\\/@chileentinieblas\",\"https:\\\/\\\/www.tiktok.com\\\/@chileentinieblas\"]}]}<\/script>\n<!-- \/ Yoast SEO plugin. -->","yoast_head_json":{"title":"El condor albino - Chile en Tinieblas","robots":{"index":"index","follow":"follow","max-snippet":"max-snippet:-1","max-image-preview":"max-image-preview:large","max-video-preview":"max-video-preview:-1"},"canonical":"https:\/\/chileentinieblas.cl\/en\/pnj\/el-condor-albino\/","og_locale":"en_US","og_type":"article","og_title":"El condor albino - Chile en Tinieblas","og_description":"Este misterioso personaje es el l\u00edder El pi\u00f1o del condor albino. Su identidad exacta se desconoce y ni si quiera se sabe completamente si es real o una leyenda urbana. Sin embargo, se dice que es sumamente diestro en combate y a\u00fan m\u00e1s persuasivo, as\u00ed como su destreza como l\u00edder t\u00e1ctico militar, siendo capaz de [&hellip;]","og_url":"https:\/\/chileentinieblas.cl\/en\/pnj\/el-condor-albino\/","og_site_name":"Chile en Tinieblas","article_publisher":"https:\/\/www.facebook.com\/ChileenTinieblas","article_modified_time":"2026-09-02T00:43:04+00:00","og_image":[{"width":1060,"height":1484,"url":"https:\/\/chileentinieblas.cl\/wp-content\/uploads\/2026\/09\/El-Condor-Albino-identidad-secreta.jpg","type":"image\/jpeg"}],"twitter_card":"summary_large_image","twitter_misc":{"Est. reading time":"1 minute"},"schema":{"@context":"https:\/\/schema.org","@graph":[{"@type":"WebPage","@id":"https:\/\/chileentinieblas.cl\/pnj\/el-condor-albino\/","url":"https:\/\/chileentinieblas.cl\/pnj\/el-condor-albino\/","name":"El condor albino - Chile en Tinieblas","isPartOf":{"@id":"https:\/\/chileentinieblas.cl\/#website"},"primaryImageOfPage":{"@id":"https:\/\/chileentinieblas.cl\/pnj\/el-condor-albino\/#primaryimage"},"image":{"@id":"https:\/\/chileentinieblas.cl\/pnj\/el-condor-albino\/#primaryimage"},"thumbnailUrl":"https:\/\/chileentinieblas.cl\/wp-content\/uploads\/2026\/09\/El-Condor-Albino-identidad-secreta.jpg","datePublished":"2026-09-02T00:27:14+00:00","dateModified":"2026-09-02T00:43:04+00:00","breadcrumb":{"@id":"https:\/\/chileentinieblas.cl\/pnj\/el-condor-albino\/#breadcrumb"},"inLanguage":"en-US","potentialAction":[{"@type":"ReadAction","target":["https:\/\/chileentinieblas.cl\/pnj\/el-condor-albino\/"]}]},{"@type":"ImageObject","inLanguage":"en-US","@id":"https:\/\/chileentinieblas.cl\/pnj\/el-condor-albino\/#primaryimage","url":"https:\/\/chileentinieblas.cl\/wp-content\/uploads\/2026\/09\/El-Condor-Albino-identidad-secreta.jpg","contentUrl":"https:\/\/chileentinieblas.cl\/wp-content\/uploads\/2026\/09\/El-Condor-Albino-identidad-secreta.jpg","width":1060,"height":1484},{"@type":"BreadcrumbList","@id":"https:\/\/chileentinieblas.cl\/pnj\/el-condor-albino\/#breadcrumb","itemListElement":[{"@type":"ListItem","position":1,"name":"Portada","item":"https:\/\/chileentinieblas.cl\/"},{"@type":"ListItem","position":2,"name":"PNJs","item":"https:\/\/chileentinieblas.cl\/pnj\/"},{"@type":"ListItem","position":3,"name":"El condor albino"}]},{"@type":"WebSite","@id":"https:\/\/chileentinieblas.cl\/#website","url":"https:\/\/chileentinieblas.cl\/","name":"Chile en Tinieblas","description":"Un servidor con mesas de rol de Mundo de Tinieblas","publisher":{"@id":"https:\/\/chileentinieblas.cl\/#organization"},"potentialAction":[{"@type":"SearchAction","target":{"@type":"EntryPoint","urlTemplate":"https:\/\/chileentinieblas.cl\/?s={search_term_string}"},"query-input":{"@type":"PropertyValueSpecification","valueRequired":true,"valueName":"search_term_string"}}],"inLanguage":"en-US"},{"@type":"Organization","@id":"https:\/\/chileentinieblas.cl\/#organization","name":"Chile en Tinieblas","url":"https:\/\/chileentinieblas.cl\/","logo":{"@type":"ImageObject","inLanguage":"en-US","@id":"https:\/\/chileentinieblas.cl\/#\/schema\/logo\/image\/","url":"https:\/\/chileentinieblas.cl\/wp-content\/uploads\/2021\/12\/logo-cet-claro.png","contentUrl":"https:\/\/chileentinieblas.cl\/wp-content\/uploads\/2021\/12\/logo-cet-claro.png","width":1001,"height":1030,"caption":"Chile en Tinieblas"},"image":{"@id":"https:\/\/chileentinieblas.cl\/#\/schema\/logo\/image\/"},"sameAs":["https:\/\/www.facebook.com\/ChileenTinieblas","https:\/\/www.instagram.com\/chileentinieblas\/","https:\/\/www.youtube.com\/@chileentinieblas","https:\/\/www.tiktok.com\/@chileentinieblas"]}]}},"jetpack_sharing_enabled":true,"_links":{"self":[{"href":"https:\/\/chileentinieblas.cl\/en\/wp-json\/wp\/v2\/pnj\/8188","targetHints":{"allow":["GET"]}}],"collection":[{"href":"https:\/\/chileentinieblas.cl\/en\/wp-json\/wp\/v2\/pnj"}],"about":[{"href":"https:\/\/chileentinieblas.cl\/en\/wp-json\/wp\/v2\/types\/pnj"}],"author":[{"embeddable":true,"href":"https:\/\/chileentinieblas.cl\/en\/wp-json\/wp\/v2\/users\/34"}],"wp:featuredmedia":[{"embeddable":true,"href":"https:\/\/chileentinieblas.cl\/en\/wp-json\/wp\/v2\/media\/8189"}],"wp:attachment":[{"href":"https:\/\/chileentinieblas.cl\/en\/wp-json\/wp\/v2\/media?parent=8188"}],"wp:term":[{"taxonomy":"post_tag","embeddable":true,"href":"https:\/\/chileentinieblas.cl\/en\/wp-json\/wp\/v2\/tags?post=8188"},{"taxonomy":"faccion","embeddable":true,"href":"https:\/\/chileentinieblas.cl\/en\/wp-json\/wp\/v2\/faccion?post=8188"}],"curies":[{"name":"wp","href":"https:\/\/api.w.org\/{rel}","templated":true}]}}

<p class="wp-block-paragraph">Este misterioso personaje es el líder <a href="https://chileentinieblas.cl/en/agrupaciones/el-pino-del-condor-albino/" data-type="agrupaciones" data-id="8180">El piño del condor albino</a>. Su identidad exacta se desconoce y ni si quiera se sabe completamente si es real o una leyenda urbana. Sin embargo, se dice que es sumamente diestro en combate y aún más persuasivo, así como su destreza como líder táctico militar, siendo capaz de hacer estrategias impresionantes para lograr sus objetivos aún en las situaciones más desventajosas.</p>



<p class="wp-block-paragraph">Tiene un círculo de confianza pequeño y estrecho formado por los miembros de más alto rango en el grupo. Así mismo, su relación con la <a href="https://chileentinieblas.cl/en/agrupaciones/coordinadora-arauco-malleco-cam/" data-type="agrupaciones" data-id="8183">Coordinadora Arauco Malleco (CAM)</a> es una alianza confusa, pues si bien se toleran, no confían totalmente el uno en el otro.</p>



<p class="wp-block-paragraph">El condor se adjudicó el ataque al centro de estudio y trabajo de Vilcún, prisión de máxima seguridad ubicada en la región de la araucanía, liberando al machi Celestino Cordova así como los demás presos por el asesinato del matrimonio Lucksinger-Macay.</p>



<p class="wp-block-paragraph"></p>

Su verdadera identida es Cristián Lefken, un hombre de 23 años, de complexión albina producto de su ascendencia Elohim.

Su línea familiar nació de la relación entre un ángel caído y un humano durante los tiempos de la guerra de la ira, siendo así descendiente de un Nephelim prehistórico, lo que lo vuelve especial y levemente más resistente a la influencia sobrenatural. No tiene poderes especiales, pero su resistencia inusual lo volvió objetivo de un encadenado llamado Elthariel, quien quiere corromper su alma y destruir sus esperanzas mediante rituales para volverlo su recipiente humano.

Es sumamente ambicioso y egocéntrico, aunque lo sabe enmascarar especialmente bien por lo que solo personajes espcialmente perceptivos pueden notar estos rasgos de su personalidad.

<!-- This site is optimized with the Yoast SEO plugin v28.4 - https://yoast.com/product/yoast-seo-wordpress/ -->
<title>El condor albino - Chile en Tinieblas</title>
<meta name="robots" content="index, follow, max-snippet:-1, max-image-preview:large, max-video-preview:-1" />
<link rel="canonical" href="https://chileentinieblas.cl/en/pnj/el-condor-albino/" />
<meta property="og:locale" content="en_US" />
<meta property="og:type" content="article" />
<meta property="og:title" content="El condor albino - Chile en Tinieblas" />
<meta property="og:description" content="Este misterioso personaje es el líder El piño del condor albino. Su identidad exacta se desconoce y ni si quiera se sabe completamente si es real o una leyenda urbana. Sin embargo, se dice que es sumamente diestro en combate y aún más persuasivo, así como su destreza como líder táctico militar, siendo capaz de [&hellip;]" />
<meta property="og:url" content="https://chileentinieblas.cl/en/pnj/el-condor-albino/" />
<meta property="og:site_name" content="Chile en Tinieblas" />
<meta property="article:publisher" content="https://www.facebook.com/ChileenTinieblas" />
<meta property="article:modified_time" content="2026-09-02T00:43:04+00:00" />
<meta property="og:image" content="https://chileentinieblas.cl/wp-content/uploads/2026/09/El-Condor-Albino-identidad-secreta.jpg" />
	<meta property="og:image:width" content="1060" />
	<meta property="og:image:height" content="1484" />
	<meta property="og:image:type" content="image/jpeg" />
<meta name="twitter:card" content="summary_large_image" />
<meta name="twitter:label1" content="Est. reading time" />
	<meta name="twitter:data1" content="1 minute" />
<script type="application/ld+json" class="yoast-schema-graph">{"@context":"https:\/\/schema.org","@graph":[{"@type":"WebPage","@id":"https:\/\/chileentinieblas.cl\/pnj\/el-condor-albino\/","url":"https:\/\/chileentinieblas.cl\/pnj\/el-condor-albino\/","name":"El condor albino - Chile en Tinieblas","isPartOf":{"@id":"https:\/\/chileentinieblas.cl\/#website"},"primaryImageOfPage":{"@id":"https:\/\/chileentinieblas.cl\/pnj\/el-condor-albino\/#primaryimage"},"image":{"@id":"https:\/\/chileentinieblas.cl\/pnj\/el-condor-albino\/#primaryimage"},"thumbnailUrl":"https:\/\/chileentinieblas.cl\/wp-content\/uploads\/2026\/09\/El-Condor-Albino-identidad-secreta.jpg","datePublished":"2026-09-02T00:27:14+00:00","dateModified":"2026-09-02T00:43:04+00:00","breadcrumb":{"@id":"https:\/\/chileentinieblas.cl\/pnj\/el-condor-albino\/#breadcrumb"},"inLanguage":"en-US","potentialAction":[{"@type":"ReadAction","target":["https:\/\/chileentinieblas.cl\/pnj\/el-condor-albino\/"]}]},{"@type":"ImageObject","inLanguage":"en-US","@id":"https:\/\/chileentinieblas.cl\/pnj\/el-condor-albino\/#primaryimage","url":"https:\/\/chileentinieblas.cl\/wp-content\/uploads\/2026\/09\/El-Condor-Albino-identidad-secreta.jpg","contentUrl":"https:\/\/chileentinieblas.cl\/wp-content\/uploads\/2026\/09\/El-Condor-Albino-identidad-secreta.jpg","width":1060,"height":1484},{"@type":"BreadcrumbList","@id":"https:\/\/chileentinieblas.cl\/pnj\/el-condor-albino\/#breadcrumb","itemListElement":[{"@type":"ListItem","position":1,"name":"Portada","item":"https:\/\/chileentinieblas.cl\/"},{"@type":"ListItem","position":2,"name":"PNJs","item":"https:\/\/chileentinieblas.cl\/pnj\/"},{"@type":"ListItem","position":3,"name":"El condor albino"}]},{"@type":"WebSite","@id":"https:\/\/chileentinieblas.cl\/#website","url":"https:\/\/chileentinieblas.cl\/","name":"Chile en Tinieblas","description":"Un servidor con mesas de rol de Mundo de Tinieblas","publisher":{"@id":"https:\/\/chileentinieblas.cl\/#organization"},"potentialAction":[{"@type":"SearchAction","target":{"@type":"EntryPoint","urlTemplate":"https:\/\/chileentinieblas.cl\/?s={search_term_string}"},"query-input":{"@type":"PropertyValueSpecification","valueRequired":true,"valueName":"search_term_string"}}],"inLanguage":"en-US"},{"@type":"Organization","@id":"https:\/\/chileentinieblas.cl\/#organization","name":"Chile en Tinieblas","url":"https:\/\/chileentinieblas.cl\/","logo":{"@type":"ImageObject","inLanguage":"en-US","@id":"https:\/\/chileentinieblas.cl\/#\/schema\/logo\/image\/","url":"https:\/\/chileentinieblas.cl\/wp-content\/uploads\/2021\/12\/logo-cet-claro.png","contentUrl":"https:\/\/chileentinieblas.cl\/wp-content\/uploads\/2021\/12\/logo-cet-claro.png","width":1001,"height":1030,"caption":"Chile en Tinieblas"},"image":{"@id":"https:\/\/chileentinieblas.cl\/#\/schema\/logo\/image\/"},"sameAs":["https:\/\/www.facebook.com\/ChileenTinieblas","https:\/\/www.instagram.com\/chileentinieblas\/","https:\/\/www.youtube.com\/@chileentinieblas","https:\/\/www.tiktok.com\/@chileentinieblas"]}]}</script>
<!-- / Yoast SEO plugin. -->

Este misterioso personaje es el líder El piño del condor albino. Su identidad exacta se desconoce y ni si quiera se sabe completamente si es real o una leyenda urbana. Sin embargo, se dice que es sumamente diestro en combate y aún más persuasivo, así como su destreza como líder táctico militar, siendo capaz de [&hellip;]
