{"id":8109,"date":"2026-07-18T22:59:11","date_gmt":"2026-07-18T22:59:11","guid":{"rendered":"https:\/\/chileentinieblas.cl\/?post_type=pnj&#038;p=8109"},"modified":"2026-07-19T02:23:58","modified_gmt":"2026-07-19T02:23:58","slug":"herida-en-el-silencio","status":"publish","type":"pnj","link":"https:\/\/chileentinieblas.cl\/en\/pnj\/herida-en-el-silencio\/","title":{"rendered":"Herida en el Silencio"},"content":{"rendered":"<p class=\"wp-block-paragraph\"><strong>Tribu:<\/strong> <strong>Colmillos Plateados<\/strong><br><strong>Auspicio:<\/strong> <strong>Philodox<\/strong><\/p>\n\n\n\n<p class=\"wp-block-paragraph\">Herida es uno de los pocos Colmillos Plateados que entiende que la Naci\u00f3n Garou no puede sobrevivir dividida.<\/p>\n\n\n\n<p class=\"wp-block-paragraph\">Su renombre proviene de representar dignamente a su t\u00famulo y ser alguien en quien los distintos alfas pueden confiar.<\/p>\n\n\n\n<p class=\"wp-block-paragraph\">Su principal tarea es formar lazos de colaboraci\u00f3n entre los t\u00famulos de la <a href=\"https:\/\/chileentinieblas.cl\/en\/agrupaciones\/clan-de-la-serpiente-del-cajon\/\">Serpiente del Caj\u00f3n<\/a> y la <a href=\"https:\/\/chileentinieblas.cl\/en\/agrupaciones\/clan-de-la-torre-vigilante\/\">Torre Vigilante<\/a>, no pertenece completamente a ninguno de los dos mundos, pero puede caminar entre ambos.<\/p>\n\n\n\n<p class=\"wp-block-paragraph\">Habla poco, observa mucho e inspira confianza m\u00e1s por su presencia que por sus discursos.<\/p>\n\n\n\n<p class=\"wp-block-paragraph\">En cierta medida, se ha convertido en un s\u00edmbolo de la uni\u00f3n que la Naci\u00f3n Garou necesita recomponer en estos tiempos.<\/p>\n\n\n\n<figure class=\"wp-block-image size-large\"><img fetchpriority=\"high\" decoding=\"async\" width=\"1024\" height=\"910\" src=\"https:\/\/chileentinieblas.cl\/wp-content\/uploads\/2026\/07\/Herida-en-el-Silencio-1024x910.png\" alt=\"\" class=\"wp-image-8116\" srcset=\"https:\/\/chileentinieblas.cl\/wp-content\/uploads\/2026\/07\/Herida-en-el-Silencio-1024x910.png 1024w, https:\/\/chileentinieblas.cl\/wp-content\/uploads\/2026\/07\/Herida-en-el-Silencio-300x267.png 300w, https:\/\/chileentinieblas.cl\/wp-content\/uploads\/2026\/07\/Herida-en-el-Silencio-768x683.png 768w, https:\/\/chileentinieblas.cl\/wp-content\/uploads\/2026\/07\/Herida-en-el-Silencio-14x12.png 14w, https:\/\/chileentinieblas.cl\/wp-content\/uploads\/2026\/07\/Herida-en-el-Silencio.png 1330w\" sizes=\"(max-width: 1024px) 100vw, 1024px\" \/><\/figure>","protected":false},"author":31,"featured_media":8116,"template":"","tags":[122,89,305],"faccion":[],"class_list":["post-8109","pnj","type-pnj","status-publish","has-post-thumbnail","hentry","tag-clan-de-la-serpiente-del-cajon","tag-clan-de-la-torre-vigilante","tag-hombrelobo-el-apocalipsis"],"acf":{"fecha":"","estatus":"Activo","ficha_del_personaje":"","aspecto":"","interpretacion":"","informacion_privada":"","mapa_de_kumu_u_otro_embed":""},"yoast_head":"<!-- This site is optimized with the Yoast SEO plugin v28.4 - https:\/\/yoast.com\/product\/yoast-seo-wordpress\/ -->\n<title>Herida en el Silencio - Chile en Tinieblas<\/title>\n<meta name=\"robots\" content=\"index, follow, max-snippet:-1, max-image-preview:large, max-video-preview:-1\" \/>\n<link rel=\"canonical\" href=\"https:\/\/chileentinieblas.cl\/en\/pnj\/herida-en-el-silencio\/\" \/>\n<meta property=\"og:locale\" content=\"en_US\" \/>\n<meta property=\"og:type\" content=\"article\" \/>\n<meta property=\"og:title\" content=\"Herida en el Silencio - Chile en Tinieblas\" \/>\n<meta property=\"og:description\" content=\"Tribu: Colmillos PlateadosAuspicio: Philodox Herida es uno de los pocos Colmillos Plateados que entiende que la Naci\u00f3n Garou no puede sobrevivir dividida. Su renombre proviene de representar dignamente a su t\u00famulo y ser alguien en quien los distintos alfas pueden confiar. Su principal tarea es formar lazos de colaboraci\u00f3n entre los t\u00famulos de la Serpiente [&hellip;]\" \/>\n<meta property=\"og:url\" content=\"https:\/\/chileentinieblas.cl\/en\/pnj\/herida-en-el-silencio\/\" \/>\n<meta property=\"og:site_name\" content=\"Chile en Tinieblas\" \/>\n<meta property=\"article:publisher\" content=\"https:\/\/www.facebook.com\/ChileenTinieblas\" \/>\n<meta property=\"article:modified_time\" content=\"2026-07-19T02:23:58+00:00\" \/>\n<meta property=\"og:image\" content=\"https:\/\/chileentinieblas.cl\/wp-content\/uploads\/2026\/07\/Herida-en-el-Silencio.png\" \/>\n\t<meta property=\"og:image:width\" content=\"1330\" \/>\n\t<meta property=\"og:image:height\" content=\"1182\" \/>\n\t<meta property=\"og:image:type\" content=\"image\/png\" \/>\n<meta name=\"twitter:card\" content=\"summary_large_image\" \/>\n<meta name=\"twitter:label1\" content=\"Est. reading time\" \/>\n\t<meta name=\"twitter:data1\" content=\"1 minute\" \/>\n<script type=\"application\/ld+json\" class=\"yoast-schema-graph\">{\"@context\":\"https:\\\/\\\/schema.org\",\"@graph\":[{\"@type\":\"WebPage\",\"@id\":\"https:\\\/\\\/chileentinieblas.cl\\\/pnj\\\/herida-en-el-silencio\\\/\",\"url\":\"https:\\\/\\\/chileentinieblas.cl\\\/pnj\\\/herida-en-el-silencio\\\/\",\"name\":\"Herida en el Silencio - Chile en Tinieblas\",\"isPartOf\":{\"@id\":\"https:\\\/\\\/chileentinieblas.cl\\\/#website\"},\"primaryImageOfPage\":{\"@id\":\"https:\\\/\\\/chileentinieblas.cl\\\/pnj\\\/herida-en-el-silencio\\\/#primaryimage\"},\"image\":{\"@id\":\"https:\\\/\\\/chileentinieblas.cl\\\/pnj\\\/herida-en-el-silencio\\\/#primaryimage\"},\"thumbnailUrl\":\"https:\\\/\\\/chileentinieblas.cl\\\/wp-content\\\/uploads\\\/2026\\\/07\\\/Herida-en-el-Silencio.png\",\"datePublished\":\"2026-07-18T22:59:11+00:00\",\"dateModified\":\"2026-07-19T02:23:58+00:00\",\"breadcrumb\":{\"@id\":\"https:\\\/\\\/chileentinieblas.cl\\\/pnj\\\/herida-en-el-silencio\\\/#breadcrumb\"},\"inLanguage\":\"en-US\",\"potentialAction\":[{\"@type\":\"ReadAction\",\"target\":[\"https:\\\/\\\/chileentinieblas.cl\\\/pnj\\\/herida-en-el-silencio\\\/\"]}]},{\"@type\":\"ImageObject\",\"inLanguage\":\"en-US\",\"@id\":\"https:\\\/\\\/chileentinieblas.cl\\\/pnj\\\/herida-en-el-silencio\\\/#primaryimage\",\"url\":\"https:\\\/\\\/chileentinieblas.cl\\\/wp-content\\\/uploads\\\/2026\\\/07\\\/Herida-en-el-Silencio.png\",\"contentUrl\":\"https:\\\/\\\/chileentinieblas.cl\\\/wp-content\\\/uploads\\\/2026\\\/07\\\/Herida-en-el-Silencio.png\",\"width\":1330,\"height\":1182},{\"@type\":\"BreadcrumbList\",\"@id\":\"https:\\\/\\\/chileentinieblas.cl\\\/pnj\\\/herida-en-el-silencio\\\/#breadcrumb\",\"itemListElement\":[{\"@type\":\"ListItem\",\"position\":1,\"name\":\"Portada\",\"item\":\"https:\\\/\\\/chileentinieblas.cl\\\/\"},{\"@type\":\"ListItem\",\"position\":2,\"name\":\"PNJs\",\"item\":\"https:\\\/\\\/chileentinieblas.cl\\\/pnj\\\/\"},{\"@type\":\"ListItem\",\"position\":3,\"name\":\"Herida en el Silencio\"}]},{\"@type\":\"WebSite\",\"@id\":\"https:\\\/\\\/chileentinieblas.cl\\\/#website\",\"url\":\"https:\\\/\\\/chileentinieblas.cl\\\/\",\"name\":\"Chile en Tinieblas\",\"description\":\"Un servidor con mesas de rol de Mundo de Tinieblas\",\"publisher\":{\"@id\":\"https:\\\/\\\/chileentinieblas.cl\\\/#organization\"},\"potentialAction\":[{\"@type\":\"SearchAction\",\"target\":{\"@type\":\"EntryPoint\",\"urlTemplate\":\"https:\\\/\\\/chileentinieblas.cl\\\/?s={search_term_string}\"},\"query-input\":{\"@type\":\"PropertyValueSpecification\",\"valueRequired\":true,\"valueName\":\"search_term_string\"}}],\"inLanguage\":\"en-US\"},{\"@type\":\"Organization\",\"@id\":\"https:\\\/\\\/chileentinieblas.cl\\\/#organization\",\"name\":\"Chile en Tinieblas\",\"url\":\"https:\\\/\\\/chileentinieblas.cl\\\/\",\"logo\":{\"@type\":\"ImageObject\",\"inLanguage\":\"en-US\",\"@id\":\"https:\\\/\\\/chileentinieblas.cl\\\/#\\\/schema\\\/logo\\\/image\\\/\",\"url\":\"https:\\\/\\\/chileentinieblas.cl\\\/wp-content\\\/uploads\\\/2021\\\/12\\\/logo-cet-claro.png\",\"contentUrl\":\"https:\\\/\\\/chileentinieblas.cl\\\/wp-content\\\/uploads\\\/2021\\\/12\\\/logo-cet-claro.png\",\"width\":1001,\"height\":1030,\"caption\":\"Chile en Tinieblas\"},\"image\":{\"@id\":\"https:\\\/\\\/chileentinieblas.cl\\\/#\\\/schema\\\/logo\\\/image\\\/\"},\"sameAs\":[\"https:\\\/\\\/www.facebook.com\\\/ChileenTinieblas\",\"https:\\\/\\\/www.instagram.com\\\/chileentinieblas\\\/\",\"https:\\\/\\\/www.youtube.com\\\/@chileentinieblas\",\"https:\\\/\\\/www.tiktok.com\\\/@chileentinieblas\"]}]}<\/script>\n<!-- \/ Yoast SEO plugin. -->","yoast_head_json":{"title":"Herida en el Silencio - Chile en Tinieblas","robots":{"index":"index","follow":"follow","max-snippet":"max-snippet:-1","max-image-preview":"max-image-preview:large","max-video-preview":"max-video-preview:-1"},"canonical":"https:\/\/chileentinieblas.cl\/en\/pnj\/herida-en-el-silencio\/","og_locale":"en_US","og_type":"article","og_title":"Herida en el Silencio - Chile en Tinieblas","og_description":"Tribu: Colmillos PlateadosAuspicio: Philodox Herida es uno de los pocos Colmillos Plateados que entiende que la Naci\u00f3n Garou no puede sobrevivir dividida. Su renombre proviene de representar dignamente a su t\u00famulo y ser alguien en quien los distintos alfas pueden confiar. Su principal tarea es formar lazos de colaboraci\u00f3n entre los t\u00famulos de la Serpiente [&hellip;]","og_url":"https:\/\/chileentinieblas.cl\/en\/pnj\/herida-en-el-silencio\/","og_site_name":"Chile en Tinieblas","article_publisher":"https:\/\/www.facebook.com\/ChileenTinieblas","article_modified_time":"2026-07-19T02:23:58+00:00","og_image":[{"width":1330,"height":1182,"url":"https:\/\/chileentinieblas.cl\/wp-content\/uploads\/2026\/07\/Herida-en-el-Silencio.png","type":"image\/png"}],"twitter_card":"summary_large_image","twitter_misc":{"Est. reading time":"1 minute"},"schema":{"@context":"https:\/\/schema.org","@graph":[{"@type":"WebPage","@id":"https:\/\/chileentinieblas.cl\/pnj\/herida-en-el-silencio\/","url":"https:\/\/chileentinieblas.cl\/pnj\/herida-en-el-silencio\/","name":"Herida en el Silencio - Chile en Tinieblas","isPartOf":{"@id":"https:\/\/chileentinieblas.cl\/#website"},"primaryImageOfPage":{"@id":"https:\/\/chileentinieblas.cl\/pnj\/herida-en-el-silencio\/#primaryimage"},"image":{"@id":"https:\/\/chileentinieblas.cl\/pnj\/herida-en-el-silencio\/#primaryimage"},"thumbnailUrl":"https:\/\/chileentinieblas.cl\/wp-content\/uploads\/2026\/07\/Herida-en-el-Silencio.png","datePublished":"2026-07-18T22:59:11+00:00","dateModified":"2026-07-19T02:23:58+00:00","breadcrumb":{"@id":"https:\/\/chileentinieblas.cl\/pnj\/herida-en-el-silencio\/#breadcrumb"},"inLanguage":"en-US","potentialAction":[{"@type":"ReadAction","target":["https:\/\/chileentinieblas.cl\/pnj\/herida-en-el-silencio\/"]}]},{"@type":"ImageObject","inLanguage":"en-US","@id":"https:\/\/chileentinieblas.cl\/pnj\/herida-en-el-silencio\/#primaryimage","url":"https:\/\/chileentinieblas.cl\/wp-content\/uploads\/2026\/07\/Herida-en-el-Silencio.png","contentUrl":"https:\/\/chileentinieblas.cl\/wp-content\/uploads\/2026\/07\/Herida-en-el-Silencio.png","width":1330,"height":1182},{"@type":"BreadcrumbList","@id":"https:\/\/chileentinieblas.cl\/pnj\/herida-en-el-silencio\/#breadcrumb","itemListElement":[{"@type":"ListItem","position":1,"name":"Portada","item":"https:\/\/chileentinieblas.cl\/"},{"@type":"ListItem","position":2,"name":"PNJs","item":"https:\/\/chileentinieblas.cl\/pnj\/"},{"@type":"ListItem","position":3,"name":"Herida en el Silencio"}]},{"@type":"WebSite","@id":"https:\/\/chileentinieblas.cl\/#website","url":"https:\/\/chileentinieblas.cl\/","name":"Chile en Tinieblas","description":"Un servidor con mesas de rol de Mundo de Tinieblas","publisher":{"@id":"https:\/\/chileentinieblas.cl\/#organization"},"potentialAction":[{"@type":"SearchAction","target":{"@type":"EntryPoint","urlTemplate":"https:\/\/chileentinieblas.cl\/?s={search_term_string}"},"query-input":{"@type":"PropertyValueSpecification","valueRequired":true,"valueName":"search_term_string"}}],"inLanguage":"en-US"},{"@type":"Organization","@id":"https:\/\/chileentinieblas.cl\/#organization","name":"Chile en Tinieblas","url":"https:\/\/chileentinieblas.cl\/","logo":{"@type":"ImageObject","inLanguage":"en-US","@id":"https:\/\/chileentinieblas.cl\/#\/schema\/logo\/image\/","url":"https:\/\/chileentinieblas.cl\/wp-content\/uploads\/2021\/12\/logo-cet-claro.png","contentUrl":"https:\/\/chileentinieblas.cl\/wp-content\/uploads\/2021\/12\/logo-cet-claro.png","width":1001,"height":1030,"caption":"Chile en Tinieblas"},"image":{"@id":"https:\/\/chileentinieblas.cl\/#\/schema\/logo\/image\/"},"sameAs":["https:\/\/www.facebook.com\/ChileenTinieblas","https:\/\/www.instagram.com\/chileentinieblas\/","https:\/\/www.youtube.com\/@chileentinieblas","https:\/\/www.tiktok.com\/@chileentinieblas"]}]}},"jetpack_sharing_enabled":true,"_links":{"self":[{"href":"https:\/\/chileentinieblas.cl\/en\/wp-json\/wp\/v2\/pnj\/8109","targetHints":{"allow":["GET"]}}],"collection":[{"href":"https:\/\/chileentinieblas.cl\/en\/wp-json\/wp\/v2\/pnj"}],"about":[{"href":"https:\/\/chileentinieblas.cl\/en\/wp-json\/wp\/v2\/types\/pnj"}],"author":[{"embeddable":true,"href":"https:\/\/chileentinieblas.cl\/en\/wp-json\/wp\/v2\/users\/31"}],"wp:featuredmedia":[{"embeddable":true,"href":"https:\/\/chileentinieblas.cl\/en\/wp-json\/wp\/v2\/media\/8116"}],"wp:attachment":[{"href":"https:\/\/chileentinieblas.cl\/en\/wp-json\/wp\/v2\/media?parent=8109"}],"wp:term":[{"taxonomy":"post_tag","embeddable":true,"href":"https:\/\/chileentinieblas.cl\/en\/wp-json\/wp\/v2\/tags?post=8109"},{"taxonomy":"faccion","embeddable":true,"href":"https:\/\/chileentinieblas.cl\/en\/wp-json\/wp\/v2\/faccion?post=8109"}],"curies":[{"name":"wp","href":"https:\/\/api.w.org\/{rel}","templated":true}]}}

<p class="wp-block-paragraph"><strong>Tribu:</strong> <strong>Colmillos Plateados</strong><br><strong>Auspicio:</strong> <strong>Philodox</strong></p>



<p class="wp-block-paragraph">Herida es uno de los pocos Colmillos Plateados que entiende que la Nación Garou no puede sobrevivir dividida.</p>



<p class="wp-block-paragraph">Su renombre proviene de representar dignamente a su túmulo y ser alguien en quien los distintos alfas pueden confiar.</p>



<p class="wp-block-paragraph">Su principal tarea es formar lazos de colaboración entre los túmulos de la <a href="https://chileentinieblas.cl/en/agrupaciones/clan-de-la-serpiente-del-cajon/">Serpiente del Cajón</a> y la <a href="https://chileentinieblas.cl/en/agrupaciones/clan-de-la-torre-vigilante/">Torre Vigilante</a>, no pertenece completamente a ninguno de los dos mundos, pero puede caminar entre ambos.</p>



<p class="wp-block-paragraph">Habla poco, observa mucho e inspira confianza más por su presencia que por sus discursos.</p>



<p class="wp-block-paragraph">En cierta medida, se ha convertido en un símbolo de la unión que la Nación Garou necesita recomponer en estos tiempos.</p>



<figure class="wp-block-image size-large"><img fetchpriority="high" decoding="async" width="1024" height="910" src="https://chileentinieblas.cl/wp-content/uploads/2026/07/Herida-en-el-Silencio-1024x910.png" alt="" class="wp-image-8116" srcset="https://chileentinieblas.cl/wp-content/uploads/2026/07/Herida-en-el-Silencio-1024x910.png 1024w, https://chileentinieblas.cl/wp-content/uploads/2026/07/Herida-en-el-Silencio-300x267.png 300w, https://chileentinieblas.cl/wp-content/uploads/2026/07/Herida-en-el-Silencio-768x683.png 768w, https://chileentinieblas.cl/wp-content/uploads/2026/07/Herida-en-el-Silencio-14x12.png 14w, https://chileentinieblas.cl/wp-content/uploads/2026/07/Herida-en-el-Silencio.png 1330w" sizes="(max-width: 1024px) 100vw, 1024px" /></figure>

<!-- This site is optimized with the Yoast SEO plugin v28.4 - https://yoast.com/product/yoast-seo-wordpress/ -->
<title>Herida en el Silencio - Chile en Tinieblas</title>
<meta name="robots" content="index, follow, max-snippet:-1, max-image-preview:large, max-video-preview:-1" />
<link rel="canonical" href="https://chileentinieblas.cl/en/pnj/herida-en-el-silencio/" />
<meta property="og:locale" content="en_US" />
<meta property="og:type" content="article" />
<meta property="og:title" content="Herida en el Silencio - Chile en Tinieblas" />
<meta property="og:description" content="Tribu: Colmillos PlateadosAuspicio: Philodox Herida es uno de los pocos Colmillos Plateados que entiende que la Nación Garou no puede sobrevivir dividida. Su renombre proviene de representar dignamente a su túmulo y ser alguien en quien los distintos alfas pueden confiar. Su principal tarea es formar lazos de colaboración entre los túmulos de la Serpiente [&hellip;]" />
<meta property="og:url" content="https://chileentinieblas.cl/en/pnj/herida-en-el-silencio/" />
<meta property="og:site_name" content="Chile en Tinieblas" />
<meta property="article:publisher" content="https://www.facebook.com/ChileenTinieblas" />
<meta property="article:modified_time" content="2026-07-19T02:23:58+00:00" />
<meta property="og:image" content="https://chileentinieblas.cl/wp-content/uploads/2026/07/Herida-en-el-Silencio.png" />
	<meta property="og:image:width" content="1330" />
	<meta property="og:image:height" content="1182" />
	<meta property="og:image:type" content="image/png" />
<meta name="twitter:card" content="summary_large_image" />
<meta name="twitter:label1" content="Est. reading time" />
	<meta name="twitter:data1" content="1 minute" />
<script type="application/ld+json" class="yoast-schema-graph">{"@context":"https:\/\/schema.org","@graph":[{"@type":"WebPage","@id":"https:\/\/chileentinieblas.cl\/pnj\/herida-en-el-silencio\/","url":"https:\/\/chileentinieblas.cl\/pnj\/herida-en-el-silencio\/","name":"Herida en el Silencio - Chile en Tinieblas","isPartOf":{"@id":"https:\/\/chileentinieblas.cl\/#website"},"primaryImageOfPage":{"@id":"https:\/\/chileentinieblas.cl\/pnj\/herida-en-el-silencio\/#primaryimage"},"image":{"@id":"https:\/\/chileentinieblas.cl\/pnj\/herida-en-el-silencio\/#primaryimage"},"thumbnailUrl":"https:\/\/chileentinieblas.cl\/wp-content\/uploads\/2026\/07\/Herida-en-el-Silencio.png","datePublished":"2026-07-18T22:59:11+00:00","dateModified":"2026-07-19T02:23:58+00:00","breadcrumb":{"@id":"https:\/\/chileentinieblas.cl\/pnj\/herida-en-el-silencio\/#breadcrumb"},"inLanguage":"en-US","potentialAction":[{"@type":"ReadAction","target":["https:\/\/chileentinieblas.cl\/pnj\/herida-en-el-silencio\/"]}]},{"@type":"ImageObject","inLanguage":"en-US","@id":"https:\/\/chileentinieblas.cl\/pnj\/herida-en-el-silencio\/#primaryimage","url":"https:\/\/chileentinieblas.cl\/wp-content\/uploads\/2026\/07\/Herida-en-el-Silencio.png","contentUrl":"https:\/\/chileentinieblas.cl\/wp-content\/uploads\/2026\/07\/Herida-en-el-Silencio.png","width":1330,"height":1182},{"@type":"BreadcrumbList","@id":"https:\/\/chileentinieblas.cl\/pnj\/herida-en-el-silencio\/#breadcrumb","itemListElement":[{"@type":"ListItem","position":1,"name":"Portada","item":"https:\/\/chileentinieblas.cl\/"},{"@type":"ListItem","position":2,"name":"PNJs","item":"https:\/\/chileentinieblas.cl\/pnj\/"},{"@type":"ListItem","position":3,"name":"Herida en el Silencio"}]},{"@type":"WebSite","@id":"https:\/\/chileentinieblas.cl\/#website","url":"https:\/\/chileentinieblas.cl\/","name":"Chile en Tinieblas","description":"Un servidor con mesas de rol de Mundo de Tinieblas","publisher":{"@id":"https:\/\/chileentinieblas.cl\/#organization"},"potentialAction":[{"@type":"SearchAction","target":{"@type":"EntryPoint","urlTemplate":"https:\/\/chileentinieblas.cl\/?s={search_term_string}"},"query-input":{"@type":"PropertyValueSpecification","valueRequired":true,"valueName":"search_term_string"}}],"inLanguage":"en-US"},{"@type":"Organization","@id":"https:\/\/chileentinieblas.cl\/#organization","name":"Chile en Tinieblas","url":"https:\/\/chileentinieblas.cl\/","logo":{"@type":"ImageObject","inLanguage":"en-US","@id":"https:\/\/chileentinieblas.cl\/#\/schema\/logo\/image\/","url":"https:\/\/chileentinieblas.cl\/wp-content\/uploads\/2021\/12\/logo-cet-claro.png","contentUrl":"https:\/\/chileentinieblas.cl\/wp-content\/uploads\/2021\/12\/logo-cet-claro.png","width":1001,"height":1030,"caption":"Chile en Tinieblas"},"image":{"@id":"https:\/\/chileentinieblas.cl\/#\/schema\/logo\/image\/"},"sameAs":["https:\/\/www.facebook.com\/ChileenTinieblas","https:\/\/www.instagram.com\/chileentinieblas\/","https:\/\/www.youtube.com\/@chileentinieblas","https:\/\/www.tiktok.com\/@chileentinieblas"]}]}</script>
<!-- / Yoast SEO plugin. -->

Tribu: Colmillos PlateadosAuspicio: Philodox Herida es uno de los pocos Colmillos Plateados que entiende que la Nación Garou no puede sobrevivir dividida. Su renombre proviene de representar dignamente a su túmulo y ser alguien en quien los distintos alfas pueden confiar. Su principal tarea es formar lazos de colaboración entre los túmulos de la Serpiente [&hellip;]
