{"id":8108,"date":"2026-07-18T22:36:38","date_gmt":"2026-07-18T22:36:38","guid":{"rendered":"https:\/\/chileentinieblas.cl\/?post_type=pnj&#038;p=8108"},"modified":"2026-07-19T02:24:19","modified_gmt":"2026-07-19T02:24:19","slug":"la-conductora-de-la-nada","status":"publish","type":"pnj","link":"https:\/\/chileentinieblas.cl\/en\/pnj\/la-conductora-de-la-nada\/","title":{"rendered":"La conductora de la Nada"},"content":{"rendered":"<p class=\"wp-block-paragraph\">&#8220;Todo ser termina emprendiendo un \u00faltimo viaje.&#8221;<\/p>\n\n\n\n<p class=\"wp-block-paragraph\">Representa la idea del viaje del que nadie regresa, esta entidad est\u00e1 presente en distintas regiones del Mundo de los Muertos en el sur de Chile.<\/p>\n\n\n\n<p class=\"wp-block-paragraph\">Con el aumento de muertes durante el auge ferroviario esta entidad comprendi\u00f3 que se le presentaba una gran oportunidad, convertir los distintos centros de poder de la regi\u00f3n en estaciones permanentes que faciliten el camino hacia el Laberinto. As\u00ed poco a poco inici\u00f3 el andar de su plan, sin prisa pero sin pausa&#8230;<\/p>\n\n\n\n<figure class=\"wp-block-image size-full\"><img fetchpriority=\"high\" decoding=\"async\" width=\"1024\" height=\"1024\" src=\"https:\/\/chileentinieblas.cl\/wp-content\/uploads\/2026\/07\/conductora.png\" alt=\"\" class=\"wp-image-8118\" srcset=\"https:\/\/chileentinieblas.cl\/wp-content\/uploads\/2026\/07\/conductora.png 1024w, https:\/\/chileentinieblas.cl\/wp-content\/uploads\/2026\/07\/conductora-300x300.png 300w, https:\/\/chileentinieblas.cl\/wp-content\/uploads\/2026\/07\/conductora-150x150.png 150w, https:\/\/chileentinieblas.cl\/wp-content\/uploads\/2026\/07\/conductora-768x768.png 768w, https:\/\/chileentinieblas.cl\/wp-content\/uploads\/2026\/07\/conductora-12x12.png 12w\" sizes=\"(max-width: 1024px) 100vw, 1024px\" \/><\/figure>\n\n\n\n<figure class=\"wp-block-image size-full\"><img decoding=\"async\" width=\"1024\" height=\"1024\" src=\"https:\/\/chileentinieblas.cl\/wp-content\/uploads\/2026\/07\/conductora-nada.png\" alt=\"\" class=\"wp-image-8117\" srcset=\"https:\/\/chileentinieblas.cl\/wp-content\/uploads\/2026\/07\/conductora-nada.png 1024w, https:\/\/chileentinieblas.cl\/wp-content\/uploads\/2026\/07\/conductora-nada-300x300.png 300w, https:\/\/chileentinieblas.cl\/wp-content\/uploads\/2026\/07\/conductora-nada-150x150.png 150w, https:\/\/chileentinieblas.cl\/wp-content\/uploads\/2026\/07\/conductora-nada-768x768.png 768w, https:\/\/chileentinieblas.cl\/wp-content\/uploads\/2026\/07\/conductora-nada-12x12.png 12w\" sizes=\"(max-width: 1024px) 100vw, 1024px\" \/><\/figure>","protected":false},"author":31,"featured_media":8117,"template":"","tags":[309,93,308,245],"faccion":[],"class_list":["post-8108","pnj","type-pnj","status-publish","has-post-thumbnail","hentry","tag-espectros","tag-malfeo","tag-neverborn","tag-wraiths"],"acf":{"fecha":"","estatus":"Activo","ficha_del_personaje":"","aspecto":"","interpretacion":"","informacion_privada":"","mapa_de_kumu_u_otro_embed":""},"yoast_head":"<!-- This site is optimized with the Yoast SEO plugin v28.4 - https:\/\/yoast.com\/product\/yoast-seo-wordpress\/ -->\n<title>La conductora de la Nada - Chile en Tinieblas<\/title>\n<meta name=\"robots\" content=\"index, follow, max-snippet:-1, max-image-preview:large, max-video-preview:-1\" \/>\n<link rel=\"canonical\" href=\"https:\/\/chileentinieblas.cl\/en\/pnj\/la-conductora-de-la-nada\/\" \/>\n<meta property=\"og:locale\" content=\"en_US\" \/>\n<meta property=\"og:type\" content=\"article\" \/>\n<meta property=\"og:title\" content=\"La conductora de la Nada - Chile en Tinieblas\" \/>\n<meta property=\"og:description\" content=\"&#8220;Todo ser termina emprendiendo un \u00faltimo viaje.&#8221; Representa la idea del viaje del que nadie regresa, esta entidad est\u00e1 presente en distintas regiones del Mundo de los Muertos en el sur de Chile. Con el aumento de muertes durante el auge ferroviario esta entidad comprendi\u00f3 que se le presentaba una gran oportunidad, convertir los distintos [&hellip;]\" \/>\n<meta property=\"og:url\" content=\"https:\/\/chileentinieblas.cl\/en\/pnj\/la-conductora-de-la-nada\/\" \/>\n<meta property=\"og:site_name\" content=\"Chile en Tinieblas\" \/>\n<meta property=\"article:publisher\" content=\"https:\/\/www.facebook.com\/ChileenTinieblas\" \/>\n<meta property=\"article:modified_time\" content=\"2026-07-19T02:24:19+00:00\" \/>\n<meta property=\"og:image\" content=\"https:\/\/chileentinieblas.cl\/wp-content\/uploads\/2026\/07\/conductora-nada.png\" \/>\n\t<meta property=\"og:image:width\" content=\"1024\" \/>\n\t<meta property=\"og:image:height\" content=\"1024\" \/>\n\t<meta property=\"og:image:type\" content=\"image\/png\" \/>\n<meta name=\"twitter:card\" content=\"summary_large_image\" \/>\n<script type=\"application\/ld+json\" class=\"yoast-schema-graph\">{\"@context\":\"https:\\\/\\\/schema.org\",\"@graph\":[{\"@type\":\"WebPage\",\"@id\":\"https:\\\/\\\/chileentinieblas.cl\\\/pnj\\\/la-conductora-de-la-nada\\\/\",\"url\":\"https:\\\/\\\/chileentinieblas.cl\\\/pnj\\\/la-conductora-de-la-nada\\\/\",\"name\":\"La conductora de la Nada - Chile en Tinieblas\",\"isPartOf\":{\"@id\":\"https:\\\/\\\/chileentinieblas.cl\\\/#website\"},\"primaryImageOfPage\":{\"@id\":\"https:\\\/\\\/chileentinieblas.cl\\\/pnj\\\/la-conductora-de-la-nada\\\/#primaryimage\"},\"image\":{\"@id\":\"https:\\\/\\\/chileentinieblas.cl\\\/pnj\\\/la-conductora-de-la-nada\\\/#primaryimage\"},\"thumbnailUrl\":\"https:\\\/\\\/chileentinieblas.cl\\\/wp-content\\\/uploads\\\/2026\\\/07\\\/conductora-nada.png\",\"datePublished\":\"2026-07-18T22:36:38+00:00\",\"dateModified\":\"2026-07-19T02:24:19+00:00\",\"breadcrumb\":{\"@id\":\"https:\\\/\\\/chileentinieblas.cl\\\/pnj\\\/la-conductora-de-la-nada\\\/#breadcrumb\"},\"inLanguage\":\"en-US\",\"potentialAction\":[{\"@type\":\"ReadAction\",\"target\":[\"https:\\\/\\\/chileentinieblas.cl\\\/pnj\\\/la-conductora-de-la-nada\\\/\"]}]},{\"@type\":\"ImageObject\",\"inLanguage\":\"en-US\",\"@id\":\"https:\\\/\\\/chileentinieblas.cl\\\/pnj\\\/la-conductora-de-la-nada\\\/#primaryimage\",\"url\":\"https:\\\/\\\/chileentinieblas.cl\\\/wp-content\\\/uploads\\\/2026\\\/07\\\/conductora-nada.png\",\"contentUrl\":\"https:\\\/\\\/chileentinieblas.cl\\\/wp-content\\\/uploads\\\/2026\\\/07\\\/conductora-nada.png\",\"width\":1024,\"height\":1024},{\"@type\":\"BreadcrumbList\",\"@id\":\"https:\\\/\\\/chileentinieblas.cl\\\/pnj\\\/la-conductora-de-la-nada\\\/#breadcrumb\",\"itemListElement\":[{\"@type\":\"ListItem\",\"position\":1,\"name\":\"Portada\",\"item\":\"https:\\\/\\\/chileentinieblas.cl\\\/\"},{\"@type\":\"ListItem\",\"position\":2,\"name\":\"PNJs\",\"item\":\"https:\\\/\\\/chileentinieblas.cl\\\/pnj\\\/\"},{\"@type\":\"ListItem\",\"position\":3,\"name\":\"La conductora de la Nada\"}]},{\"@type\":\"WebSite\",\"@id\":\"https:\\\/\\\/chileentinieblas.cl\\\/#website\",\"url\":\"https:\\\/\\\/chileentinieblas.cl\\\/\",\"name\":\"Chile en Tinieblas\",\"description\":\"Un servidor con mesas de rol de Mundo de Tinieblas\",\"publisher\":{\"@id\":\"https:\\\/\\\/chileentinieblas.cl\\\/#organization\"},\"potentialAction\":[{\"@type\":\"SearchAction\",\"target\":{\"@type\":\"EntryPoint\",\"urlTemplate\":\"https:\\\/\\\/chileentinieblas.cl\\\/?s={search_term_string}\"},\"query-input\":{\"@type\":\"PropertyValueSpecification\",\"valueRequired\":true,\"valueName\":\"search_term_string\"}}],\"inLanguage\":\"en-US\"},{\"@type\":\"Organization\",\"@id\":\"https:\\\/\\\/chileentinieblas.cl\\\/#organization\",\"name\":\"Chile en Tinieblas\",\"url\":\"https:\\\/\\\/chileentinieblas.cl\\\/\",\"logo\":{\"@type\":\"ImageObject\",\"inLanguage\":\"en-US\",\"@id\":\"https:\\\/\\\/chileentinieblas.cl\\\/#\\\/schema\\\/logo\\\/image\\\/\",\"url\":\"https:\\\/\\\/chileentinieblas.cl\\\/wp-content\\\/uploads\\\/2021\\\/12\\\/logo-cet-claro.png\",\"contentUrl\":\"https:\\\/\\\/chileentinieblas.cl\\\/wp-content\\\/uploads\\\/2021\\\/12\\\/logo-cet-claro.png\",\"width\":1001,\"height\":1030,\"caption\":\"Chile en Tinieblas\"},\"image\":{\"@id\":\"https:\\\/\\\/chileentinieblas.cl\\\/#\\\/schema\\\/logo\\\/image\\\/\"},\"sameAs\":[\"https:\\\/\\\/www.facebook.com\\\/ChileenTinieblas\",\"https:\\\/\\\/www.instagram.com\\\/chileentinieblas\\\/\",\"https:\\\/\\\/www.youtube.com\\\/@chileentinieblas\",\"https:\\\/\\\/www.tiktok.com\\\/@chileentinieblas\"]}]}<\/script>\n<!-- \/ Yoast SEO plugin. -->","yoast_head_json":{"title":"La conductora de la Nada - Chile en Tinieblas","robots":{"index":"index","follow":"follow","max-snippet":"max-snippet:-1","max-image-preview":"max-image-preview:large","max-video-preview":"max-video-preview:-1"},"canonical":"https:\/\/chileentinieblas.cl\/en\/pnj\/la-conductora-de-la-nada\/","og_locale":"en_US","og_type":"article","og_title":"La conductora de la Nada - Chile en Tinieblas","og_description":"&#8220;Todo ser termina emprendiendo un \u00faltimo viaje.&#8221; Representa la idea del viaje del que nadie regresa, esta entidad est\u00e1 presente en distintas regiones del Mundo de los Muertos en el sur de Chile. Con el aumento de muertes durante el auge ferroviario esta entidad comprendi\u00f3 que se le presentaba una gran oportunidad, convertir los distintos [&hellip;]","og_url":"https:\/\/chileentinieblas.cl\/en\/pnj\/la-conductora-de-la-nada\/","og_site_name":"Chile en Tinieblas","article_publisher":"https:\/\/www.facebook.com\/ChileenTinieblas","article_modified_time":"2026-07-19T02:24:19+00:00","og_image":[{"width":1024,"height":1024,"url":"https:\/\/chileentinieblas.cl\/wp-content\/uploads\/2026\/07\/conductora-nada.png","type":"image\/png"}],"twitter_card":"summary_large_image","schema":{"@context":"https:\/\/schema.org","@graph":[{"@type":"WebPage","@id":"https:\/\/chileentinieblas.cl\/pnj\/la-conductora-de-la-nada\/","url":"https:\/\/chileentinieblas.cl\/pnj\/la-conductora-de-la-nada\/","name":"La conductora de la Nada - Chile en Tinieblas","isPartOf":{"@id":"https:\/\/chileentinieblas.cl\/#website"},"primaryImageOfPage":{"@id":"https:\/\/chileentinieblas.cl\/pnj\/la-conductora-de-la-nada\/#primaryimage"},"image":{"@id":"https:\/\/chileentinieblas.cl\/pnj\/la-conductora-de-la-nada\/#primaryimage"},"thumbnailUrl":"https:\/\/chileentinieblas.cl\/wp-content\/uploads\/2026\/07\/conductora-nada.png","datePublished":"2026-07-18T22:36:38+00:00","dateModified":"2026-07-19T02:24:19+00:00","breadcrumb":{"@id":"https:\/\/chileentinieblas.cl\/pnj\/la-conductora-de-la-nada\/#breadcrumb"},"inLanguage":"en-US","potentialAction":[{"@type":"ReadAction","target":["https:\/\/chileentinieblas.cl\/pnj\/la-conductora-de-la-nada\/"]}]},{"@type":"ImageObject","inLanguage":"en-US","@id":"https:\/\/chileentinieblas.cl\/pnj\/la-conductora-de-la-nada\/#primaryimage","url":"https:\/\/chileentinieblas.cl\/wp-content\/uploads\/2026\/07\/conductora-nada.png","contentUrl":"https:\/\/chileentinieblas.cl\/wp-content\/uploads\/2026\/07\/conductora-nada.png","width":1024,"height":1024},{"@type":"BreadcrumbList","@id":"https:\/\/chileentinieblas.cl\/pnj\/la-conductora-de-la-nada\/#breadcrumb","itemListElement":[{"@type":"ListItem","position":1,"name":"Portada","item":"https:\/\/chileentinieblas.cl\/"},{"@type":"ListItem","position":2,"name":"PNJs","item":"https:\/\/chileentinieblas.cl\/pnj\/"},{"@type":"ListItem","position":3,"name":"La conductora de la Nada"}]},{"@type":"WebSite","@id":"https:\/\/chileentinieblas.cl\/#website","url":"https:\/\/chileentinieblas.cl\/","name":"Chile en Tinieblas","description":"Un servidor con mesas de rol de Mundo de Tinieblas","publisher":{"@id":"https:\/\/chileentinieblas.cl\/#organization"},"potentialAction":[{"@type":"SearchAction","target":{"@type":"EntryPoint","urlTemplate":"https:\/\/chileentinieblas.cl\/?s={search_term_string}"},"query-input":{"@type":"PropertyValueSpecification","valueRequired":true,"valueName":"search_term_string"}}],"inLanguage":"en-US"},{"@type":"Organization","@id":"https:\/\/chileentinieblas.cl\/#organization","name":"Chile en Tinieblas","url":"https:\/\/chileentinieblas.cl\/","logo":{"@type":"ImageObject","inLanguage":"en-US","@id":"https:\/\/chileentinieblas.cl\/#\/schema\/logo\/image\/","url":"https:\/\/chileentinieblas.cl\/wp-content\/uploads\/2021\/12\/logo-cet-claro.png","contentUrl":"https:\/\/chileentinieblas.cl\/wp-content\/uploads\/2021\/12\/logo-cet-claro.png","width":1001,"height":1030,"caption":"Chile en Tinieblas"},"image":{"@id":"https:\/\/chileentinieblas.cl\/#\/schema\/logo\/image\/"},"sameAs":["https:\/\/www.facebook.com\/ChileenTinieblas","https:\/\/www.instagram.com\/chileentinieblas\/","https:\/\/www.youtube.com\/@chileentinieblas","https:\/\/www.tiktok.com\/@chileentinieblas"]}]}},"jetpack_sharing_enabled":true,"_links":{"self":[{"href":"https:\/\/chileentinieblas.cl\/en\/wp-json\/wp\/v2\/pnj\/8108","targetHints":{"allow":["GET"]}}],"collection":[{"href":"https:\/\/chileentinieblas.cl\/en\/wp-json\/wp\/v2\/pnj"}],"about":[{"href":"https:\/\/chileentinieblas.cl\/en\/wp-json\/wp\/v2\/types\/pnj"}],"author":[{"embeddable":true,"href":"https:\/\/chileentinieblas.cl\/en\/wp-json\/wp\/v2\/users\/31"}],"wp:featuredmedia":[{"embeddable":true,"href":"https:\/\/chileentinieblas.cl\/en\/wp-json\/wp\/v2\/media\/8117"}],"wp:attachment":[{"href":"https:\/\/chileentinieblas.cl\/en\/wp-json\/wp\/v2\/media?parent=8108"}],"wp:term":[{"taxonomy":"post_tag","embeddable":true,"href":"https:\/\/chileentinieblas.cl\/en\/wp-json\/wp\/v2\/tags?post=8108"},{"taxonomy":"faccion","embeddable":true,"href":"https:\/\/chileentinieblas.cl\/en\/wp-json\/wp\/v2\/faccion?post=8108"}],"curies":[{"name":"wp","href":"https:\/\/api.w.org\/{rel}","templated":true}]}}

<p class="wp-block-paragraph">&#8220;Todo ser termina emprendiendo un último viaje.&#8221;</p>



<p class="wp-block-paragraph">Representa la idea del viaje del que nadie regresa, esta entidad está presente en distintas regiones del Mundo de los Muertos en el sur de Chile.</p>



<p class="wp-block-paragraph">Con el aumento de muertes durante el auge ferroviario esta entidad comprendió que se le presentaba una gran oportunidad, convertir los distintos centros de poder de la región en estaciones permanentes que faciliten el camino hacia el Laberinto. Así poco a poco inició el andar de su plan, sin prisa pero sin pausa&#8230;</p>



<figure class="wp-block-image size-full"><img fetchpriority="high" decoding="async" width="1024" height="1024" src="https://chileentinieblas.cl/wp-content/uploads/2026/07/conductora.png" alt="" class="wp-image-8118" srcset="https://chileentinieblas.cl/wp-content/uploads/2026/07/conductora.png 1024w, https://chileentinieblas.cl/wp-content/uploads/2026/07/conductora-300x300.png 300w, https://chileentinieblas.cl/wp-content/uploads/2026/07/conductora-150x150.png 150w, https://chileentinieblas.cl/wp-content/uploads/2026/07/conductora-768x768.png 768w, https://chileentinieblas.cl/wp-content/uploads/2026/07/conductora-12x12.png 12w" sizes="(max-width: 1024px) 100vw, 1024px" /></figure>



<figure class="wp-block-image size-full"><img decoding="async" width="1024" height="1024" src="https://chileentinieblas.cl/wp-content/uploads/2026/07/conductora-nada.png" alt="" class="wp-image-8117" srcset="https://chileentinieblas.cl/wp-content/uploads/2026/07/conductora-nada.png 1024w, https://chileentinieblas.cl/wp-content/uploads/2026/07/conductora-nada-300x300.png 300w, https://chileentinieblas.cl/wp-content/uploads/2026/07/conductora-nada-150x150.png 150w, https://chileentinieblas.cl/wp-content/uploads/2026/07/conductora-nada-768x768.png 768w, https://chileentinieblas.cl/wp-content/uploads/2026/07/conductora-nada-12x12.png 12w" sizes="(max-width: 1024px) 100vw, 1024px" /></figure>

<!-- This site is optimized with the Yoast SEO plugin v28.4 - https://yoast.com/product/yoast-seo-wordpress/ -->
<title>La conductora de la Nada - Chile en Tinieblas</title>
<meta name="robots" content="index, follow, max-snippet:-1, max-image-preview:large, max-video-preview:-1" />
<link rel="canonical" href="https://chileentinieblas.cl/en/pnj/la-conductora-de-la-nada/" />
<meta property="og:locale" content="en_US" />
<meta property="og:type" content="article" />
<meta property="og:title" content="La conductora de la Nada - Chile en Tinieblas" />
<meta property="og:description" content="&#8220;Todo ser termina emprendiendo un último viaje.&#8221; Representa la idea del viaje del que nadie regresa, esta entidad está presente en distintas regiones del Mundo de los Muertos en el sur de Chile. Con el aumento de muertes durante el auge ferroviario esta entidad comprendió que se le presentaba una gran oportunidad, convertir los distintos [&hellip;]" />
<meta property="og:url" content="https://chileentinieblas.cl/en/pnj/la-conductora-de-la-nada/" />
<meta property="og:site_name" content="Chile en Tinieblas" />
<meta property="article:publisher" content="https://www.facebook.com/ChileenTinieblas" />
<meta property="article:modified_time" content="2026-07-19T02:24:19+00:00" />
<meta property="og:image" content="https://chileentinieblas.cl/wp-content/uploads/2026/07/conductora-nada.png" />
	<meta property="og:image:width" content="1024" />
	<meta property="og:image:height" content="1024" />
	<meta property="og:image:type" content="image/png" />
<meta name="twitter:card" content="summary_large_image" />
<script type="application/ld+json" class="yoast-schema-graph">{"@context":"https:\/\/schema.org","@graph":[{"@type":"WebPage","@id":"https:\/\/chileentinieblas.cl\/pnj\/la-conductora-de-la-nada\/","url":"https:\/\/chileentinieblas.cl\/pnj\/la-conductora-de-la-nada\/","name":"La conductora de la Nada - Chile en Tinieblas","isPartOf":{"@id":"https:\/\/chileentinieblas.cl\/#website"},"primaryImageOfPage":{"@id":"https:\/\/chileentinieblas.cl\/pnj\/la-conductora-de-la-nada\/#primaryimage"},"image":{"@id":"https:\/\/chileentinieblas.cl\/pnj\/la-conductora-de-la-nada\/#primaryimage"},"thumbnailUrl":"https:\/\/chileentinieblas.cl\/wp-content\/uploads\/2026\/07\/conductora-nada.png","datePublished":"2026-07-18T22:36:38+00:00","dateModified":"2026-07-19T02:24:19+00:00","breadcrumb":{"@id":"https:\/\/chileentinieblas.cl\/pnj\/la-conductora-de-la-nada\/#breadcrumb"},"inLanguage":"en-US","potentialAction":[{"@type":"ReadAction","target":["https:\/\/chileentinieblas.cl\/pnj\/la-conductora-de-la-nada\/"]}]},{"@type":"ImageObject","inLanguage":"en-US","@id":"https:\/\/chileentinieblas.cl\/pnj\/la-conductora-de-la-nada\/#primaryimage","url":"https:\/\/chileentinieblas.cl\/wp-content\/uploads\/2026\/07\/conductora-nada.png","contentUrl":"https:\/\/chileentinieblas.cl\/wp-content\/uploads\/2026\/07\/conductora-nada.png","width":1024,"height":1024},{"@type":"BreadcrumbList","@id":"https:\/\/chileentinieblas.cl\/pnj\/la-conductora-de-la-nada\/#breadcrumb","itemListElement":[{"@type":"ListItem","position":1,"name":"Portada","item":"https:\/\/chileentinieblas.cl\/"},{"@type":"ListItem","position":2,"name":"PNJs","item":"https:\/\/chileentinieblas.cl\/pnj\/"},{"@type":"ListItem","position":3,"name":"La conductora de la Nada"}]},{"@type":"WebSite","@id":"https:\/\/chileentinieblas.cl\/#website","url":"https:\/\/chileentinieblas.cl\/","name":"Chile en Tinieblas","description":"Un servidor con mesas de rol de Mundo de Tinieblas","publisher":{"@id":"https:\/\/chileentinieblas.cl\/#organization"},"potentialAction":[{"@type":"SearchAction","target":{"@type":"EntryPoint","urlTemplate":"https:\/\/chileentinieblas.cl\/?s={search_term_string}"},"query-input":{"@type":"PropertyValueSpecification","valueRequired":true,"valueName":"search_term_string"}}],"inLanguage":"en-US"},{"@type":"Organization","@id":"https:\/\/chileentinieblas.cl\/#organization","name":"Chile en Tinieblas","url":"https:\/\/chileentinieblas.cl\/","logo":{"@type":"ImageObject","inLanguage":"en-US","@id":"https:\/\/chileentinieblas.cl\/#\/schema\/logo\/image\/","url":"https:\/\/chileentinieblas.cl\/wp-content\/uploads\/2021\/12\/logo-cet-claro.png","contentUrl":"https:\/\/chileentinieblas.cl\/wp-content\/uploads\/2021\/12\/logo-cet-claro.png","width":1001,"height":1030,"caption":"Chile en Tinieblas"},"image":{"@id":"https:\/\/chileentinieblas.cl\/#\/schema\/logo\/image\/"},"sameAs":["https:\/\/www.facebook.com\/ChileenTinieblas","https:\/\/www.instagram.com\/chileentinieblas\/","https:\/\/www.youtube.com\/@chileentinieblas","https:\/\/www.tiktok.com\/@chileentinieblas"]}]}</script>
<!-- / Yoast SEO plugin. -->

&#8220;Todo ser termina emprendiendo un último viaje.&#8221; Representa la idea del viaje del que nadie regresa, esta entidad está presente en distintas regiones del Mundo de los Muertos en el sur de Chile. Con el aumento de muertes durante el auge ferroviario esta entidad comprendió que se le presentaba una gran oportunidad, convertir los distintos [&hellip;]
