{"id":809,"date":"2021-04-12T23:18:03","date_gmt":"2021-04-13T02:18:03","guid":{"rendered":"https:\/\/chileentinieblas.cl\/?post_type=personajes&#038;p=809"},"modified":"2024-07-27T03:56:16","modified_gmt":"2024-07-27T03:56:16","slug":"la-arquitecta","status":"publish","type":"pnj","link":"https:\/\/chileentinieblas.cl\/en\/pnj\/la-arquitecta\/","title":{"rendered":"La Arquitecta"},"content":{"rendered":"<p class=\"wp-block-paragraph\">Maestra adepta que se cri\u00f3 bajo una familia pudiente en donde a temprana edad tuvo acceso a computadores y tecnolog\u00eda de punta. Su padre es uno de los precursores de la computaci\u00f3n en Chile y su madre es una soci\u00f3loga ligada a las causas de los pueblos ind\u00edgenas. A sus 16 a\u00f1os despert\u00f3 luego de un intenso juego en l\u00ednea con sus amigos. Al ser los adeptos una comunidad peque\u00f1a fue ganando prestigio y poder dentro de la comunidad hasta que fue nominada como l\u00edder.&nbsp;<\/p>\n\n\n\n<p class=\"wp-block-paragraph\">A los 20 a\u00f1os fue diagnosticada con una extra\u00f1a enfermedad que hace que su cuerpo comience a perder funcionalidad con el correr de los a\u00f1os, por lo que la tradici\u00f3n decidi\u00f3 confiarle al coraz\u00f3n de la torre entel, con el fin de darle soporte vital y trasladar su conciencia a la red y, desde all\u00ed, puede controlar cualquier aparato tecnol\u00f3gico conectado a la red. Su cerebro ha sido modificado para que sea un procesador de gran poder, mientras los magos m\u00e9dicos m\u00e1s poderosos de santiago estudian su enfermedad, la cual no ha podido ser curada ni con medicina tradicional ni magia.&nbsp;<\/p>\n\n\n\n<p class=\"wp-block-paragraph\">En los \u00faltimos a\u00f1os, su deterioro se ha detenido. Algunos creen que es ella misma que ha creado un antivirus digital para mantener la enfermedad a raya, por lo que se ha estado postulando que quiz\u00e1s sea un mal de origen cibern\u00e9tico. No obstante, s\u00f3lo un grupo selecto y cercano a ella sabe la verdad: el virus fue creado por los AV para combatir a la UT en el plano digital, pero se les escap\u00f3 de las manos poniendo en riesgo al pa\u00eds completo en todos sus niveles.<\/p>","protected":false},"author":1,"featured_media":5228,"template":"","tags":[],"faccion":[39,27],"class_list":["post-809","pnj","type-pnj","status-publish","has-post-thumbnail","hentry","faccion-adeptos-virtuales","faccion-tradiciones"],"acf":{"fecha":"1965 - Actualidad","estatus":"Activo","ficha_del_personaje":"","aspecto":"","interpretacion":"","rango_mago":"7 - Primus","informacion_privada":"","mapa_de_kumu_u_otro_embed":null},"yoast_head":"<!-- This site is optimized with the Yoast SEO plugin v28.4 - https:\/\/yoast.com\/product\/yoast-seo-wordpress\/ -->\n<title>La Arquitecta - Chile en Tinieblas<\/title>\n<meta name=\"robots\" content=\"index, follow, max-snippet:-1, max-image-preview:large, max-video-preview:-1\" \/>\n<link rel=\"canonical\" href=\"https:\/\/chileentinieblas.cl\/en\/pnj\/la-arquitecta\/\" \/>\n<meta property=\"og:locale\" content=\"en_US\" \/>\n<meta property=\"og:type\" content=\"article\" \/>\n<meta property=\"og:title\" content=\"La Arquitecta - Chile en Tinieblas\" \/>\n<meta property=\"og:description\" content=\"Maestra adepta que se cri\u00f3 bajo una familia pudiente en donde a temprana edad tuvo acceso a computadores y tecnolog\u00eda de punta. Su padre es uno de los precursores de la computaci\u00f3n en Chile y su madre es una soci\u00f3loga ligada a las causas de los pueblos ind\u00edgenas. A sus 16 a\u00f1os despert\u00f3 luego de [&hellip;]\" \/>\n<meta property=\"og:url\" content=\"https:\/\/chileentinieblas.cl\/en\/pnj\/la-arquitecta\/\" \/>\n<meta property=\"og:site_name\" content=\"Chile en Tinieblas\" \/>\n<meta property=\"article:publisher\" content=\"https:\/\/www.facebook.com\/ChileenTinieblas\" \/>\n<meta property=\"article:modified_time\" content=\"2024-07-27T03:56:16+00:00\" \/>\n<meta property=\"og:image\" content=\"https:\/\/chileentinieblas.cl\/wp-content\/uploads\/2021\/04\/chileentinieblas_httpss.mj_.run0BK9vxqlix0_httpss.mj_.runttFMhfJv_6ec86285-d4fe-4817-adfa-c3cc3b37e839-1024x1024.png\" \/>\n\t<meta property=\"og:image:width\" content=\"1024\" \/>\n\t<meta property=\"og:image:height\" content=\"1024\" \/>\n\t<meta property=\"og:image:type\" content=\"image\/png\" \/>\n<meta name=\"twitter:card\" content=\"summary_large_image\" \/>\n<meta name=\"twitter:label1\" content=\"Est. reading time\" \/>\n\t<meta name=\"twitter:data1\" content=\"1 minute\" \/>\n<script type=\"application\/ld+json\" class=\"yoast-schema-graph\">{\"@context\":\"https:\\\/\\\/schema.org\",\"@graph\":[{\"@type\":\"WebPage\",\"@id\":\"https:\\\/\\\/chileentinieblas.cl\\\/pnj\\\/la-arquitecta\\\/\",\"url\":\"https:\\\/\\\/chileentinieblas.cl\\\/pnj\\\/la-arquitecta\\\/\",\"name\":\"La Arquitecta - Chile en Tinieblas\",\"isPartOf\":{\"@id\":\"https:\\\/\\\/chileentinieblas.cl\\\/#website\"},\"primaryImageOfPage\":{\"@id\":\"https:\\\/\\\/chileentinieblas.cl\\\/pnj\\\/la-arquitecta\\\/#primaryimage\"},\"image\":{\"@id\":\"https:\\\/\\\/chileentinieblas.cl\\\/pnj\\\/la-arquitecta\\\/#primaryimage\"},\"thumbnailUrl\":\"https:\\\/\\\/chileentinieblas.cl\\\/wp-content\\\/uploads\\\/2021\\\/04\\\/chileentinieblas_httpss.mj_.run0BK9vxqlix0_httpss.mj_.runttFMhfJv_6ec86285-d4fe-4817-adfa-c3cc3b37e839.png\",\"datePublished\":\"2021-04-13T02:18:03+00:00\",\"dateModified\":\"2024-07-27T03:56:16+00:00\",\"breadcrumb\":{\"@id\":\"https:\\\/\\\/chileentinieblas.cl\\\/pnj\\\/la-arquitecta\\\/#breadcrumb\"},\"inLanguage\":\"en-US\",\"potentialAction\":[{\"@type\":\"ReadAction\",\"target\":[\"https:\\\/\\\/chileentinieblas.cl\\\/pnj\\\/la-arquitecta\\\/\"]}]},{\"@type\":\"ImageObject\",\"inLanguage\":\"en-US\",\"@id\":\"https:\\\/\\\/chileentinieblas.cl\\\/pnj\\\/la-arquitecta\\\/#primaryimage\",\"url\":\"https:\\\/\\\/chileentinieblas.cl\\\/wp-content\\\/uploads\\\/2021\\\/04\\\/chileentinieblas_httpss.mj_.run0BK9vxqlix0_httpss.mj_.runttFMhfJv_6ec86285-d4fe-4817-adfa-c3cc3b37e839.png\",\"contentUrl\":\"https:\\\/\\\/chileentinieblas.cl\\\/wp-content\\\/uploads\\\/2021\\\/04\\\/chileentinieblas_httpss.mj_.run0BK9vxqlix0_httpss.mj_.runttFMhfJv_6ec86285-d4fe-4817-adfa-c3cc3b37e839.png\",\"width\":2048,\"height\":2048},{\"@type\":\"BreadcrumbList\",\"@id\":\"https:\\\/\\\/chileentinieblas.cl\\\/pnj\\\/la-arquitecta\\\/#breadcrumb\",\"itemListElement\":[{\"@type\":\"ListItem\",\"position\":1,\"name\":\"Portada\",\"item\":\"https:\\\/\\\/chileentinieblas.cl\\\/\"},{\"@type\":\"ListItem\",\"position\":2,\"name\":\"PNJs\",\"item\":\"https:\\\/\\\/chileentinieblas.cl\\\/pnj\\\/\"},{\"@type\":\"ListItem\",\"position\":3,\"name\":\"La Arquitecta\"}]},{\"@type\":\"WebSite\",\"@id\":\"https:\\\/\\\/chileentinieblas.cl\\\/#website\",\"url\":\"https:\\\/\\\/chileentinieblas.cl\\\/\",\"name\":\"Chile en Tinieblas\",\"description\":\"Un servidor con mesas de rol de Mundo de Tinieblas\",\"publisher\":{\"@id\":\"https:\\\/\\\/chileentinieblas.cl\\\/#organization\"},\"potentialAction\":[{\"@type\":\"SearchAction\",\"target\":{\"@type\":\"EntryPoint\",\"urlTemplate\":\"https:\\\/\\\/chileentinieblas.cl\\\/?s={search_term_string}\"},\"query-input\":{\"@type\":\"PropertyValueSpecification\",\"valueRequired\":true,\"valueName\":\"search_term_string\"}}],\"inLanguage\":\"en-US\"},{\"@type\":\"Organization\",\"@id\":\"https:\\\/\\\/chileentinieblas.cl\\\/#organization\",\"name\":\"Chile en Tinieblas\",\"url\":\"https:\\\/\\\/chileentinieblas.cl\\\/\",\"logo\":{\"@type\":\"ImageObject\",\"inLanguage\":\"en-US\",\"@id\":\"https:\\\/\\\/chileentinieblas.cl\\\/#\\\/schema\\\/logo\\\/image\\\/\",\"url\":\"https:\\\/\\\/chileentinieblas.cl\\\/wp-content\\\/uploads\\\/2021\\\/12\\\/logo-cet-claro.png\",\"contentUrl\":\"https:\\\/\\\/chileentinieblas.cl\\\/wp-content\\\/uploads\\\/2021\\\/12\\\/logo-cet-claro.png\",\"width\":1001,\"height\":1030,\"caption\":\"Chile en Tinieblas\"},\"image\":{\"@id\":\"https:\\\/\\\/chileentinieblas.cl\\\/#\\\/schema\\\/logo\\\/image\\\/\"},\"sameAs\":[\"https:\\\/\\\/www.facebook.com\\\/ChileenTinieblas\",\"https:\\\/\\\/www.instagram.com\\\/chileentinieblas\\\/\",\"https:\\\/\\\/www.youtube.com\\\/@chileentinieblas\",\"https:\\\/\\\/www.tiktok.com\\\/@chileentinieblas\"]}]}<\/script>\n<!-- \/ Yoast SEO plugin. -->","yoast_head_json":{"title":"La Arquitecta - Chile en Tinieblas","robots":{"index":"index","follow":"follow","max-snippet":"max-snippet:-1","max-image-preview":"max-image-preview:large","max-video-preview":"max-video-preview:-1"},"canonical":"https:\/\/chileentinieblas.cl\/en\/pnj\/la-arquitecta\/","og_locale":"en_US","og_type":"article","og_title":"La Arquitecta - Chile en Tinieblas","og_description":"Maestra adepta que se cri\u00f3 bajo una familia pudiente en donde a temprana edad tuvo acceso a computadores y tecnolog\u00eda de punta. Su padre es uno de los precursores de la computaci\u00f3n en Chile y su madre es una soci\u00f3loga ligada a las causas de los pueblos ind\u00edgenas. A sus 16 a\u00f1os despert\u00f3 luego de [&hellip;]","og_url":"https:\/\/chileentinieblas.cl\/en\/pnj\/la-arquitecta\/","og_site_name":"Chile en Tinieblas","article_publisher":"https:\/\/www.facebook.com\/ChileenTinieblas","article_modified_time":"2024-07-27T03:56:16+00:00","og_image":[{"width":1024,"height":1024,"url":"https:\/\/chileentinieblas.cl\/wp-content\/uploads\/2021\/04\/chileentinieblas_httpss.mj_.run0BK9vxqlix0_httpss.mj_.runttFMhfJv_6ec86285-d4fe-4817-adfa-c3cc3b37e839-1024x1024.png","type":"image\/png"}],"twitter_card":"summary_large_image","twitter_misc":{"Est. reading time":"1 minute"},"schema":{"@context":"https:\/\/schema.org","@graph":[{"@type":"WebPage","@id":"https:\/\/chileentinieblas.cl\/pnj\/la-arquitecta\/","url":"https:\/\/chileentinieblas.cl\/pnj\/la-arquitecta\/","name":"La Arquitecta - Chile en Tinieblas","isPartOf":{"@id":"https:\/\/chileentinieblas.cl\/#website"},"primaryImageOfPage":{"@id":"https:\/\/chileentinieblas.cl\/pnj\/la-arquitecta\/#primaryimage"},"image":{"@id":"https:\/\/chileentinieblas.cl\/pnj\/la-arquitecta\/#primaryimage"},"thumbnailUrl":"https:\/\/chileentinieblas.cl\/wp-content\/uploads\/2021\/04\/chileentinieblas_httpss.mj_.run0BK9vxqlix0_httpss.mj_.runttFMhfJv_6ec86285-d4fe-4817-adfa-c3cc3b37e839.png","datePublished":"2021-04-13T02:18:03+00:00","dateModified":"2024-07-27T03:56:16+00:00","breadcrumb":{"@id":"https:\/\/chileentinieblas.cl\/pnj\/la-arquitecta\/#breadcrumb"},"inLanguage":"en-US","potentialAction":[{"@type":"ReadAction","target":["https:\/\/chileentinieblas.cl\/pnj\/la-arquitecta\/"]}]},{"@type":"ImageObject","inLanguage":"en-US","@id":"https:\/\/chileentinieblas.cl\/pnj\/la-arquitecta\/#primaryimage","url":"https:\/\/chileentinieblas.cl\/wp-content\/uploads\/2021\/04\/chileentinieblas_httpss.mj_.run0BK9vxqlix0_httpss.mj_.runttFMhfJv_6ec86285-d4fe-4817-adfa-c3cc3b37e839.png","contentUrl":"https:\/\/chileentinieblas.cl\/wp-content\/uploads\/2021\/04\/chileentinieblas_httpss.mj_.run0BK9vxqlix0_httpss.mj_.runttFMhfJv_6ec86285-d4fe-4817-adfa-c3cc3b37e839.png","width":2048,"height":2048},{"@type":"BreadcrumbList","@id":"https:\/\/chileentinieblas.cl\/pnj\/la-arquitecta\/#breadcrumb","itemListElement":[{"@type":"ListItem","position":1,"name":"Portada","item":"https:\/\/chileentinieblas.cl\/"},{"@type":"ListItem","position":2,"name":"PNJs","item":"https:\/\/chileentinieblas.cl\/pnj\/"},{"@type":"ListItem","position":3,"name":"La Arquitecta"}]},{"@type":"WebSite","@id":"https:\/\/chileentinieblas.cl\/#website","url":"https:\/\/chileentinieblas.cl\/","name":"Chile en Tinieblas","description":"Un servidor con mesas de rol de Mundo de Tinieblas","publisher":{"@id":"https:\/\/chileentinieblas.cl\/#organization"},"potentialAction":[{"@type":"SearchAction","target":{"@type":"EntryPoint","urlTemplate":"https:\/\/chileentinieblas.cl\/?s={search_term_string}"},"query-input":{"@type":"PropertyValueSpecification","valueRequired":true,"valueName":"search_term_string"}}],"inLanguage":"en-US"},{"@type":"Organization","@id":"https:\/\/chileentinieblas.cl\/#organization","name":"Chile en Tinieblas","url":"https:\/\/chileentinieblas.cl\/","logo":{"@type":"ImageObject","inLanguage":"en-US","@id":"https:\/\/chileentinieblas.cl\/#\/schema\/logo\/image\/","url":"https:\/\/chileentinieblas.cl\/wp-content\/uploads\/2021\/12\/logo-cet-claro.png","contentUrl":"https:\/\/chileentinieblas.cl\/wp-content\/uploads\/2021\/12\/logo-cet-claro.png","width":1001,"height":1030,"caption":"Chile en Tinieblas"},"image":{"@id":"https:\/\/chileentinieblas.cl\/#\/schema\/logo\/image\/"},"sameAs":["https:\/\/www.facebook.com\/ChileenTinieblas","https:\/\/www.instagram.com\/chileentinieblas\/","https:\/\/www.youtube.com\/@chileentinieblas","https:\/\/www.tiktok.com\/@chileentinieblas"]}]}},"jetpack_sharing_enabled":true,"_links":{"self":[{"href":"https:\/\/chileentinieblas.cl\/en\/wp-json\/wp\/v2\/pnj\/809","targetHints":{"allow":["GET"]}}],"collection":[{"href":"https:\/\/chileentinieblas.cl\/en\/wp-json\/wp\/v2\/pnj"}],"about":[{"href":"https:\/\/chileentinieblas.cl\/en\/wp-json\/wp\/v2\/types\/pnj"}],"author":[{"embeddable":true,"href":"https:\/\/chileentinieblas.cl\/en\/wp-json\/wp\/v2\/users\/1"}],"wp:featuredmedia":[{"embeddable":true,"href":"https:\/\/chileentinieblas.cl\/en\/wp-json\/wp\/v2\/media\/5228"}],"wp:attachment":[{"href":"https:\/\/chileentinieblas.cl\/en\/wp-json\/wp\/v2\/media?parent=809"}],"wp:term":[{"taxonomy":"post_tag","embeddable":true,"href":"https:\/\/chileentinieblas.cl\/en\/wp-json\/wp\/v2\/tags?post=809"},{"taxonomy":"faccion","embeddable":true,"href":"https:\/\/chileentinieblas.cl\/en\/wp-json\/wp\/v2\/faccion?post=809"}],"curies":[{"name":"wp","href":"https:\/\/api.w.org\/{rel}","templated":true}]}}

<p class="wp-block-paragraph">Maestra adepta que se crió bajo una familia pudiente en donde a temprana edad tuvo acceso a computadores y tecnología de punta. Su padre es uno de los precursores de la computación en Chile y su madre es una socióloga ligada a las causas de los pueblos indígenas. A sus 16 años despertó luego de un intenso juego en línea con sus amigos. Al ser los adeptos una comunidad pequeña fue ganando prestigio y poder dentro de la comunidad hasta que fue nominada como líder.&nbsp;</p>



<p class="wp-block-paragraph">A los 20 años fue diagnosticada con una extraña enfermedad que hace que su cuerpo comience a perder funcionalidad con el correr de los años, por lo que la tradición decidió confiarle al corazón de la torre entel, con el fin de darle soporte vital y trasladar su conciencia a la red y, desde allí, puede controlar cualquier aparato tecnológico conectado a la red. Su cerebro ha sido modificado para que sea un procesador de gran poder, mientras los magos médicos más poderosos de santiago estudian su enfermedad, la cual no ha podido ser curada ni con medicina tradicional ni magia.&nbsp;</p>



<p class="wp-block-paragraph">En los últimos años, su deterioro se ha detenido. Algunos creen que es ella misma que ha creado un antivirus digital para mantener la enfermedad a raya, por lo que se ha estado postulando que quizás sea un mal de origen cibernético. No obstante, sólo un grupo selecto y cercano a ella sabe la verdad: el virus fue creado por los AV para combatir a la UT en el plano digital, pero se les escapó de las manos poniendo en riesgo al país completo en todos sus niveles.</p>

<!-- This site is optimized with the Yoast SEO plugin v28.4 - https://yoast.com/product/yoast-seo-wordpress/ -->
<title>La Arquitecta - Chile en Tinieblas</title>
<meta name="robots" content="index, follow, max-snippet:-1, max-image-preview:large, max-video-preview:-1" />
<link rel="canonical" href="https://chileentinieblas.cl/en/pnj/la-arquitecta/" />
<meta property="og:locale" content="en_US" />
<meta property="og:type" content="article" />
<meta property="og:title" content="La Arquitecta - Chile en Tinieblas" />
<meta property="og:description" content="Maestra adepta que se crió bajo una familia pudiente en donde a temprana edad tuvo acceso a computadores y tecnología de punta. Su padre es uno de los precursores de la computación en Chile y su madre es una socióloga ligada a las causas de los pueblos indígenas. A sus 16 años despertó luego de [&hellip;]" />
<meta property="og:url" content="https://chileentinieblas.cl/en/pnj/la-arquitecta/" />
<meta property="og:site_name" content="Chile en Tinieblas" />
<meta property="article:publisher" content="https://www.facebook.com/ChileenTinieblas" />
<meta property="article:modified_time" content="2024-07-27T03:56:16+00:00" />
<meta property="og:image" content="https://chileentinieblas.cl/wp-content/uploads/2021/04/chileentinieblas_httpss.mj_.run0BK9vxqlix0_httpss.mj_.runttFMhfJv_6ec86285-d4fe-4817-adfa-c3cc3b37e839-1024x1024.png" />
	<meta property="og:image:width" content="1024" />
	<meta property="og:image:height" content="1024" />
	<meta property="og:image:type" content="image/png" />
<meta name="twitter:card" content="summary_large_image" />
<meta name="twitter:label1" content="Est. reading time" />
	<meta name="twitter:data1" content="1 minute" />
<script type="application/ld+json" class="yoast-schema-graph">{"@context":"https:\/\/schema.org","@graph":[{"@type":"WebPage","@id":"https:\/\/chileentinieblas.cl\/pnj\/la-arquitecta\/","url":"https:\/\/chileentinieblas.cl\/pnj\/la-arquitecta\/","name":"La Arquitecta - Chile en Tinieblas","isPartOf":{"@id":"https:\/\/chileentinieblas.cl\/#website"},"primaryImageOfPage":{"@id":"https:\/\/chileentinieblas.cl\/pnj\/la-arquitecta\/#primaryimage"},"image":{"@id":"https:\/\/chileentinieblas.cl\/pnj\/la-arquitecta\/#primaryimage"},"thumbnailUrl":"https:\/\/chileentinieblas.cl\/wp-content\/uploads\/2021\/04\/chileentinieblas_httpss.mj_.run0BK9vxqlix0_httpss.mj_.runttFMhfJv_6ec86285-d4fe-4817-adfa-c3cc3b37e839.png","datePublished":"2021-04-13T02:18:03+00:00","dateModified":"2024-07-27T03:56:16+00:00","breadcrumb":{"@id":"https:\/\/chileentinieblas.cl\/pnj\/la-arquitecta\/#breadcrumb"},"inLanguage":"en-US","potentialAction":[{"@type":"ReadAction","target":["https:\/\/chileentinieblas.cl\/pnj\/la-arquitecta\/"]}]},{"@type":"ImageObject","inLanguage":"en-US","@id":"https:\/\/chileentinieblas.cl\/pnj\/la-arquitecta\/#primaryimage","url":"https:\/\/chileentinieblas.cl\/wp-content\/uploads\/2021\/04\/chileentinieblas_httpss.mj_.run0BK9vxqlix0_httpss.mj_.runttFMhfJv_6ec86285-d4fe-4817-adfa-c3cc3b37e839.png","contentUrl":"https:\/\/chileentinieblas.cl\/wp-content\/uploads\/2021\/04\/chileentinieblas_httpss.mj_.run0BK9vxqlix0_httpss.mj_.runttFMhfJv_6ec86285-d4fe-4817-adfa-c3cc3b37e839.png","width":2048,"height":2048},{"@type":"BreadcrumbList","@id":"https:\/\/chileentinieblas.cl\/pnj\/la-arquitecta\/#breadcrumb","itemListElement":[{"@type":"ListItem","position":1,"name":"Portada","item":"https:\/\/chileentinieblas.cl\/"},{"@type":"ListItem","position":2,"name":"PNJs","item":"https:\/\/chileentinieblas.cl\/pnj\/"},{"@type":"ListItem","position":3,"name":"La Arquitecta"}]},{"@type":"WebSite","@id":"https:\/\/chileentinieblas.cl\/#website","url":"https:\/\/chileentinieblas.cl\/","name":"Chile en Tinieblas","description":"Un servidor con mesas de rol de Mundo de Tinieblas","publisher":{"@id":"https:\/\/chileentinieblas.cl\/#organization"},"potentialAction":[{"@type":"SearchAction","target":{"@type":"EntryPoint","urlTemplate":"https:\/\/chileentinieblas.cl\/?s={search_term_string}"},"query-input":{"@type":"PropertyValueSpecification","valueRequired":true,"valueName":"search_term_string"}}],"inLanguage":"en-US"},{"@type":"Organization","@id":"https:\/\/chileentinieblas.cl\/#organization","name":"Chile en Tinieblas","url":"https:\/\/chileentinieblas.cl\/","logo":{"@type":"ImageObject","inLanguage":"en-US","@id":"https:\/\/chileentinieblas.cl\/#\/schema\/logo\/image\/","url":"https:\/\/chileentinieblas.cl\/wp-content\/uploads\/2021\/12\/logo-cet-claro.png","contentUrl":"https:\/\/chileentinieblas.cl\/wp-content\/uploads\/2021\/12\/logo-cet-claro.png","width":1001,"height":1030,"caption":"Chile en Tinieblas"},"image":{"@id":"https:\/\/chileentinieblas.cl\/#\/schema\/logo\/image\/"},"sameAs":["https:\/\/www.facebook.com\/ChileenTinieblas","https:\/\/www.instagram.com\/chileentinieblas\/","https:\/\/www.youtube.com\/@chileentinieblas","https:\/\/www.tiktok.com\/@chileentinieblas"]}]}</script>
<!-- / Yoast SEO plugin. -->

Maestra adepta que se crió bajo una familia pudiente en donde a temprana edad tuvo acceso a computadores y tecnología de punta. Su padre es uno de los precursores de la computación en Chile y su madre es una socióloga ligada a las causas de los pueblos indígenas. A sus 16 años despertó luego de [&hellip;]
