{"id":805,"date":"2021-04-12T22:56:18","date_gmt":"2021-04-13T01:56:18","guid":{"rendered":"https:\/\/chileentinieblas.cl\/?post_type=personajes&#038;p=805"},"modified":"2024-07-29T19:41:09","modified_gmt":"2024-07-29T19:41:09","slug":"el-bibliotecario","status":"publish","type":"pnj","link":"https:\/\/chileentinieblas.cl\/en\/pnj\/el-bibliotecario\/","title":{"rendered":"El bibliotecario"},"content":{"rendered":"<p class=\"wp-block-paragraph\">Nadie tiene muy claro su fecha de nacimiento, pero todos concuerdan en que \u00e9l estaba cuando la biblioteca nacional pas\u00f3 a mano de las tradiciones. Es el mago m\u00e1s antiguo que existe en chile (hasta el momento), y por lo mismo est\u00e1 confinado a la biblioteca nacional. Pero \u00e9l es la biblioteca nacional y el punto de acceso para los Magos a la Biblioteca de Alejandr\u00eda.\u00a0 \u00c9l lo sabe todo y lo comprende todo, por lo tanto es consultado frecuentemente por los primus y magos antiguos de todas las tradiciones. Incluso se habla que algunos dispares le han rendido honores. Es por esta sabidur\u00eda y poder casi omnisciente que el bibliotecario se ha restado de toda participaci\u00f3n en mundo mundano y arcano, incluso ya no participa de las reuniones de los 9, mandando como representante al segundo a bordo de la tradici\u00f3n, Ignacio Coraz\u00f3n de Drag\u00f3n.<\/p>","protected":false},"author":1,"featured_media":806,"template":"","tags":[],"faccion":[26,27],"class_list":["post-805","pnj","type-pnj","status-publish","has-post-thumbnail","hentry","faccion-orden-de-hermes","faccion-tradiciones"],"acf":{"fecha":"Indeterminada","estatus":"Activo","ficha_del_personaje":"","aspecto":"El bibliotecario es un ser anciano, que vive entre polvo y telas de ara\u00f1a en los subterr\u00e1neos de la biblioteca, habla con voz suave y pausada como si el tiempo no importara, su piel es nudosa, dura y bronceada, haciendo que el anciano parezca hecho de los maderos de los muros, su barba larga y blanca le da un aspecto de mago de cuento.","interpretacion":"\u00c9l sabe cu\u00e1l es el orden natural de las cosas y el destino de la humanidad, es por ello que se resta de las decisiones oficiales del concilio, ya que considera que \u00e9stas las deben tomar quienes tienen la posibilidad de cambiar el destino. A pesar de su posici\u00f3n, el consejo suele preguntar en caso de gran duda, pero siempre reciben una respuesta ambigua que los deja m\u00e1s confundidos.","rango_mago":"8 - Archimago","informacion_privada":"","mapa_de_kumu_u_otro_embed":null},"yoast_head":"<!-- This site is optimized with the Yoast SEO plugin v28.4 - https:\/\/yoast.com\/product\/yoast-seo-wordpress\/ -->\n<title>El bibliotecario - Chile en Tinieblas<\/title>\n<meta name=\"robots\" content=\"index, follow, max-snippet:-1, max-image-preview:large, max-video-preview:-1\" \/>\n<link rel=\"canonical\" href=\"https:\/\/chileentinieblas.cl\/en\/pnj\/el-bibliotecario\/\" \/>\n<meta property=\"og:locale\" content=\"en_US\" \/>\n<meta property=\"og:type\" content=\"article\" \/>\n<meta property=\"og:title\" content=\"El bibliotecario - Chile en Tinieblas\" \/>\n<meta property=\"og:description\" content=\"Nadie tiene muy claro su fecha de nacimiento, pero todos concuerdan en que \u00e9l estaba cuando la biblioteca nacional pas\u00f3 a mano de las tradiciones. Es el mago m\u00e1s antiguo que existe en chile (hasta el momento), y por lo mismo est\u00e1 confinado a la biblioteca nacional. Pero \u00e9l es la biblioteca nacional y el [&hellip;]\" \/>\n<meta property=\"og:url\" content=\"https:\/\/chileentinieblas.cl\/en\/pnj\/el-bibliotecario\/\" \/>\n<meta property=\"og:site_name\" content=\"Chile en Tinieblas\" \/>\n<meta property=\"article:publisher\" content=\"https:\/\/www.facebook.com\/ChileenTinieblas\" \/>\n<meta property=\"article:modified_time\" content=\"2024-07-29T19:41:09+00:00\" \/>\n<meta property=\"og:image\" content=\"https:\/\/chileentinieblas.cl\/wp-content\/uploads\/2021\/04\/bibliotecario.png\" \/>\n\t<meta property=\"og:image:width\" content=\"500\" \/>\n\t<meta property=\"og:image:height\" content=\"637\" \/>\n\t<meta property=\"og:image:type\" content=\"image\/png\" \/>\n<meta name=\"twitter:card\" content=\"summary_large_image\" \/>\n<meta name=\"twitter:label1\" content=\"Est. reading time\" \/>\n\t<meta name=\"twitter:data1\" content=\"1 minute\" \/>\n<script type=\"application\/ld+json\" class=\"yoast-schema-graph\">{\"@context\":\"https:\\\/\\\/schema.org\",\"@graph\":[{\"@type\":\"WebPage\",\"@id\":\"https:\\\/\\\/chileentinieblas.cl\\\/pnj\\\/el-bibliotecario\\\/\",\"url\":\"https:\\\/\\\/chileentinieblas.cl\\\/pnj\\\/el-bibliotecario\\\/\",\"name\":\"El bibliotecario - Chile en Tinieblas\",\"isPartOf\":{\"@id\":\"https:\\\/\\\/chileentinieblas.cl\\\/#website\"},\"primaryImageOfPage\":{\"@id\":\"https:\\\/\\\/chileentinieblas.cl\\\/pnj\\\/el-bibliotecario\\\/#primaryimage\"},\"image\":{\"@id\":\"https:\\\/\\\/chileentinieblas.cl\\\/pnj\\\/el-bibliotecario\\\/#primaryimage\"},\"thumbnailUrl\":\"https:\\\/\\\/chileentinieblas.cl\\\/wp-content\\\/uploads\\\/2021\\\/04\\\/bibliotecario.png\",\"datePublished\":\"2021-04-13T01:56:18+00:00\",\"dateModified\":\"2024-07-29T19:41:09+00:00\",\"breadcrumb\":{\"@id\":\"https:\\\/\\\/chileentinieblas.cl\\\/pnj\\\/el-bibliotecario\\\/#breadcrumb\"},\"inLanguage\":\"en-US\",\"potentialAction\":[{\"@type\":\"ReadAction\",\"target\":[\"https:\\\/\\\/chileentinieblas.cl\\\/pnj\\\/el-bibliotecario\\\/\"]}]},{\"@type\":\"ImageObject\",\"inLanguage\":\"en-US\",\"@id\":\"https:\\\/\\\/chileentinieblas.cl\\\/pnj\\\/el-bibliotecario\\\/#primaryimage\",\"url\":\"https:\\\/\\\/chileentinieblas.cl\\\/wp-content\\\/uploads\\\/2021\\\/04\\\/bibliotecario.png\",\"contentUrl\":\"https:\\\/\\\/chileentinieblas.cl\\\/wp-content\\\/uploads\\\/2021\\\/04\\\/bibliotecario.png\",\"width\":500,\"height\":637},{\"@type\":\"BreadcrumbList\",\"@id\":\"https:\\\/\\\/chileentinieblas.cl\\\/pnj\\\/el-bibliotecario\\\/#breadcrumb\",\"itemListElement\":[{\"@type\":\"ListItem\",\"position\":1,\"name\":\"Portada\",\"item\":\"https:\\\/\\\/chileentinieblas.cl\\\/\"},{\"@type\":\"ListItem\",\"position\":2,\"name\":\"PNJs\",\"item\":\"https:\\\/\\\/chileentinieblas.cl\\\/pnj\\\/\"},{\"@type\":\"ListItem\",\"position\":3,\"name\":\"El bibliotecario\"}]},{\"@type\":\"WebSite\",\"@id\":\"https:\\\/\\\/chileentinieblas.cl\\\/#website\",\"url\":\"https:\\\/\\\/chileentinieblas.cl\\\/\",\"name\":\"Chile en Tinieblas\",\"description\":\"Un servidor con mesas de rol de Mundo de Tinieblas\",\"publisher\":{\"@id\":\"https:\\\/\\\/chileentinieblas.cl\\\/#organization\"},\"potentialAction\":[{\"@type\":\"SearchAction\",\"target\":{\"@type\":\"EntryPoint\",\"urlTemplate\":\"https:\\\/\\\/chileentinieblas.cl\\\/?s={search_term_string}\"},\"query-input\":{\"@type\":\"PropertyValueSpecification\",\"valueRequired\":true,\"valueName\":\"search_term_string\"}}],\"inLanguage\":\"en-US\"},{\"@type\":\"Organization\",\"@id\":\"https:\\\/\\\/chileentinieblas.cl\\\/#organization\",\"name\":\"Chile en Tinieblas\",\"url\":\"https:\\\/\\\/chileentinieblas.cl\\\/\",\"logo\":{\"@type\":\"ImageObject\",\"inLanguage\":\"en-US\",\"@id\":\"https:\\\/\\\/chileentinieblas.cl\\\/#\\\/schema\\\/logo\\\/image\\\/\",\"url\":\"https:\\\/\\\/chileentinieblas.cl\\\/wp-content\\\/uploads\\\/2021\\\/12\\\/logo-cet-claro.png\",\"contentUrl\":\"https:\\\/\\\/chileentinieblas.cl\\\/wp-content\\\/uploads\\\/2021\\\/12\\\/logo-cet-claro.png\",\"width\":1001,\"height\":1030,\"caption\":\"Chile en Tinieblas\"},\"image\":{\"@id\":\"https:\\\/\\\/chileentinieblas.cl\\\/#\\\/schema\\\/logo\\\/image\\\/\"},\"sameAs\":[\"https:\\\/\\\/www.facebook.com\\\/ChileenTinieblas\",\"https:\\\/\\\/www.instagram.com\\\/chileentinieblas\\\/\",\"https:\\\/\\\/www.youtube.com\\\/@chileentinieblas\",\"https:\\\/\\\/www.tiktok.com\\\/@chileentinieblas\"]}]}<\/script>\n<!-- \/ Yoast SEO plugin. -->","yoast_head_json":{"title":"El bibliotecario - Chile en Tinieblas","robots":{"index":"index","follow":"follow","max-snippet":"max-snippet:-1","max-image-preview":"max-image-preview:large","max-video-preview":"max-video-preview:-1"},"canonical":"https:\/\/chileentinieblas.cl\/en\/pnj\/el-bibliotecario\/","og_locale":"en_US","og_type":"article","og_title":"El bibliotecario - Chile en Tinieblas","og_description":"Nadie tiene muy claro su fecha de nacimiento, pero todos concuerdan en que \u00e9l estaba cuando la biblioteca nacional pas\u00f3 a mano de las tradiciones. Es el mago m\u00e1s antiguo que existe en chile (hasta el momento), y por lo mismo est\u00e1 confinado a la biblioteca nacional. Pero \u00e9l es la biblioteca nacional y el [&hellip;]","og_url":"https:\/\/chileentinieblas.cl\/en\/pnj\/el-bibliotecario\/","og_site_name":"Chile en Tinieblas","article_publisher":"https:\/\/www.facebook.com\/ChileenTinieblas","article_modified_time":"2024-07-29T19:41:09+00:00","og_image":[{"width":500,"height":637,"url":"https:\/\/chileentinieblas.cl\/wp-content\/uploads\/2021\/04\/bibliotecario.png","type":"image\/png"}],"twitter_card":"summary_large_image","twitter_misc":{"Est. reading time":"1 minute"},"schema":{"@context":"https:\/\/schema.org","@graph":[{"@type":"WebPage","@id":"https:\/\/chileentinieblas.cl\/pnj\/el-bibliotecario\/","url":"https:\/\/chileentinieblas.cl\/pnj\/el-bibliotecario\/","name":"El bibliotecario - Chile en Tinieblas","isPartOf":{"@id":"https:\/\/chileentinieblas.cl\/#website"},"primaryImageOfPage":{"@id":"https:\/\/chileentinieblas.cl\/pnj\/el-bibliotecario\/#primaryimage"},"image":{"@id":"https:\/\/chileentinieblas.cl\/pnj\/el-bibliotecario\/#primaryimage"},"thumbnailUrl":"https:\/\/chileentinieblas.cl\/wp-content\/uploads\/2021\/04\/bibliotecario.png","datePublished":"2021-04-13T01:56:18+00:00","dateModified":"2024-07-29T19:41:09+00:00","breadcrumb":{"@id":"https:\/\/chileentinieblas.cl\/pnj\/el-bibliotecario\/#breadcrumb"},"inLanguage":"en-US","potentialAction":[{"@type":"ReadAction","target":["https:\/\/chileentinieblas.cl\/pnj\/el-bibliotecario\/"]}]},{"@type":"ImageObject","inLanguage":"en-US","@id":"https:\/\/chileentinieblas.cl\/pnj\/el-bibliotecario\/#primaryimage","url":"https:\/\/chileentinieblas.cl\/wp-content\/uploads\/2021\/04\/bibliotecario.png","contentUrl":"https:\/\/chileentinieblas.cl\/wp-content\/uploads\/2021\/04\/bibliotecario.png","width":500,"height":637},{"@type":"BreadcrumbList","@id":"https:\/\/chileentinieblas.cl\/pnj\/el-bibliotecario\/#breadcrumb","itemListElement":[{"@type":"ListItem","position":1,"name":"Portada","item":"https:\/\/chileentinieblas.cl\/"},{"@type":"ListItem","position":2,"name":"PNJs","item":"https:\/\/chileentinieblas.cl\/pnj\/"},{"@type":"ListItem","position":3,"name":"El bibliotecario"}]},{"@type":"WebSite","@id":"https:\/\/chileentinieblas.cl\/#website","url":"https:\/\/chileentinieblas.cl\/","name":"Chile en Tinieblas","description":"Un servidor con mesas de rol de Mundo de Tinieblas","publisher":{"@id":"https:\/\/chileentinieblas.cl\/#organization"},"potentialAction":[{"@type":"SearchAction","target":{"@type":"EntryPoint","urlTemplate":"https:\/\/chileentinieblas.cl\/?s={search_term_string}"},"query-input":{"@type":"PropertyValueSpecification","valueRequired":true,"valueName":"search_term_string"}}],"inLanguage":"en-US"},{"@type":"Organization","@id":"https:\/\/chileentinieblas.cl\/#organization","name":"Chile en Tinieblas","url":"https:\/\/chileentinieblas.cl\/","logo":{"@type":"ImageObject","inLanguage":"en-US","@id":"https:\/\/chileentinieblas.cl\/#\/schema\/logo\/image\/","url":"https:\/\/chileentinieblas.cl\/wp-content\/uploads\/2021\/12\/logo-cet-claro.png","contentUrl":"https:\/\/chileentinieblas.cl\/wp-content\/uploads\/2021\/12\/logo-cet-claro.png","width":1001,"height":1030,"caption":"Chile en Tinieblas"},"image":{"@id":"https:\/\/chileentinieblas.cl\/#\/schema\/logo\/image\/"},"sameAs":["https:\/\/www.facebook.com\/ChileenTinieblas","https:\/\/www.instagram.com\/chileentinieblas\/","https:\/\/www.youtube.com\/@chileentinieblas","https:\/\/www.tiktok.com\/@chileentinieblas"]}]}},"jetpack_sharing_enabled":true,"_links":{"self":[{"href":"https:\/\/chileentinieblas.cl\/en\/wp-json\/wp\/v2\/pnj\/805","targetHints":{"allow":["GET"]}}],"collection":[{"href":"https:\/\/chileentinieblas.cl\/en\/wp-json\/wp\/v2\/pnj"}],"about":[{"href":"https:\/\/chileentinieblas.cl\/en\/wp-json\/wp\/v2\/types\/pnj"}],"author":[{"embeddable":true,"href":"https:\/\/chileentinieblas.cl\/en\/wp-json\/wp\/v2\/users\/1"}],"wp:featuredmedia":[{"embeddable":true,"href":"https:\/\/chileentinieblas.cl\/en\/wp-json\/wp\/v2\/media\/806"}],"wp:attachment":[{"href":"https:\/\/chileentinieblas.cl\/en\/wp-json\/wp\/v2\/media?parent=805"}],"wp:term":[{"taxonomy":"post_tag","embeddable":true,"href":"https:\/\/chileentinieblas.cl\/en\/wp-json\/wp\/v2\/tags?post=805"},{"taxonomy":"faccion","embeddable":true,"href":"https:\/\/chileentinieblas.cl\/en\/wp-json\/wp\/v2\/faccion?post=805"}],"curies":[{"name":"wp","href":"https:\/\/api.w.org\/{rel}","templated":true}]}}

<p class="wp-block-paragraph">Nadie tiene muy claro su fecha de nacimiento, pero todos concuerdan en que él estaba cuando la biblioteca nacional pasó a mano de las tradiciones. Es el mago más antiguo que existe en chile (hasta el momento), y por lo mismo está confinado a la biblioteca nacional. Pero él es la biblioteca nacional y el punto de acceso para los Magos a la Biblioteca de Alejandría.  Él lo sabe todo y lo comprende todo, por lo tanto es consultado frecuentemente por los primus y magos antiguos de todas las tradiciones. Incluso se habla que algunos dispares le han rendido honores. Es por esta sabiduría y poder casi omnisciente que el bibliotecario se ha restado de toda participación en mundo mundano y arcano, incluso ya no participa de las reuniones de los 9, mandando como representante al segundo a bordo de la tradición, Ignacio Corazón de Dragón.</p>

El bibliotecario es un ser anciano, que vive entre polvo y telas de araña en los subterráneos de la biblioteca, habla con voz suave y pausada como si el tiempo no importara, su piel es nudosa, dura y bronceada, haciendo que el anciano parezca hecho de los maderos de los muros, su barba larga y blanca le da un aspecto de mago de cuento.

Él sabe cuál es el orden natural de las cosas y el destino de la humanidad, es por ello que se resta de las decisiones oficiales del concilio, ya que considera que éstas las deben tomar quienes tienen la posibilidad de cambiar el destino. A pesar de su posición, el consejo suele preguntar en caso de gran duda, pero siempre reciben una respuesta ambigua que los deja más confundidos.

<!-- This site is optimized with the Yoast SEO plugin v28.4 - https://yoast.com/product/yoast-seo-wordpress/ -->
<title>El bibliotecario - Chile en Tinieblas</title>
<meta name="robots" content="index, follow, max-snippet:-1, max-image-preview:large, max-video-preview:-1" />
<link rel="canonical" href="https://chileentinieblas.cl/en/pnj/el-bibliotecario/" />
<meta property="og:locale" content="en_US" />
<meta property="og:type" content="article" />
<meta property="og:title" content="El bibliotecario - Chile en Tinieblas" />
<meta property="og:description" content="Nadie tiene muy claro su fecha de nacimiento, pero todos concuerdan en que él estaba cuando la biblioteca nacional pasó a mano de las tradiciones. Es el mago más antiguo que existe en chile (hasta el momento), y por lo mismo está confinado a la biblioteca nacional. Pero él es la biblioteca nacional y el [&hellip;]" />
<meta property="og:url" content="https://chileentinieblas.cl/en/pnj/el-bibliotecario/" />
<meta property="og:site_name" content="Chile en Tinieblas" />
<meta property="article:publisher" content="https://www.facebook.com/ChileenTinieblas" />
<meta property="article:modified_time" content="2024-07-29T19:41:09+00:00" />
<meta property="og:image" content="https://chileentinieblas.cl/wp-content/uploads/2021/04/bibliotecario.png" />
	<meta property="og:image:width" content="500" />
	<meta property="og:image:height" content="637" />
	<meta property="og:image:type" content="image/png" />
<meta name="twitter:card" content="summary_large_image" />
<meta name="twitter:label1" content="Est. reading time" />
	<meta name="twitter:data1" content="1 minute" />
<script type="application/ld+json" class="yoast-schema-graph">{"@context":"https:\/\/schema.org","@graph":[{"@type":"WebPage","@id":"https:\/\/chileentinieblas.cl\/pnj\/el-bibliotecario\/","url":"https:\/\/chileentinieblas.cl\/pnj\/el-bibliotecario\/","name":"El bibliotecario - Chile en Tinieblas","isPartOf":{"@id":"https:\/\/chileentinieblas.cl\/#website"},"primaryImageOfPage":{"@id":"https:\/\/chileentinieblas.cl\/pnj\/el-bibliotecario\/#primaryimage"},"image":{"@id":"https:\/\/chileentinieblas.cl\/pnj\/el-bibliotecario\/#primaryimage"},"thumbnailUrl":"https:\/\/chileentinieblas.cl\/wp-content\/uploads\/2021\/04\/bibliotecario.png","datePublished":"2021-04-13T01:56:18+00:00","dateModified":"2024-07-29T19:41:09+00:00","breadcrumb":{"@id":"https:\/\/chileentinieblas.cl\/pnj\/el-bibliotecario\/#breadcrumb"},"inLanguage":"en-US","potentialAction":[{"@type":"ReadAction","target":["https:\/\/chileentinieblas.cl\/pnj\/el-bibliotecario\/"]}]},{"@type":"ImageObject","inLanguage":"en-US","@id":"https:\/\/chileentinieblas.cl\/pnj\/el-bibliotecario\/#primaryimage","url":"https:\/\/chileentinieblas.cl\/wp-content\/uploads\/2021\/04\/bibliotecario.png","contentUrl":"https:\/\/chileentinieblas.cl\/wp-content\/uploads\/2021\/04\/bibliotecario.png","width":500,"height":637},{"@type":"BreadcrumbList","@id":"https:\/\/chileentinieblas.cl\/pnj\/el-bibliotecario\/#breadcrumb","itemListElement":[{"@type":"ListItem","position":1,"name":"Portada","item":"https:\/\/chileentinieblas.cl\/"},{"@type":"ListItem","position":2,"name":"PNJs","item":"https:\/\/chileentinieblas.cl\/pnj\/"},{"@type":"ListItem","position":3,"name":"El bibliotecario"}]},{"@type":"WebSite","@id":"https:\/\/chileentinieblas.cl\/#website","url":"https:\/\/chileentinieblas.cl\/","name":"Chile en Tinieblas","description":"Un servidor con mesas de rol de Mundo de Tinieblas","publisher":{"@id":"https:\/\/chileentinieblas.cl\/#organization"},"potentialAction":[{"@type":"SearchAction","target":{"@type":"EntryPoint","urlTemplate":"https:\/\/chileentinieblas.cl\/?s={search_term_string}"},"query-input":{"@type":"PropertyValueSpecification","valueRequired":true,"valueName":"search_term_string"}}],"inLanguage":"en-US"},{"@type":"Organization","@id":"https:\/\/chileentinieblas.cl\/#organization","name":"Chile en Tinieblas","url":"https:\/\/chileentinieblas.cl\/","logo":{"@type":"ImageObject","inLanguage":"en-US","@id":"https:\/\/chileentinieblas.cl\/#\/schema\/logo\/image\/","url":"https:\/\/chileentinieblas.cl\/wp-content\/uploads\/2021\/12\/logo-cet-claro.png","contentUrl":"https:\/\/chileentinieblas.cl\/wp-content\/uploads\/2021\/12\/logo-cet-claro.png","width":1001,"height":1030,"caption":"Chile en Tinieblas"},"image":{"@id":"https:\/\/chileentinieblas.cl\/#\/schema\/logo\/image\/"},"sameAs":["https:\/\/www.facebook.com\/ChileenTinieblas","https:\/\/www.instagram.com\/chileentinieblas\/","https:\/\/www.youtube.com\/@chileentinieblas","https:\/\/www.tiktok.com\/@chileentinieblas"]}]}</script>
<!-- / Yoast SEO plugin. -->

Nadie tiene muy claro su fecha de nacimiento, pero todos concuerdan en que él estaba cuando la biblioteca nacional pasó a mano de las tradiciones. Es el mago más antiguo que existe en chile (hasta el momento), y por lo mismo está confinado a la biblioteca nacional. Pero él es la biblioteca nacional y el [&hellip;]
