{"id":6541,"date":"2025-07-11T17:29:26","date_gmt":"2025-07-11T17:29:26","guid":{"rendered":"https:\/\/chileentinieblas.cl\/?post_type=pnj&#038;p=6541"},"modified":"2025-07-11T17:29:27","modified_gmt":"2025-07-11T17:29:27","slug":"monica-halvorsen","status":"publish","type":"pnj","link":"https:\/\/chileentinieblas.cl\/en\/pnj\/monica-halvorsen\/","title":{"rendered":"M\u00f3nica Halvorsen"},"content":{"rendered":"<p class=\"wp-block-paragraph\"><strong>Moderadora principal del foro Re:Verberaci\u00f3n<\/strong><\/p>\n\n\n\n<p class=\"wp-block-paragraph\">M\u00f3nica Halvorsen es el rostro emp\u00e1tico del horror. Psic\u00f3loga titulada, con estudios de posgrado en comunicaci\u00f3n no verbal, duelo colectivo y narrativa terap\u00e9utica, es la figura perfecta para liderar <strong>\u201cLos Samaritanos\u201d<\/strong>, el Departamento de Consejeros de Duelo de <strong>Re:Venge<\/strong>. Su misi\u00f3n oficial: acompa\u00f1ar emocionalmente a v\u00edctimas de incidentes paranormales. Su funci\u00f3n real: <strong>reclutar, manipular y transformar el trauma humano en contenido, contratos o cazadores.<\/strong><\/p>\n\n\n\n<p class=\"wp-block-paragraph\">&nbsp;Adem\u00e1s de liderar el equipo de campo, M\u00f3nica es la <strong>moderadora de Re:Verberaci\u00f3n<\/strong>, el foro de relatos y testimonios donde las v\u00edctimas comparten su dolor. Decide qu\u00e9 se hace p\u00fablico, qu\u00e9 se invisibiliza, qu\u00e9 historia merece amplificaci\u00f3n y cu\u00e1l debe ser silenciada&#8230; todo con una sonrisa y tono maternal.<\/p>\n\n\n\n<h2 class=\"wp-block-heading\"><strong>Psicolog\u00eda y motivaci\u00f3n<\/strong><\/h2>\n\n\n\n<p class=\"wp-block-paragraph\">&nbsp;M\u00f3nica cree en el valor del sufrimiento. No como algo a evitar, sino como una herramienta para el cambio&#8230; o el control. Tiene una visi\u00f3n compleja del dolor: lo considera <strong>una forma de lenguaje puro<\/strong>, un material crudo que puede moldear emociones, conductas y decisiones. En su visi\u00f3n, cada v\u00edctima es un manuscrito que puede ser editado si te tomas el tiempo de comprender su l\u00f3gica narrativa.<\/p>\n\n\n\n<p class=\"wp-block-paragraph\">&nbsp;No se considera una villana. Para ella, <strong>toda acci\u00f3n es justificada si le da sentido al dolor de alguien<\/strong>. Aunque ese sentido sea falso, manipulado o peligroso.<\/p>\n\n\n\n<p class=\"wp-block-paragraph\"><\/p>","protected":false},"author":24,"featured_media":6542,"template":"","tags":[200,256],"faccion":[54],"class_list":["post-6541","pnj","type-pnj","status-publish","has-post-thumbnail","hentry","tag-cazador-la-venganza","tag-revenge","faccion-cazador-la-venganza"],"acf":{"fecha":"","estatus":"Activo","ficha_del_personaje":"","aspecto":"","interpretacion":"","informacion_privada":"","mapa_de_kumu_u_otro_embed":""},"yoast_head":"<!-- This site is optimized with the Yoast SEO plugin v28.4 - https:\/\/yoast.com\/product\/yoast-seo-wordpress\/ -->\n<title>M\u00f3nica Halvorsen - Chile en Tinieblas<\/title>\n<meta name=\"robots\" content=\"index, follow, max-snippet:-1, max-image-preview:large, max-video-preview:-1\" \/>\n<link rel=\"canonical\" href=\"https:\/\/chileentinieblas.cl\/en\/pnj\/monica-halvorsen\/\" \/>\n<meta property=\"og:locale\" content=\"en_US\" \/>\n<meta property=\"og:type\" content=\"article\" \/>\n<meta property=\"og:title\" content=\"M\u00f3nica Halvorsen - Chile en Tinieblas\" \/>\n<meta property=\"og:description\" content=\"Moderadora principal del foro Re:Verberaci\u00f3n M\u00f3nica Halvorsen es el rostro emp\u00e1tico del horror. Psic\u00f3loga titulada, con estudios de posgrado en comunicaci\u00f3n no verbal, duelo colectivo y narrativa terap\u00e9utica, es la figura perfecta para liderar \u201cLos Samaritanos\u201d, el Departamento de Consejeros de Duelo de Re:Venge. Su misi\u00f3n oficial: acompa\u00f1ar emocionalmente a v\u00edctimas de incidentes paranormales. Su [&hellip;]\" \/>\n<meta property=\"og:url\" content=\"https:\/\/chileentinieblas.cl\/en\/pnj\/monica-halvorsen\/\" \/>\n<meta property=\"og:site_name\" content=\"Chile en Tinieblas\" \/>\n<meta property=\"article:publisher\" content=\"https:\/\/www.facebook.com\/ChileenTinieblas\" \/>\n<meta property=\"article:modified_time\" content=\"2025-07-11T17:29:27+00:00\" \/>\n<meta property=\"og:image\" content=\"https:\/\/chileentinieblas.cl\/wp-content\/uploads\/2025\/07\/WhatsApp-Image-2025-07-11-at-13.13.24-1.jpeg\" \/>\n\t<meta property=\"og:image:width\" content=\"1024\" \/>\n\t<meta property=\"og:image:height\" content=\"1536\" \/>\n\t<meta property=\"og:image:type\" content=\"image\/jpeg\" \/>\n<meta name=\"twitter:card\" content=\"summary_large_image\" \/>\n<meta name=\"twitter:label1\" content=\"Est. reading time\" \/>\n\t<meta name=\"twitter:data1\" content=\"1 minute\" \/>\n<script type=\"application\/ld+json\" class=\"yoast-schema-graph\">{\"@context\":\"https:\\\/\\\/schema.org\",\"@graph\":[{\"@type\":\"WebPage\",\"@id\":\"https:\\\/\\\/chileentinieblas.cl\\\/pnj\\\/monica-halvorsen\\\/\",\"url\":\"https:\\\/\\\/chileentinieblas.cl\\\/pnj\\\/monica-halvorsen\\\/\",\"name\":\"M\u00f3nica Halvorsen - Chile en Tinieblas\",\"isPartOf\":{\"@id\":\"https:\\\/\\\/chileentinieblas.cl\\\/#website\"},\"primaryImageOfPage\":{\"@id\":\"https:\\\/\\\/chileentinieblas.cl\\\/pnj\\\/monica-halvorsen\\\/#primaryimage\"},\"image\":{\"@id\":\"https:\\\/\\\/chileentinieblas.cl\\\/pnj\\\/monica-halvorsen\\\/#primaryimage\"},\"thumbnailUrl\":\"https:\\\/\\\/chileentinieblas.cl\\\/wp-content\\\/uploads\\\/2025\\\/07\\\/WhatsApp-Image-2025-07-11-at-13.13.24-1.jpeg\",\"datePublished\":\"2025-07-11T17:29:26+00:00\",\"dateModified\":\"2025-07-11T17:29:27+00:00\",\"breadcrumb\":{\"@id\":\"https:\\\/\\\/chileentinieblas.cl\\\/pnj\\\/monica-halvorsen\\\/#breadcrumb\"},\"inLanguage\":\"en-US\",\"potentialAction\":[{\"@type\":\"ReadAction\",\"target\":[\"https:\\\/\\\/chileentinieblas.cl\\\/pnj\\\/monica-halvorsen\\\/\"]}]},{\"@type\":\"ImageObject\",\"inLanguage\":\"en-US\",\"@id\":\"https:\\\/\\\/chileentinieblas.cl\\\/pnj\\\/monica-halvorsen\\\/#primaryimage\",\"url\":\"https:\\\/\\\/chileentinieblas.cl\\\/wp-content\\\/uploads\\\/2025\\\/07\\\/WhatsApp-Image-2025-07-11-at-13.13.24-1.jpeg\",\"contentUrl\":\"https:\\\/\\\/chileentinieblas.cl\\\/wp-content\\\/uploads\\\/2025\\\/07\\\/WhatsApp-Image-2025-07-11-at-13.13.24-1.jpeg\",\"width\":1024,\"height\":1536},{\"@type\":\"BreadcrumbList\",\"@id\":\"https:\\\/\\\/chileentinieblas.cl\\\/pnj\\\/monica-halvorsen\\\/#breadcrumb\",\"itemListElement\":[{\"@type\":\"ListItem\",\"position\":1,\"name\":\"Portada\",\"item\":\"https:\\\/\\\/chileentinieblas.cl\\\/\"},{\"@type\":\"ListItem\",\"position\":2,\"name\":\"PNJs\",\"item\":\"https:\\\/\\\/chileentinieblas.cl\\\/pnj\\\/\"},{\"@type\":\"ListItem\",\"position\":3,\"name\":\"M\u00f3nica Halvorsen\"}]},{\"@type\":\"WebSite\",\"@id\":\"https:\\\/\\\/chileentinieblas.cl\\\/#website\",\"url\":\"https:\\\/\\\/chileentinieblas.cl\\\/\",\"name\":\"Chile en Tinieblas\",\"description\":\"Un servidor con mesas de rol de Mundo de Tinieblas\",\"publisher\":{\"@id\":\"https:\\\/\\\/chileentinieblas.cl\\\/#organization\"},\"potentialAction\":[{\"@type\":\"SearchAction\",\"target\":{\"@type\":\"EntryPoint\",\"urlTemplate\":\"https:\\\/\\\/chileentinieblas.cl\\\/?s={search_term_string}\"},\"query-input\":{\"@type\":\"PropertyValueSpecification\",\"valueRequired\":true,\"valueName\":\"search_term_string\"}}],\"inLanguage\":\"en-US\"},{\"@type\":\"Organization\",\"@id\":\"https:\\\/\\\/chileentinieblas.cl\\\/#organization\",\"name\":\"Chile en Tinieblas\",\"url\":\"https:\\\/\\\/chileentinieblas.cl\\\/\",\"logo\":{\"@type\":\"ImageObject\",\"inLanguage\":\"en-US\",\"@id\":\"https:\\\/\\\/chileentinieblas.cl\\\/#\\\/schema\\\/logo\\\/image\\\/\",\"url\":\"https:\\\/\\\/chileentinieblas.cl\\\/wp-content\\\/uploads\\\/2021\\\/12\\\/logo-cet-claro.png\",\"contentUrl\":\"https:\\\/\\\/chileentinieblas.cl\\\/wp-content\\\/uploads\\\/2021\\\/12\\\/logo-cet-claro.png\",\"width\":1001,\"height\":1030,\"caption\":\"Chile en Tinieblas\"},\"image\":{\"@id\":\"https:\\\/\\\/chileentinieblas.cl\\\/#\\\/schema\\\/logo\\\/image\\\/\"},\"sameAs\":[\"https:\\\/\\\/www.facebook.com\\\/ChileenTinieblas\",\"https:\\\/\\\/www.instagram.com\\\/chileentinieblas\\\/\",\"https:\\\/\\\/www.youtube.com\\\/@chileentinieblas\",\"https:\\\/\\\/www.tiktok.com\\\/@chileentinieblas\"]}]}<\/script>\n<!-- \/ Yoast SEO plugin. -->","yoast_head_json":{"title":"M\u00f3nica Halvorsen - Chile en Tinieblas","robots":{"index":"index","follow":"follow","max-snippet":"max-snippet:-1","max-image-preview":"max-image-preview:large","max-video-preview":"max-video-preview:-1"},"canonical":"https:\/\/chileentinieblas.cl\/en\/pnj\/monica-halvorsen\/","og_locale":"en_US","og_type":"article","og_title":"M\u00f3nica Halvorsen - Chile en Tinieblas","og_description":"Moderadora principal del foro Re:Verberaci\u00f3n M\u00f3nica Halvorsen es el rostro emp\u00e1tico del horror. Psic\u00f3loga titulada, con estudios de posgrado en comunicaci\u00f3n no verbal, duelo colectivo y narrativa terap\u00e9utica, es la figura perfecta para liderar \u201cLos Samaritanos\u201d, el Departamento de Consejeros de Duelo de Re:Venge. Su misi\u00f3n oficial: acompa\u00f1ar emocionalmente a v\u00edctimas de incidentes paranormales. Su [&hellip;]","og_url":"https:\/\/chileentinieblas.cl\/en\/pnj\/monica-halvorsen\/","og_site_name":"Chile en Tinieblas","article_publisher":"https:\/\/www.facebook.com\/ChileenTinieblas","article_modified_time":"2025-07-11T17:29:27+00:00","og_image":[{"width":1024,"height":1536,"url":"https:\/\/chileentinieblas.cl\/wp-content\/uploads\/2025\/07\/WhatsApp-Image-2025-07-11-at-13.13.24-1.jpeg","type":"image\/jpeg"}],"twitter_card":"summary_large_image","twitter_misc":{"Est. reading time":"1 minute"},"schema":{"@context":"https:\/\/schema.org","@graph":[{"@type":"WebPage","@id":"https:\/\/chileentinieblas.cl\/pnj\/monica-halvorsen\/","url":"https:\/\/chileentinieblas.cl\/pnj\/monica-halvorsen\/","name":"M\u00f3nica Halvorsen - Chile en Tinieblas","isPartOf":{"@id":"https:\/\/chileentinieblas.cl\/#website"},"primaryImageOfPage":{"@id":"https:\/\/chileentinieblas.cl\/pnj\/monica-halvorsen\/#primaryimage"},"image":{"@id":"https:\/\/chileentinieblas.cl\/pnj\/monica-halvorsen\/#primaryimage"},"thumbnailUrl":"https:\/\/chileentinieblas.cl\/wp-content\/uploads\/2025\/07\/WhatsApp-Image-2025-07-11-at-13.13.24-1.jpeg","datePublished":"2025-07-11T17:29:26+00:00","dateModified":"2025-07-11T17:29:27+00:00","breadcrumb":{"@id":"https:\/\/chileentinieblas.cl\/pnj\/monica-halvorsen\/#breadcrumb"},"inLanguage":"en-US","potentialAction":[{"@type":"ReadAction","target":["https:\/\/chileentinieblas.cl\/pnj\/monica-halvorsen\/"]}]},{"@type":"ImageObject","inLanguage":"en-US","@id":"https:\/\/chileentinieblas.cl\/pnj\/monica-halvorsen\/#primaryimage","url":"https:\/\/chileentinieblas.cl\/wp-content\/uploads\/2025\/07\/WhatsApp-Image-2025-07-11-at-13.13.24-1.jpeg","contentUrl":"https:\/\/chileentinieblas.cl\/wp-content\/uploads\/2025\/07\/WhatsApp-Image-2025-07-11-at-13.13.24-1.jpeg","width":1024,"height":1536},{"@type":"BreadcrumbList","@id":"https:\/\/chileentinieblas.cl\/pnj\/monica-halvorsen\/#breadcrumb","itemListElement":[{"@type":"ListItem","position":1,"name":"Portada","item":"https:\/\/chileentinieblas.cl\/"},{"@type":"ListItem","position":2,"name":"PNJs","item":"https:\/\/chileentinieblas.cl\/pnj\/"},{"@type":"ListItem","position":3,"name":"M\u00f3nica Halvorsen"}]},{"@type":"WebSite","@id":"https:\/\/chileentinieblas.cl\/#website","url":"https:\/\/chileentinieblas.cl\/","name":"Chile en Tinieblas","description":"Un servidor con mesas de rol de Mundo de Tinieblas","publisher":{"@id":"https:\/\/chileentinieblas.cl\/#organization"},"potentialAction":[{"@type":"SearchAction","target":{"@type":"EntryPoint","urlTemplate":"https:\/\/chileentinieblas.cl\/?s={search_term_string}"},"query-input":{"@type":"PropertyValueSpecification","valueRequired":true,"valueName":"search_term_string"}}],"inLanguage":"en-US"},{"@type":"Organization","@id":"https:\/\/chileentinieblas.cl\/#organization","name":"Chile en Tinieblas","url":"https:\/\/chileentinieblas.cl\/","logo":{"@type":"ImageObject","inLanguage":"en-US","@id":"https:\/\/chileentinieblas.cl\/#\/schema\/logo\/image\/","url":"https:\/\/chileentinieblas.cl\/wp-content\/uploads\/2021\/12\/logo-cet-claro.png","contentUrl":"https:\/\/chileentinieblas.cl\/wp-content\/uploads\/2021\/12\/logo-cet-claro.png","width":1001,"height":1030,"caption":"Chile en Tinieblas"},"image":{"@id":"https:\/\/chileentinieblas.cl\/#\/schema\/logo\/image\/"},"sameAs":["https:\/\/www.facebook.com\/ChileenTinieblas","https:\/\/www.instagram.com\/chileentinieblas\/","https:\/\/www.youtube.com\/@chileentinieblas","https:\/\/www.tiktok.com\/@chileentinieblas"]}]}},"jetpack_sharing_enabled":true,"_links":{"self":[{"href":"https:\/\/chileentinieblas.cl\/en\/wp-json\/wp\/v2\/pnj\/6541","targetHints":{"allow":["GET"]}}],"collection":[{"href":"https:\/\/chileentinieblas.cl\/en\/wp-json\/wp\/v2\/pnj"}],"about":[{"href":"https:\/\/chileentinieblas.cl\/en\/wp-json\/wp\/v2\/types\/pnj"}],"author":[{"embeddable":true,"href":"https:\/\/chileentinieblas.cl\/en\/wp-json\/wp\/v2\/users\/24"}],"wp:featuredmedia":[{"embeddable":true,"href":"https:\/\/chileentinieblas.cl\/en\/wp-json\/wp\/v2\/media\/6542"}],"wp:attachment":[{"href":"https:\/\/chileentinieblas.cl\/en\/wp-json\/wp\/v2\/media?parent=6541"}],"wp:term":[{"taxonomy":"post_tag","embeddable":true,"href":"https:\/\/chileentinieblas.cl\/en\/wp-json\/wp\/v2\/tags?post=6541"},{"taxonomy":"faccion","embeddable":true,"href":"https:\/\/chileentinieblas.cl\/en\/wp-json\/wp\/v2\/faccion?post=6541"}],"curies":[{"name":"wp","href":"https:\/\/api.w.org\/{rel}","templated":true}]}}

Mónica Halvorsen

<p class="wp-block-paragraph"><strong>Moderadora principal del foro Re:Verberación</strong></p>



<p class="wp-block-paragraph">Mónica Halvorsen es el rostro empático del horror. Psicóloga titulada, con estudios de posgrado en comunicación no verbal, duelo colectivo y narrativa terapéutica, es la figura perfecta para liderar <strong>“Los Samaritanos”</strong>, el Departamento de Consejeros de Duelo de <strong>Re:Venge</strong>. Su misión oficial: acompañar emocionalmente a víctimas de incidentes paranormales. Su función real: <strong>reclutar, manipular y transformar el trauma humano en contenido, contratos o cazadores.</strong></p>



<p class="wp-block-paragraph">&nbsp;Además de liderar el equipo de campo, Mónica es la <strong>moderadora de Re:Verberación</strong>, el foro de relatos y testimonios donde las víctimas comparten su dolor. Decide qué se hace público, qué se invisibiliza, qué historia merece amplificación y cuál debe ser silenciada&#8230; todo con una sonrisa y tono maternal.</p>



<h2 class="wp-block-heading"><strong>Psicología y motivación</strong></h2>



<p class="wp-block-paragraph">&nbsp;Mónica cree en el valor del sufrimiento. No como algo a evitar, sino como una herramienta para el cambio&#8230; o el control. Tiene una visión compleja del dolor: lo considera <strong>una forma de lenguaje puro</strong>, un material crudo que puede moldear emociones, conductas y decisiones. En su visión, cada víctima es un manuscrito que puede ser editado si te tomas el tiempo de comprender su lógica narrativa.</p>



<p class="wp-block-paragraph">&nbsp;No se considera una villana. Para ella, <strong>toda acción es justificada si le da sentido al dolor de alguien</strong>. Aunque ese sentido sea falso, manipulado o peligroso.</p>



<p class="wp-block-paragraph"></p>

<!-- This site is optimized with the Yoast SEO plugin v28.4 - https://yoast.com/product/yoast-seo-wordpress/ -->
<title>Mónica Halvorsen - Chile en Tinieblas</title>
<meta name="robots" content="index, follow, max-snippet:-1, max-image-preview:large, max-video-preview:-1" />
<link rel="canonical" href="https://chileentinieblas.cl/en/pnj/monica-halvorsen/" />
<meta property="og:locale" content="en_US" />
<meta property="og:type" content="article" />
<meta property="og:title" content="Mónica Halvorsen - Chile en Tinieblas" />
<meta property="og:description" content="Moderadora principal del foro Re:Verberación Mónica Halvorsen es el rostro empático del horror. Psicóloga titulada, con estudios de posgrado en comunicación no verbal, duelo colectivo y narrativa terapéutica, es la figura perfecta para liderar “Los Samaritanos”, el Departamento de Consejeros de Duelo de Re:Venge. Su misión oficial: acompañar emocionalmente a víctimas de incidentes paranormales. Su [&hellip;]" />
<meta property="og:url" content="https://chileentinieblas.cl/en/pnj/monica-halvorsen/" />
<meta property="og:site_name" content="Chile en Tinieblas" />
<meta property="article:publisher" content="https://www.facebook.com/ChileenTinieblas" />
<meta property="article:modified_time" content="2025-07-11T17:29:27+00:00" />
<meta property="og:image" content="https://chileentinieblas.cl/wp-content/uploads/2025/07/WhatsApp-Image-2025-07-11-at-13.13.24-1.jpeg" />
	<meta property="og:image:width" content="1024" />
	<meta property="og:image:height" content="1536" />
	<meta property="og:image:type" content="image/jpeg" />
<meta name="twitter:card" content="summary_large_image" />
<meta name="twitter:label1" content="Est. reading time" />
	<meta name="twitter:data1" content="1 minute" />
<script type="application/ld+json" class="yoast-schema-graph">{"@context":"https:\/\/schema.org","@graph":[{"@type":"WebPage","@id":"https:\/\/chileentinieblas.cl\/pnj\/monica-halvorsen\/","url":"https:\/\/chileentinieblas.cl\/pnj\/monica-halvorsen\/","name":"Mónica Halvorsen - Chile en Tinieblas","isPartOf":{"@id":"https:\/\/chileentinieblas.cl\/#website"},"primaryImageOfPage":{"@id":"https:\/\/chileentinieblas.cl\/pnj\/monica-halvorsen\/#primaryimage"},"image":{"@id":"https:\/\/chileentinieblas.cl\/pnj\/monica-halvorsen\/#primaryimage"},"thumbnailUrl":"https:\/\/chileentinieblas.cl\/wp-content\/uploads\/2025\/07\/WhatsApp-Image-2025-07-11-at-13.13.24-1.jpeg","datePublished":"2025-07-11T17:29:26+00:00","dateModified":"2025-07-11T17:29:27+00:00","breadcrumb":{"@id":"https:\/\/chileentinieblas.cl\/pnj\/monica-halvorsen\/#breadcrumb"},"inLanguage":"en-US","potentialAction":[{"@type":"ReadAction","target":["https:\/\/chileentinieblas.cl\/pnj\/monica-halvorsen\/"]}]},{"@type":"ImageObject","inLanguage":"en-US","@id":"https:\/\/chileentinieblas.cl\/pnj\/monica-halvorsen\/#primaryimage","url":"https:\/\/chileentinieblas.cl\/wp-content\/uploads\/2025\/07\/WhatsApp-Image-2025-07-11-at-13.13.24-1.jpeg","contentUrl":"https:\/\/chileentinieblas.cl\/wp-content\/uploads\/2025\/07\/WhatsApp-Image-2025-07-11-at-13.13.24-1.jpeg","width":1024,"height":1536},{"@type":"BreadcrumbList","@id":"https:\/\/chileentinieblas.cl\/pnj\/monica-halvorsen\/#breadcrumb","itemListElement":[{"@type":"ListItem","position":1,"name":"Portada","item":"https:\/\/chileentinieblas.cl\/"},{"@type":"ListItem","position":2,"name":"PNJs","item":"https:\/\/chileentinieblas.cl\/pnj\/"},{"@type":"ListItem","position":3,"name":"Mónica Halvorsen"}]},{"@type":"WebSite","@id":"https:\/\/chileentinieblas.cl\/#website","url":"https:\/\/chileentinieblas.cl\/","name":"Chile en Tinieblas","description":"Un servidor con mesas de rol de Mundo de Tinieblas","publisher":{"@id":"https:\/\/chileentinieblas.cl\/#organization"},"potentialAction":[{"@type":"SearchAction","target":{"@type":"EntryPoint","urlTemplate":"https:\/\/chileentinieblas.cl\/?s={search_term_string}"},"query-input":{"@type":"PropertyValueSpecification","valueRequired":true,"valueName":"search_term_string"}}],"inLanguage":"en-US"},{"@type":"Organization","@id":"https:\/\/chileentinieblas.cl\/#organization","name":"Chile en Tinieblas","url":"https:\/\/chileentinieblas.cl\/","logo":{"@type":"ImageObject","inLanguage":"en-US","@id":"https:\/\/chileentinieblas.cl\/#\/schema\/logo\/image\/","url":"https:\/\/chileentinieblas.cl\/wp-content\/uploads\/2021\/12\/logo-cet-claro.png","contentUrl":"https:\/\/chileentinieblas.cl\/wp-content\/uploads\/2021\/12\/logo-cet-claro.png","width":1001,"height":1030,"caption":"Chile en Tinieblas"},"image":{"@id":"https:\/\/chileentinieblas.cl\/#\/schema\/logo\/image\/"},"sameAs":["https:\/\/www.facebook.com\/ChileenTinieblas","https:\/\/www.instagram.com\/chileentinieblas\/","https:\/\/www.youtube.com\/@chileentinieblas","https:\/\/www.tiktok.com\/@chileentinieblas"]}]}</script>
<!-- / Yoast SEO plugin. -->

Mónica Halvorsen - Chile en Tinieblas

Moderadora principal del foro Re:Verberación Mónica Halvorsen es el rostro empático del horror. Psicóloga titulada, con estudios de posgrado en comunicación no verbal, duelo colectivo y narrativa terapéutica, es la figura perfecta para liderar “Los Samaritanos”, el Departamento de Consejeros de Duelo de Re:Venge. Su misión oficial: acompañar emocionalmente a víctimas de incidentes paranormales. Su [&hellip;]
