{"id":6532,"date":"2025-07-11T17:17:42","date_gmt":"2025-07-11T17:17:42","guid":{"rendered":"https:\/\/chileentinieblas.cl\/?post_type=pnj&#038;p=6532"},"modified":"2025-07-11T17:17:43","modified_gmt":"2025-07-11T17:17:43","slug":"camilo-ibarra","status":"publish","type":"pnj","link":"https:\/\/chileentinieblas.cl\/en\/pnj\/camilo-ibarra\/","title":{"rendered":"Camilo Ibarra"},"content":{"rendered":"<p class=\"wp-block-paragraph\"><strong>Gerente General de Re:Venge Chile (RV-CL)<\/strong><\/p>\n\n\n\n<p class=\"wp-block-paragraph\">Camilo Ibarra es un hombre de orden. Graduado de Ingenier\u00eda Comercial en la PUC, con diplomados en innovaci\u00f3n social y gesti\u00f3n de crisis urbana, fue reclutado por Re:Venge tras su participaci\u00f3n en un programa de modernizaci\u00f3n municipal. Su hoja de vida es impecable: limpio, articulado, exitoso. Es el tipo de persona que aparece en charlas TED sobre <em>&#8220;ciudades inteligentes y resilientes&#8221;<\/em>.<\/p>\n\n\n\n<p class=\"wp-block-paragraph\">&nbsp;En su mundo, la tragedia es una variable. El dolor, un recurso. La venganza, un activo emocional de alto retorno. Camilo <strong>no cree en monstruos como entidades sobrenaturales<\/strong>, sino en comportamientos desviados, anomal\u00edas, entidades no mapeadas a\u00fan por la ciencia. Y en ese marco, <strong>su labor no es cazarlos, sino administrarlos con eficiencia t\u00e9cnica y responsabilidad fiscal.<\/strong><\/p>\n\n\n\n<h2 class=\"wp-block-heading\"><strong>Psicolog\u00eda y motivaci\u00f3n<\/strong><\/h2>\n\n\n\n<p class=\"wp-block-paragraph\">&nbsp;Camilo no es un villano cl\u00e1sico. No se frota las manos ni r\u00ede como dictador. Es el producto de un sistema que <strong>valora los resultados por encima de los principios<\/strong>, que mide el \u00e9xito en dashboards y no en cad\u00e1veres.&nbsp;<\/p>\n\n\n\n<p class=\"wp-block-paragraph\">No es una m\u00e1quina con forma humana, no es qu\u00e9 no le tiemble la mano al ver los cad\u00e1veres de sus empleados o de los familiares de sus clientes, es qu\u00e9 nunca ha sido necesario qu\u00e9 lo haga.<\/p>\n\n\n\n<p class=\"wp-block-paragraph\">&nbsp;Cree genuinamente que est\u00e1 <strong>gestionando el dolor nacional de forma ordenada y \u00fatil<\/strong>, que su empresa \u201ccontiene el caos\u201d donde el Estado fracas\u00f3. Para \u00e9l, si alguien sufre, pero eso sirve para evitar un estallido o mejora la data de comportamiento paranormal\u2026 vale la pena.<\/p>\n\n\n\n<p class=\"wp-block-paragraph\"><\/p>","protected":false},"author":24,"featured_media":6533,"template":"","tags":[200,256],"faccion":[54],"class_list":["post-6532","pnj","type-pnj","status-publish","has-post-thumbnail","hentry","tag-cazador-la-venganza","tag-revenge","faccion-cazador-la-venganza"],"acf":{"fecha":"","estatus":"Activo","ficha_del_personaje":"","aspecto":"","interpretacion":"","informacion_privada":"","mapa_de_kumu_u_otro_embed":""},"yoast_head":"<!-- This site is optimized with the Yoast SEO plugin v28.4 - https:\/\/yoast.com\/product\/yoast-seo-wordpress\/ -->\n<title>Camilo Ibarra - Chile en Tinieblas<\/title>\n<meta name=\"robots\" content=\"index, follow, max-snippet:-1, max-image-preview:large, max-video-preview:-1\" \/>\n<link rel=\"canonical\" href=\"https:\/\/chileentinieblas.cl\/en\/pnj\/camilo-ibarra\/\" \/>\n<meta property=\"og:locale\" content=\"en_US\" \/>\n<meta property=\"og:type\" content=\"article\" \/>\n<meta property=\"og:title\" content=\"Camilo Ibarra - Chile en Tinieblas\" \/>\n<meta property=\"og:description\" content=\"Gerente General de Re:Venge Chile (RV-CL) Camilo Ibarra es un hombre de orden. Graduado de Ingenier\u00eda Comercial en la PUC, con diplomados en innovaci\u00f3n social y gesti\u00f3n de crisis urbana, fue reclutado por Re:Venge tras su participaci\u00f3n en un programa de modernizaci\u00f3n municipal. Su hoja de vida es impecable: limpio, articulado, exitoso. Es el tipo [&hellip;]\" \/>\n<meta property=\"og:url\" content=\"https:\/\/chileentinieblas.cl\/en\/pnj\/camilo-ibarra\/\" \/>\n<meta property=\"og:site_name\" content=\"Chile en Tinieblas\" \/>\n<meta property=\"article:publisher\" content=\"https:\/\/www.facebook.com\/ChileenTinieblas\" \/>\n<meta property=\"article:modified_time\" content=\"2025-07-11T17:17:43+00:00\" \/>\n<meta property=\"og:image\" content=\"https:\/\/chileentinieblas.cl\/wp-content\/uploads\/2025\/07\/WhatsApp-Image-2025-07-11-at-13.13.24-2.jpeg\" \/>\n\t<meta property=\"og:image:width\" content=\"1024\" \/>\n\t<meta property=\"og:image:height\" content=\"1536\" \/>\n\t<meta property=\"og:image:type\" content=\"image\/jpeg\" \/>\n<meta name=\"twitter:card\" content=\"summary_large_image\" \/>\n<meta name=\"twitter:label1\" content=\"Est. reading time\" \/>\n\t<meta name=\"twitter:data1\" content=\"1 minute\" \/>\n<script type=\"application\/ld+json\" class=\"yoast-schema-graph\">{\"@context\":\"https:\\\/\\\/schema.org\",\"@graph\":[{\"@type\":\"WebPage\",\"@id\":\"https:\\\/\\\/chileentinieblas.cl\\\/pnj\\\/camilo-ibarra\\\/\",\"url\":\"https:\\\/\\\/chileentinieblas.cl\\\/pnj\\\/camilo-ibarra\\\/\",\"name\":\"Camilo Ibarra - Chile en Tinieblas\",\"isPartOf\":{\"@id\":\"https:\\\/\\\/chileentinieblas.cl\\\/#website\"},\"primaryImageOfPage\":{\"@id\":\"https:\\\/\\\/chileentinieblas.cl\\\/pnj\\\/camilo-ibarra\\\/#primaryimage\"},\"image\":{\"@id\":\"https:\\\/\\\/chileentinieblas.cl\\\/pnj\\\/camilo-ibarra\\\/#primaryimage\"},\"thumbnailUrl\":\"https:\\\/\\\/chileentinieblas.cl\\\/wp-content\\\/uploads\\\/2025\\\/07\\\/WhatsApp-Image-2025-07-11-at-13.13.24-2.jpeg\",\"datePublished\":\"2025-07-11T17:17:42+00:00\",\"dateModified\":\"2025-07-11T17:17:43+00:00\",\"breadcrumb\":{\"@id\":\"https:\\\/\\\/chileentinieblas.cl\\\/pnj\\\/camilo-ibarra\\\/#breadcrumb\"},\"inLanguage\":\"en-US\",\"potentialAction\":[{\"@type\":\"ReadAction\",\"target\":[\"https:\\\/\\\/chileentinieblas.cl\\\/pnj\\\/camilo-ibarra\\\/\"]}]},{\"@type\":\"ImageObject\",\"inLanguage\":\"en-US\",\"@id\":\"https:\\\/\\\/chileentinieblas.cl\\\/pnj\\\/camilo-ibarra\\\/#primaryimage\",\"url\":\"https:\\\/\\\/chileentinieblas.cl\\\/wp-content\\\/uploads\\\/2025\\\/07\\\/WhatsApp-Image-2025-07-11-at-13.13.24-2.jpeg\",\"contentUrl\":\"https:\\\/\\\/chileentinieblas.cl\\\/wp-content\\\/uploads\\\/2025\\\/07\\\/WhatsApp-Image-2025-07-11-at-13.13.24-2.jpeg\",\"width\":1024,\"height\":1536},{\"@type\":\"BreadcrumbList\",\"@id\":\"https:\\\/\\\/chileentinieblas.cl\\\/pnj\\\/camilo-ibarra\\\/#breadcrumb\",\"itemListElement\":[{\"@type\":\"ListItem\",\"position\":1,\"name\":\"Portada\",\"item\":\"https:\\\/\\\/chileentinieblas.cl\\\/\"},{\"@type\":\"ListItem\",\"position\":2,\"name\":\"PNJs\",\"item\":\"https:\\\/\\\/chileentinieblas.cl\\\/pnj\\\/\"},{\"@type\":\"ListItem\",\"position\":3,\"name\":\"Camilo Ibarra\"}]},{\"@type\":\"WebSite\",\"@id\":\"https:\\\/\\\/chileentinieblas.cl\\\/#website\",\"url\":\"https:\\\/\\\/chileentinieblas.cl\\\/\",\"name\":\"Chile en Tinieblas\",\"description\":\"Un servidor con mesas de rol de Mundo de Tinieblas\",\"publisher\":{\"@id\":\"https:\\\/\\\/chileentinieblas.cl\\\/#organization\"},\"potentialAction\":[{\"@type\":\"SearchAction\",\"target\":{\"@type\":\"EntryPoint\",\"urlTemplate\":\"https:\\\/\\\/chileentinieblas.cl\\\/?s={search_term_string}\"},\"query-input\":{\"@type\":\"PropertyValueSpecification\",\"valueRequired\":true,\"valueName\":\"search_term_string\"}}],\"inLanguage\":\"en-US\"},{\"@type\":\"Organization\",\"@id\":\"https:\\\/\\\/chileentinieblas.cl\\\/#organization\",\"name\":\"Chile en Tinieblas\",\"url\":\"https:\\\/\\\/chileentinieblas.cl\\\/\",\"logo\":{\"@type\":\"ImageObject\",\"inLanguage\":\"en-US\",\"@id\":\"https:\\\/\\\/chileentinieblas.cl\\\/#\\\/schema\\\/logo\\\/image\\\/\",\"url\":\"https:\\\/\\\/chileentinieblas.cl\\\/wp-content\\\/uploads\\\/2021\\\/12\\\/logo-cet-claro.png\",\"contentUrl\":\"https:\\\/\\\/chileentinieblas.cl\\\/wp-content\\\/uploads\\\/2021\\\/12\\\/logo-cet-claro.png\",\"width\":1001,\"height\":1030,\"caption\":\"Chile en Tinieblas\"},\"image\":{\"@id\":\"https:\\\/\\\/chileentinieblas.cl\\\/#\\\/schema\\\/logo\\\/image\\\/\"},\"sameAs\":[\"https:\\\/\\\/www.facebook.com\\\/ChileenTinieblas\",\"https:\\\/\\\/www.instagram.com\\\/chileentinieblas\\\/\",\"https:\\\/\\\/www.youtube.com\\\/@chileentinieblas\",\"https:\\\/\\\/www.tiktok.com\\\/@chileentinieblas\"]}]}<\/script>\n<!-- \/ Yoast SEO plugin. -->","yoast_head_json":{"title":"Camilo Ibarra - Chile en Tinieblas","robots":{"index":"index","follow":"follow","max-snippet":"max-snippet:-1","max-image-preview":"max-image-preview:large","max-video-preview":"max-video-preview:-1"},"canonical":"https:\/\/chileentinieblas.cl\/en\/pnj\/camilo-ibarra\/","og_locale":"en_US","og_type":"article","og_title":"Camilo Ibarra - Chile en Tinieblas","og_description":"Gerente General de Re:Venge Chile (RV-CL) Camilo Ibarra es un hombre de orden. Graduado de Ingenier\u00eda Comercial en la PUC, con diplomados en innovaci\u00f3n social y gesti\u00f3n de crisis urbana, fue reclutado por Re:Venge tras su participaci\u00f3n en un programa de modernizaci\u00f3n municipal. Su hoja de vida es impecable: limpio, articulado, exitoso. Es el tipo [&hellip;]","og_url":"https:\/\/chileentinieblas.cl\/en\/pnj\/camilo-ibarra\/","og_site_name":"Chile en Tinieblas","article_publisher":"https:\/\/www.facebook.com\/ChileenTinieblas","article_modified_time":"2025-07-11T17:17:43+00:00","og_image":[{"width":1024,"height":1536,"url":"https:\/\/chileentinieblas.cl\/wp-content\/uploads\/2025\/07\/WhatsApp-Image-2025-07-11-at-13.13.24-2.jpeg","type":"image\/jpeg"}],"twitter_card":"summary_large_image","twitter_misc":{"Est. reading time":"1 minute"},"schema":{"@context":"https:\/\/schema.org","@graph":[{"@type":"WebPage","@id":"https:\/\/chileentinieblas.cl\/pnj\/camilo-ibarra\/","url":"https:\/\/chileentinieblas.cl\/pnj\/camilo-ibarra\/","name":"Camilo Ibarra - Chile en Tinieblas","isPartOf":{"@id":"https:\/\/chileentinieblas.cl\/#website"},"primaryImageOfPage":{"@id":"https:\/\/chileentinieblas.cl\/pnj\/camilo-ibarra\/#primaryimage"},"image":{"@id":"https:\/\/chileentinieblas.cl\/pnj\/camilo-ibarra\/#primaryimage"},"thumbnailUrl":"https:\/\/chileentinieblas.cl\/wp-content\/uploads\/2025\/07\/WhatsApp-Image-2025-07-11-at-13.13.24-2.jpeg","datePublished":"2025-07-11T17:17:42+00:00","dateModified":"2025-07-11T17:17:43+00:00","breadcrumb":{"@id":"https:\/\/chileentinieblas.cl\/pnj\/camilo-ibarra\/#breadcrumb"},"inLanguage":"en-US","potentialAction":[{"@type":"ReadAction","target":["https:\/\/chileentinieblas.cl\/pnj\/camilo-ibarra\/"]}]},{"@type":"ImageObject","inLanguage":"en-US","@id":"https:\/\/chileentinieblas.cl\/pnj\/camilo-ibarra\/#primaryimage","url":"https:\/\/chileentinieblas.cl\/wp-content\/uploads\/2025\/07\/WhatsApp-Image-2025-07-11-at-13.13.24-2.jpeg","contentUrl":"https:\/\/chileentinieblas.cl\/wp-content\/uploads\/2025\/07\/WhatsApp-Image-2025-07-11-at-13.13.24-2.jpeg","width":1024,"height":1536},{"@type":"BreadcrumbList","@id":"https:\/\/chileentinieblas.cl\/pnj\/camilo-ibarra\/#breadcrumb","itemListElement":[{"@type":"ListItem","position":1,"name":"Portada","item":"https:\/\/chileentinieblas.cl\/"},{"@type":"ListItem","position":2,"name":"PNJs","item":"https:\/\/chileentinieblas.cl\/pnj\/"},{"@type":"ListItem","position":3,"name":"Camilo Ibarra"}]},{"@type":"WebSite","@id":"https:\/\/chileentinieblas.cl\/#website","url":"https:\/\/chileentinieblas.cl\/","name":"Chile en Tinieblas","description":"Un servidor con mesas de rol de Mundo de Tinieblas","publisher":{"@id":"https:\/\/chileentinieblas.cl\/#organization"},"potentialAction":[{"@type":"SearchAction","target":{"@type":"EntryPoint","urlTemplate":"https:\/\/chileentinieblas.cl\/?s={search_term_string}"},"query-input":{"@type":"PropertyValueSpecification","valueRequired":true,"valueName":"search_term_string"}}],"inLanguage":"en-US"},{"@type":"Organization","@id":"https:\/\/chileentinieblas.cl\/#organization","name":"Chile en Tinieblas","url":"https:\/\/chileentinieblas.cl\/","logo":{"@type":"ImageObject","inLanguage":"en-US","@id":"https:\/\/chileentinieblas.cl\/#\/schema\/logo\/image\/","url":"https:\/\/chileentinieblas.cl\/wp-content\/uploads\/2021\/12\/logo-cet-claro.png","contentUrl":"https:\/\/chileentinieblas.cl\/wp-content\/uploads\/2021\/12\/logo-cet-claro.png","width":1001,"height":1030,"caption":"Chile en Tinieblas"},"image":{"@id":"https:\/\/chileentinieblas.cl\/#\/schema\/logo\/image\/"},"sameAs":["https:\/\/www.facebook.com\/ChileenTinieblas","https:\/\/www.instagram.com\/chileentinieblas\/","https:\/\/www.youtube.com\/@chileentinieblas","https:\/\/www.tiktok.com\/@chileentinieblas"]}]}},"jetpack_sharing_enabled":true,"_links":{"self":[{"href":"https:\/\/chileentinieblas.cl\/en\/wp-json\/wp\/v2\/pnj\/6532","targetHints":{"allow":["GET"]}}],"collection":[{"href":"https:\/\/chileentinieblas.cl\/en\/wp-json\/wp\/v2\/pnj"}],"about":[{"href":"https:\/\/chileentinieblas.cl\/en\/wp-json\/wp\/v2\/types\/pnj"}],"author":[{"embeddable":true,"href":"https:\/\/chileentinieblas.cl\/en\/wp-json\/wp\/v2\/users\/24"}],"wp:featuredmedia":[{"embeddable":true,"href":"https:\/\/chileentinieblas.cl\/en\/wp-json\/wp\/v2\/media\/6533"}],"wp:attachment":[{"href":"https:\/\/chileentinieblas.cl\/en\/wp-json\/wp\/v2\/media?parent=6532"}],"wp:term":[{"taxonomy":"post_tag","embeddable":true,"href":"https:\/\/chileentinieblas.cl\/en\/wp-json\/wp\/v2\/tags?post=6532"},{"taxonomy":"faccion","embeddable":true,"href":"https:\/\/chileentinieblas.cl\/en\/wp-json\/wp\/v2\/faccion?post=6532"}],"curies":[{"name":"wp","href":"https:\/\/api.w.org\/{rel}","templated":true}]}}

<p class="wp-block-paragraph"><strong>Gerente General de Re:Venge Chile (RV-CL)</strong></p>



<p class="wp-block-paragraph">Camilo Ibarra es un hombre de orden. Graduado de Ingeniería Comercial en la PUC, con diplomados en innovación social y gestión de crisis urbana, fue reclutado por Re:Venge tras su participación en un programa de modernización municipal. Su hoja de vida es impecable: limpio, articulado, exitoso. Es el tipo de persona que aparece en charlas TED sobre <em>&#8220;ciudades inteligentes y resilientes&#8221;</em>.</p>



<p class="wp-block-paragraph">&nbsp;En su mundo, la tragedia es una variable. El dolor, un recurso. La venganza, un activo emocional de alto retorno. Camilo <strong>no cree en monstruos como entidades sobrenaturales</strong>, sino en comportamientos desviados, anomalías, entidades no mapeadas aún por la ciencia. Y en ese marco, <strong>su labor no es cazarlos, sino administrarlos con eficiencia técnica y responsabilidad fiscal.</strong></p>



<h2 class="wp-block-heading"><strong>Psicología y motivación</strong></h2>



<p class="wp-block-paragraph">&nbsp;Camilo no es un villano clásico. No se frota las manos ni ríe como dictador. Es el producto de un sistema que <strong>valora los resultados por encima de los principios</strong>, que mide el éxito en dashboards y no en cadáveres.&nbsp;</p>



<p class="wp-block-paragraph">No es una máquina con forma humana, no es qué no le tiemble la mano al ver los cadáveres de sus empleados o de los familiares de sus clientes, es qué nunca ha sido necesario qué lo haga.</p>



<p class="wp-block-paragraph">&nbsp;Cree genuinamente que está <strong>gestionando el dolor nacional de forma ordenada y útil</strong>, que su empresa “contiene el caos” donde el Estado fracasó. Para él, si alguien sufre, pero eso sirve para evitar un estallido o mejora la data de comportamiento paranormal… vale la pena.</p>



<p class="wp-block-paragraph"></p>

<!-- This site is optimized with the Yoast SEO plugin v28.4 - https://yoast.com/product/yoast-seo-wordpress/ -->
<title>Camilo Ibarra - Chile en Tinieblas</title>
<meta name="robots" content="index, follow, max-snippet:-1, max-image-preview:large, max-video-preview:-1" />
<link rel="canonical" href="https://chileentinieblas.cl/en/pnj/camilo-ibarra/" />
<meta property="og:locale" content="en_US" />
<meta property="og:type" content="article" />
<meta property="og:title" content="Camilo Ibarra - Chile en Tinieblas" />
<meta property="og:description" content="Gerente General de Re:Venge Chile (RV-CL) Camilo Ibarra es un hombre de orden. Graduado de Ingeniería Comercial en la PUC, con diplomados en innovación social y gestión de crisis urbana, fue reclutado por Re:Venge tras su participación en un programa de modernización municipal. Su hoja de vida es impecable: limpio, articulado, exitoso. Es el tipo [&hellip;]" />
<meta property="og:url" content="https://chileentinieblas.cl/en/pnj/camilo-ibarra/" />
<meta property="og:site_name" content="Chile en Tinieblas" />
<meta property="article:publisher" content="https://www.facebook.com/ChileenTinieblas" />
<meta property="article:modified_time" content="2025-07-11T17:17:43+00:00" />
<meta property="og:image" content="https://chileentinieblas.cl/wp-content/uploads/2025/07/WhatsApp-Image-2025-07-11-at-13.13.24-2.jpeg" />
	<meta property="og:image:width" content="1024" />
	<meta property="og:image:height" content="1536" />
	<meta property="og:image:type" content="image/jpeg" />
<meta name="twitter:card" content="summary_large_image" />
<meta name="twitter:label1" content="Est. reading time" />
	<meta name="twitter:data1" content="1 minute" />
<script type="application/ld+json" class="yoast-schema-graph">{"@context":"https:\/\/schema.org","@graph":[{"@type":"WebPage","@id":"https:\/\/chileentinieblas.cl\/pnj\/camilo-ibarra\/","url":"https:\/\/chileentinieblas.cl\/pnj\/camilo-ibarra\/","name":"Camilo Ibarra - Chile en Tinieblas","isPartOf":{"@id":"https:\/\/chileentinieblas.cl\/#website"},"primaryImageOfPage":{"@id":"https:\/\/chileentinieblas.cl\/pnj\/camilo-ibarra\/#primaryimage"},"image":{"@id":"https:\/\/chileentinieblas.cl\/pnj\/camilo-ibarra\/#primaryimage"},"thumbnailUrl":"https:\/\/chileentinieblas.cl\/wp-content\/uploads\/2025\/07\/WhatsApp-Image-2025-07-11-at-13.13.24-2.jpeg","datePublished":"2025-07-11T17:17:42+00:00","dateModified":"2025-07-11T17:17:43+00:00","breadcrumb":{"@id":"https:\/\/chileentinieblas.cl\/pnj\/camilo-ibarra\/#breadcrumb"},"inLanguage":"en-US","potentialAction":[{"@type":"ReadAction","target":["https:\/\/chileentinieblas.cl\/pnj\/camilo-ibarra\/"]}]},{"@type":"ImageObject","inLanguage":"en-US","@id":"https:\/\/chileentinieblas.cl\/pnj\/camilo-ibarra\/#primaryimage","url":"https:\/\/chileentinieblas.cl\/wp-content\/uploads\/2025\/07\/WhatsApp-Image-2025-07-11-at-13.13.24-2.jpeg","contentUrl":"https:\/\/chileentinieblas.cl\/wp-content\/uploads\/2025\/07\/WhatsApp-Image-2025-07-11-at-13.13.24-2.jpeg","width":1024,"height":1536},{"@type":"BreadcrumbList","@id":"https:\/\/chileentinieblas.cl\/pnj\/camilo-ibarra\/#breadcrumb","itemListElement":[{"@type":"ListItem","position":1,"name":"Portada","item":"https:\/\/chileentinieblas.cl\/"},{"@type":"ListItem","position":2,"name":"PNJs","item":"https:\/\/chileentinieblas.cl\/pnj\/"},{"@type":"ListItem","position":3,"name":"Camilo Ibarra"}]},{"@type":"WebSite","@id":"https:\/\/chileentinieblas.cl\/#website","url":"https:\/\/chileentinieblas.cl\/","name":"Chile en Tinieblas","description":"Un servidor con mesas de rol de Mundo de Tinieblas","publisher":{"@id":"https:\/\/chileentinieblas.cl\/#organization"},"potentialAction":[{"@type":"SearchAction","target":{"@type":"EntryPoint","urlTemplate":"https:\/\/chileentinieblas.cl\/?s={search_term_string}"},"query-input":{"@type":"PropertyValueSpecification","valueRequired":true,"valueName":"search_term_string"}}],"inLanguage":"en-US"},{"@type":"Organization","@id":"https:\/\/chileentinieblas.cl\/#organization","name":"Chile en Tinieblas","url":"https:\/\/chileentinieblas.cl\/","logo":{"@type":"ImageObject","inLanguage":"en-US","@id":"https:\/\/chileentinieblas.cl\/#\/schema\/logo\/image\/","url":"https:\/\/chileentinieblas.cl\/wp-content\/uploads\/2021\/12\/logo-cet-claro.png","contentUrl":"https:\/\/chileentinieblas.cl\/wp-content\/uploads\/2021\/12\/logo-cet-claro.png","width":1001,"height":1030,"caption":"Chile en Tinieblas"},"image":{"@id":"https:\/\/chileentinieblas.cl\/#\/schema\/logo\/image\/"},"sameAs":["https:\/\/www.facebook.com\/ChileenTinieblas","https:\/\/www.instagram.com\/chileentinieblas\/","https:\/\/www.youtube.com\/@chileentinieblas","https:\/\/www.tiktok.com\/@chileentinieblas"]}]}</script>
<!-- / Yoast SEO plugin. -->

Gerente General de Re:Venge Chile (RV-CL) Camilo Ibarra es un hombre de orden. Graduado de Ingeniería Comercial en la PUC, con diplomados en innovación social y gestión de crisis urbana, fue reclutado por Re:Venge tras su participación en un programa de modernización municipal. Su hoja de vida es impecable: limpio, articulado, exitoso. Es el tipo [&hellip;]
