{"id":6284,"date":"2025-04-11T21:59:53","date_gmt":"2025-04-11T21:59:53","guid":{"rendered":"https:\/\/chileentinieblas.cl\/?post_type=pnj&#038;p=6284"},"modified":"2025-04-11T23:35:06","modified_gmt":"2025-04-11T23:35:06","slug":"mistica-de-la-noche","status":"publish","type":"pnj","link":"https:\/\/chileentinieblas.cl\/en\/pnj\/mistica-de-la-noche\/","title":{"rendered":"Carla Bruna, M\u00edstica-de-la-Noche"},"content":{"rendered":"<h2 class=\"wp-block-heading\">Maestra del Rito<\/h2>\n\n\n\n<p class=\"wp-block-paragraph\">M\u00edstica naci\u00f3 en un peque\u00f1o pueblo rural de Chile, donde desde ni\u00f1a mostr\u00f3 una conexi\u00f3n especial con el mundo espiritual. Creci\u00f3 rodeada de relatos de lo oculto y manifestaciones inexplicables que inquietaban a los dem\u00e1s pero a ella le daban claridad. Cuando alcanz\u00f3 la adultez, su despertar como Garou la llev\u00f3 directamente a los Se\u00f1ores de la Sombra, quienes vieron en ella un alma moldeada para los caminos del Theurge.<\/p>\n\n\n\n<p class=\"wp-block-paragraph\">En el Clan de la Zona Norte de Colina, Carla logr\u00f3 destacar no solo por su habilidad para realizar complejos rituales y manipular esp\u00edritus, sino tambi\u00e9n por su carisma y agudeza pol\u00edtica. Su relaci\u00f3n con el hijo del alfa del Clan ciment\u00f3 su posici\u00f3n dentro del grupo, pero Carla nunca dej\u00f3 que esto opacara su valor personal. M\u00e1s bien, utiliz\u00f3 esta uni\u00f3n como un puente para unir al Clan en torno a la creencia y veneraci\u00f3n del Gran Horno, un t\u00f3tem espiritual al que Carla honra mediante ceremonias elaboradas.<\/p>\n\n\n\n<p class=\"wp-block-paragraph\">Su presencia es imponente; sus palabras, medidas y cargadas de simbolismo, inspiran tanto respeto como inquietud entre sus compa\u00f1eros. Los esp\u00edritus parecen inclinarse ante su voluntad, y muchos la consideran la guardiana de los secretos del Clan. Sin embargo, bajo su m\u00edstica calma yace una mente estrat\u00e9gica que siempre piensa tres pasos por delante, sobre todo en lo que respecta a la pol\u00edtica interna y las amenazas externas.<\/p>","protected":false},"author":8,"featured_media":6285,"template":"","tags":[249],"faccion":[52,68,88],"class_list":["post-6284","pnj","type-pnj","status-publish","has-post-thumbnail","hentry","tag-clan-de-la-zona-norte","faccion-hombre-lobo-el-apocalipsis","faccion-nacion-garou","faccion-senores-de-las-sombras"],"acf":{"fecha":"","estatus":"Activo","ficha_del_personaje":"","aspecto":"","interpretacion":"","informacion_privada":"","mapa_de_kumu_u_otro_embed":""},"yoast_head":"<!-- This site is optimized with the Yoast SEO plugin v28.4 - https:\/\/yoast.com\/product\/yoast-seo-wordpress\/ -->\n<title>Carla Bruna, M\u00edstica-de-la-Noche - Chile en Tinieblas<\/title>\n<meta name=\"robots\" content=\"index, follow, max-snippet:-1, max-image-preview:large, max-video-preview:-1\" \/>\n<link rel=\"canonical\" href=\"https:\/\/chileentinieblas.cl\/en\/pnj\/mistica-de-la-noche\/\" \/>\n<meta property=\"og:locale\" content=\"en_US\" \/>\n<meta property=\"og:type\" content=\"article\" \/>\n<meta property=\"og:title\" content=\"Carla Bruna, M\u00edstica-de-la-Noche - Chile en Tinieblas\" \/>\n<meta property=\"og:description\" content=\"Maestra del Rito M\u00edstica naci\u00f3 en un peque\u00f1o pueblo rural de Chile, donde desde ni\u00f1a mostr\u00f3 una conexi\u00f3n especial con el mundo espiritual. Creci\u00f3 rodeada de relatos de lo oculto y manifestaciones inexplicables que inquietaban a los dem\u00e1s pero a ella le daban claridad. Cuando alcanz\u00f3 la adultez, su despertar como Garou la llev\u00f3 directamente [&hellip;]\" \/>\n<meta property=\"og:url\" content=\"https:\/\/chileentinieblas.cl\/en\/pnj\/mistica-de-la-noche\/\" \/>\n<meta property=\"og:site_name\" content=\"Chile en Tinieblas\" \/>\n<meta property=\"article:publisher\" content=\"https:\/\/www.facebook.com\/ChileenTinieblas\" \/>\n<meta property=\"article:modified_time\" content=\"2025-04-11T23:35:06+00:00\" \/>\n<meta property=\"og:image\" content=\"https:\/\/chileentinieblas.cl\/wp-content\/uploads\/2025\/04\/mistica-de-la-noche.png\" \/>\n\t<meta property=\"og:image:width\" content=\"1024\" \/>\n\t<meta property=\"og:image:height\" content=\"1024\" \/>\n\t<meta property=\"og:image:type\" content=\"image\/png\" \/>\n<meta name=\"twitter:card\" content=\"summary_large_image\" \/>\n<meta name=\"twitter:label1\" content=\"Est. reading time\" \/>\n\t<meta name=\"twitter:data1\" content=\"1 minute\" \/>\n<script type=\"application\/ld+json\" class=\"yoast-schema-graph\">{\"@context\":\"https:\\\/\\\/schema.org\",\"@graph\":[{\"@type\":\"WebPage\",\"@id\":\"https:\\\/\\\/chileentinieblas.cl\\\/pnj\\\/mistica-de-la-noche\\\/\",\"url\":\"https:\\\/\\\/chileentinieblas.cl\\\/pnj\\\/mistica-de-la-noche\\\/\",\"name\":\"Carla Bruna, M\u00edstica-de-la-Noche - Chile en Tinieblas\",\"isPartOf\":{\"@id\":\"https:\\\/\\\/chileentinieblas.cl\\\/#website\"},\"primaryImageOfPage\":{\"@id\":\"https:\\\/\\\/chileentinieblas.cl\\\/pnj\\\/mistica-de-la-noche\\\/#primaryimage\"},\"image\":{\"@id\":\"https:\\\/\\\/chileentinieblas.cl\\\/pnj\\\/mistica-de-la-noche\\\/#primaryimage\"},\"thumbnailUrl\":\"https:\\\/\\\/chileentinieblas.cl\\\/wp-content\\\/uploads\\\/2025\\\/04\\\/mistica-de-la-noche.png\",\"datePublished\":\"2025-04-11T21:59:53+00:00\",\"dateModified\":\"2025-04-11T23:35:06+00:00\",\"breadcrumb\":{\"@id\":\"https:\\\/\\\/chileentinieblas.cl\\\/pnj\\\/mistica-de-la-noche\\\/#breadcrumb\"},\"inLanguage\":\"en-US\",\"potentialAction\":[{\"@type\":\"ReadAction\",\"target\":[\"https:\\\/\\\/chileentinieblas.cl\\\/pnj\\\/mistica-de-la-noche\\\/\"]}]},{\"@type\":\"ImageObject\",\"inLanguage\":\"en-US\",\"@id\":\"https:\\\/\\\/chileentinieblas.cl\\\/pnj\\\/mistica-de-la-noche\\\/#primaryimage\",\"url\":\"https:\\\/\\\/chileentinieblas.cl\\\/wp-content\\\/uploads\\\/2025\\\/04\\\/mistica-de-la-noche.png\",\"contentUrl\":\"https:\\\/\\\/chileentinieblas.cl\\\/wp-content\\\/uploads\\\/2025\\\/04\\\/mistica-de-la-noche.png\",\"width\":1024,\"height\":1024},{\"@type\":\"BreadcrumbList\",\"@id\":\"https:\\\/\\\/chileentinieblas.cl\\\/pnj\\\/mistica-de-la-noche\\\/#breadcrumb\",\"itemListElement\":[{\"@type\":\"ListItem\",\"position\":1,\"name\":\"Portada\",\"item\":\"https:\\\/\\\/chileentinieblas.cl\\\/\"},{\"@type\":\"ListItem\",\"position\":2,\"name\":\"PNJs\",\"item\":\"https:\\\/\\\/chileentinieblas.cl\\\/pnj\\\/\"},{\"@type\":\"ListItem\",\"position\":3,\"name\":\"Carla Bruna, M\u00edstica-de-la-Noche\"}]},{\"@type\":\"WebSite\",\"@id\":\"https:\\\/\\\/chileentinieblas.cl\\\/#website\",\"url\":\"https:\\\/\\\/chileentinieblas.cl\\\/\",\"name\":\"Chile en Tinieblas\",\"description\":\"Un servidor con mesas de rol de Mundo de Tinieblas\",\"publisher\":{\"@id\":\"https:\\\/\\\/chileentinieblas.cl\\\/#organization\"},\"potentialAction\":[{\"@type\":\"SearchAction\",\"target\":{\"@type\":\"EntryPoint\",\"urlTemplate\":\"https:\\\/\\\/chileentinieblas.cl\\\/?s={search_term_string}\"},\"query-input\":{\"@type\":\"PropertyValueSpecification\",\"valueRequired\":true,\"valueName\":\"search_term_string\"}}],\"inLanguage\":\"en-US\"},{\"@type\":\"Organization\",\"@id\":\"https:\\\/\\\/chileentinieblas.cl\\\/#organization\",\"name\":\"Chile en Tinieblas\",\"url\":\"https:\\\/\\\/chileentinieblas.cl\\\/\",\"logo\":{\"@type\":\"ImageObject\",\"inLanguage\":\"en-US\",\"@id\":\"https:\\\/\\\/chileentinieblas.cl\\\/#\\\/schema\\\/logo\\\/image\\\/\",\"url\":\"https:\\\/\\\/chileentinieblas.cl\\\/wp-content\\\/uploads\\\/2021\\\/12\\\/logo-cet-claro.png\",\"contentUrl\":\"https:\\\/\\\/chileentinieblas.cl\\\/wp-content\\\/uploads\\\/2021\\\/12\\\/logo-cet-claro.png\",\"width\":1001,\"height\":1030,\"caption\":\"Chile en Tinieblas\"},\"image\":{\"@id\":\"https:\\\/\\\/chileentinieblas.cl\\\/#\\\/schema\\\/logo\\\/image\\\/\"},\"sameAs\":[\"https:\\\/\\\/www.facebook.com\\\/ChileenTinieblas\",\"https:\\\/\\\/www.instagram.com\\\/chileentinieblas\\\/\",\"https:\\\/\\\/www.youtube.com\\\/@chileentinieblas\",\"https:\\\/\\\/www.tiktok.com\\\/@chileentinieblas\"]}]}<\/script>\n<!-- \/ Yoast SEO plugin. -->","yoast_head_json":{"title":"Carla Bruna, M\u00edstica-de-la-Noche - Chile en Tinieblas","robots":{"index":"index","follow":"follow","max-snippet":"max-snippet:-1","max-image-preview":"max-image-preview:large","max-video-preview":"max-video-preview:-1"},"canonical":"https:\/\/chileentinieblas.cl\/en\/pnj\/mistica-de-la-noche\/","og_locale":"en_US","og_type":"article","og_title":"Carla Bruna, M\u00edstica-de-la-Noche - Chile en Tinieblas","og_description":"Maestra del Rito M\u00edstica naci\u00f3 en un peque\u00f1o pueblo rural de Chile, donde desde ni\u00f1a mostr\u00f3 una conexi\u00f3n especial con el mundo espiritual. Creci\u00f3 rodeada de relatos de lo oculto y manifestaciones inexplicables que inquietaban a los dem\u00e1s pero a ella le daban claridad. Cuando alcanz\u00f3 la adultez, su despertar como Garou la llev\u00f3 directamente [&hellip;]","og_url":"https:\/\/chileentinieblas.cl\/en\/pnj\/mistica-de-la-noche\/","og_site_name":"Chile en Tinieblas","article_publisher":"https:\/\/www.facebook.com\/ChileenTinieblas","article_modified_time":"2025-04-11T23:35:06+00:00","og_image":[{"width":1024,"height":1024,"url":"https:\/\/chileentinieblas.cl\/wp-content\/uploads\/2025\/04\/mistica-de-la-noche.png","type":"image\/png"}],"twitter_card":"summary_large_image","twitter_misc":{"Est. reading time":"1 minute"},"schema":{"@context":"https:\/\/schema.org","@graph":[{"@type":"WebPage","@id":"https:\/\/chileentinieblas.cl\/pnj\/mistica-de-la-noche\/","url":"https:\/\/chileentinieblas.cl\/pnj\/mistica-de-la-noche\/","name":"Carla Bruna, M\u00edstica-de-la-Noche - Chile en Tinieblas","isPartOf":{"@id":"https:\/\/chileentinieblas.cl\/#website"},"primaryImageOfPage":{"@id":"https:\/\/chileentinieblas.cl\/pnj\/mistica-de-la-noche\/#primaryimage"},"image":{"@id":"https:\/\/chileentinieblas.cl\/pnj\/mistica-de-la-noche\/#primaryimage"},"thumbnailUrl":"https:\/\/chileentinieblas.cl\/wp-content\/uploads\/2025\/04\/mistica-de-la-noche.png","datePublished":"2025-04-11T21:59:53+00:00","dateModified":"2025-04-11T23:35:06+00:00","breadcrumb":{"@id":"https:\/\/chileentinieblas.cl\/pnj\/mistica-de-la-noche\/#breadcrumb"},"inLanguage":"en-US","potentialAction":[{"@type":"ReadAction","target":["https:\/\/chileentinieblas.cl\/pnj\/mistica-de-la-noche\/"]}]},{"@type":"ImageObject","inLanguage":"en-US","@id":"https:\/\/chileentinieblas.cl\/pnj\/mistica-de-la-noche\/#primaryimage","url":"https:\/\/chileentinieblas.cl\/wp-content\/uploads\/2025\/04\/mistica-de-la-noche.png","contentUrl":"https:\/\/chileentinieblas.cl\/wp-content\/uploads\/2025\/04\/mistica-de-la-noche.png","width":1024,"height":1024},{"@type":"BreadcrumbList","@id":"https:\/\/chileentinieblas.cl\/pnj\/mistica-de-la-noche\/#breadcrumb","itemListElement":[{"@type":"ListItem","position":1,"name":"Portada","item":"https:\/\/chileentinieblas.cl\/"},{"@type":"ListItem","position":2,"name":"PNJs","item":"https:\/\/chileentinieblas.cl\/pnj\/"},{"@type":"ListItem","position":3,"name":"Carla Bruna, M\u00edstica-de-la-Noche"}]},{"@type":"WebSite","@id":"https:\/\/chileentinieblas.cl\/#website","url":"https:\/\/chileentinieblas.cl\/","name":"Chile en Tinieblas","description":"Un servidor con mesas de rol de Mundo de Tinieblas","publisher":{"@id":"https:\/\/chileentinieblas.cl\/#organization"},"potentialAction":[{"@type":"SearchAction","target":{"@type":"EntryPoint","urlTemplate":"https:\/\/chileentinieblas.cl\/?s={search_term_string}"},"query-input":{"@type":"PropertyValueSpecification","valueRequired":true,"valueName":"search_term_string"}}],"inLanguage":"en-US"},{"@type":"Organization","@id":"https:\/\/chileentinieblas.cl\/#organization","name":"Chile en Tinieblas","url":"https:\/\/chileentinieblas.cl\/","logo":{"@type":"ImageObject","inLanguage":"en-US","@id":"https:\/\/chileentinieblas.cl\/#\/schema\/logo\/image\/","url":"https:\/\/chileentinieblas.cl\/wp-content\/uploads\/2021\/12\/logo-cet-claro.png","contentUrl":"https:\/\/chileentinieblas.cl\/wp-content\/uploads\/2021\/12\/logo-cet-claro.png","width":1001,"height":1030,"caption":"Chile en Tinieblas"},"image":{"@id":"https:\/\/chileentinieblas.cl\/#\/schema\/logo\/image\/"},"sameAs":["https:\/\/www.facebook.com\/ChileenTinieblas","https:\/\/www.instagram.com\/chileentinieblas\/","https:\/\/www.youtube.com\/@chileentinieblas","https:\/\/www.tiktok.com\/@chileentinieblas"]}]}},"jetpack_sharing_enabled":true,"_links":{"self":[{"href":"https:\/\/chileentinieblas.cl\/en\/wp-json\/wp\/v2\/pnj\/6284","targetHints":{"allow":["GET"]}}],"collection":[{"href":"https:\/\/chileentinieblas.cl\/en\/wp-json\/wp\/v2\/pnj"}],"about":[{"href":"https:\/\/chileentinieblas.cl\/en\/wp-json\/wp\/v2\/types\/pnj"}],"author":[{"embeddable":true,"href":"https:\/\/chileentinieblas.cl\/en\/wp-json\/wp\/v2\/users\/8"}],"wp:featuredmedia":[{"embeddable":true,"href":"https:\/\/chileentinieblas.cl\/en\/wp-json\/wp\/v2\/media\/6285"}],"wp:attachment":[{"href":"https:\/\/chileentinieblas.cl\/en\/wp-json\/wp\/v2\/media?parent=6284"}],"wp:term":[{"taxonomy":"post_tag","embeddable":true,"href":"https:\/\/chileentinieblas.cl\/en\/wp-json\/wp\/v2\/tags?post=6284"},{"taxonomy":"faccion","embeddable":true,"href":"https:\/\/chileentinieblas.cl\/en\/wp-json\/wp\/v2\/faccion?post=6284"}],"curies":[{"name":"wp","href":"https:\/\/api.w.org\/{rel}","templated":true}]}}

Carla Bruna, Mística-de-la-Noche

<h2 class="wp-block-heading">Maestra del Rito</h2>



<p class="wp-block-paragraph">Mística nació en un pequeño pueblo rural de Chile, donde desde niña mostró una conexión especial con el mundo espiritual. Creció rodeada de relatos de lo oculto y manifestaciones inexplicables que inquietaban a los demás pero a ella le daban claridad. Cuando alcanzó la adultez, su despertar como Garou la llevó directamente a los Señores de la Sombra, quienes vieron en ella un alma moldeada para los caminos del Theurge.</p>



<p class="wp-block-paragraph">En el Clan de la Zona Norte de Colina, Carla logró destacar no solo por su habilidad para realizar complejos rituales y manipular espíritus, sino también por su carisma y agudeza política. Su relación con el hijo del alfa del Clan cimentó su posición dentro del grupo, pero Carla nunca dejó que esto opacara su valor personal. Más bien, utilizó esta unión como un puente para unir al Clan en torno a la creencia y veneración del Gran Horno, un tótem espiritual al que Carla honra mediante ceremonias elaboradas.</p>



<p class="wp-block-paragraph">Su presencia es imponente; sus palabras, medidas y cargadas de simbolismo, inspiran tanto respeto como inquietud entre sus compañeros. Los espíritus parecen inclinarse ante su voluntad, y muchos la consideran la guardiana de los secretos del Clan. Sin embargo, bajo su mística calma yace una mente estratégica que siempre piensa tres pasos por delante, sobre todo en lo que respecta a la política interna y las amenazas externas.</p>

<!-- This site is optimized with the Yoast SEO plugin v28.4 - https://yoast.com/product/yoast-seo-wordpress/ -->
<title>Carla Bruna, Mística-de-la-Noche - Chile en Tinieblas</title>
<meta name="robots" content="index, follow, max-snippet:-1, max-image-preview:large, max-video-preview:-1" />
<link rel="canonical" href="https://chileentinieblas.cl/en/pnj/mistica-de-la-noche/" />
<meta property="og:locale" content="en_US" />
<meta property="og:type" content="article" />
<meta property="og:title" content="Carla Bruna, Mística-de-la-Noche - Chile en Tinieblas" />
<meta property="og:description" content="Maestra del Rito Mística nació en un pequeño pueblo rural de Chile, donde desde niña mostró una conexión especial con el mundo espiritual. Creció rodeada de relatos de lo oculto y manifestaciones inexplicables que inquietaban a los demás pero a ella le daban claridad. Cuando alcanzó la adultez, su despertar como Garou la llevó directamente [&hellip;]" />
<meta property="og:url" content="https://chileentinieblas.cl/en/pnj/mistica-de-la-noche/" />
<meta property="og:site_name" content="Chile en Tinieblas" />
<meta property="article:publisher" content="https://www.facebook.com/ChileenTinieblas" />
<meta property="article:modified_time" content="2025-04-11T23:35:06+00:00" />
<meta property="og:image" content="https://chileentinieblas.cl/wp-content/uploads/2025/04/mistica-de-la-noche.png" />
	<meta property="og:image:width" content="1024" />
	<meta property="og:image:height" content="1024" />
	<meta property="og:image:type" content="image/png" />
<meta name="twitter:card" content="summary_large_image" />
<meta name="twitter:label1" content="Est. reading time" />
	<meta name="twitter:data1" content="1 minute" />
<script type="application/ld+json" class="yoast-schema-graph">{"@context":"https:\/\/schema.org","@graph":[{"@type":"WebPage","@id":"https:\/\/chileentinieblas.cl\/pnj\/mistica-de-la-noche\/","url":"https:\/\/chileentinieblas.cl\/pnj\/mistica-de-la-noche\/","name":"Carla Bruna, Mística-de-la-Noche - Chile en Tinieblas","isPartOf":{"@id":"https:\/\/chileentinieblas.cl\/#website"},"primaryImageOfPage":{"@id":"https:\/\/chileentinieblas.cl\/pnj\/mistica-de-la-noche\/#primaryimage"},"image":{"@id":"https:\/\/chileentinieblas.cl\/pnj\/mistica-de-la-noche\/#primaryimage"},"thumbnailUrl":"https:\/\/chileentinieblas.cl\/wp-content\/uploads\/2025\/04\/mistica-de-la-noche.png","datePublished":"2025-04-11T21:59:53+00:00","dateModified":"2025-04-11T23:35:06+00:00","breadcrumb":{"@id":"https:\/\/chileentinieblas.cl\/pnj\/mistica-de-la-noche\/#breadcrumb"},"inLanguage":"en-US","potentialAction":[{"@type":"ReadAction","target":["https:\/\/chileentinieblas.cl\/pnj\/mistica-de-la-noche\/"]}]},{"@type":"ImageObject","inLanguage":"en-US","@id":"https:\/\/chileentinieblas.cl\/pnj\/mistica-de-la-noche\/#primaryimage","url":"https:\/\/chileentinieblas.cl\/wp-content\/uploads\/2025\/04\/mistica-de-la-noche.png","contentUrl":"https:\/\/chileentinieblas.cl\/wp-content\/uploads\/2025\/04\/mistica-de-la-noche.png","width":1024,"height":1024},{"@type":"BreadcrumbList","@id":"https:\/\/chileentinieblas.cl\/pnj\/mistica-de-la-noche\/#breadcrumb","itemListElement":[{"@type":"ListItem","position":1,"name":"Portada","item":"https:\/\/chileentinieblas.cl\/"},{"@type":"ListItem","position":2,"name":"PNJs","item":"https:\/\/chileentinieblas.cl\/pnj\/"},{"@type":"ListItem","position":3,"name":"Carla Bruna, Mística-de-la-Noche"}]},{"@type":"WebSite","@id":"https:\/\/chileentinieblas.cl\/#website","url":"https:\/\/chileentinieblas.cl\/","name":"Chile en Tinieblas","description":"Un servidor con mesas de rol de Mundo de Tinieblas","publisher":{"@id":"https:\/\/chileentinieblas.cl\/#organization"},"potentialAction":[{"@type":"SearchAction","target":{"@type":"EntryPoint","urlTemplate":"https:\/\/chileentinieblas.cl\/?s={search_term_string}"},"query-input":{"@type":"PropertyValueSpecification","valueRequired":true,"valueName":"search_term_string"}}],"inLanguage":"en-US"},{"@type":"Organization","@id":"https:\/\/chileentinieblas.cl\/#organization","name":"Chile en Tinieblas","url":"https:\/\/chileentinieblas.cl\/","logo":{"@type":"ImageObject","inLanguage":"en-US","@id":"https:\/\/chileentinieblas.cl\/#\/schema\/logo\/image\/","url":"https:\/\/chileentinieblas.cl\/wp-content\/uploads\/2021\/12\/logo-cet-claro.png","contentUrl":"https:\/\/chileentinieblas.cl\/wp-content\/uploads\/2021\/12\/logo-cet-claro.png","width":1001,"height":1030,"caption":"Chile en Tinieblas"},"image":{"@id":"https:\/\/chileentinieblas.cl\/#\/schema\/logo\/image\/"},"sameAs":["https:\/\/www.facebook.com\/ChileenTinieblas","https:\/\/www.instagram.com\/chileentinieblas\/","https:\/\/www.youtube.com\/@chileentinieblas","https:\/\/www.tiktok.com\/@chileentinieblas"]}]}</script>
<!-- / Yoast SEO plugin. -->

Carla Bruna, Mística-de-la-Noche - Chile en Tinieblas

Maestra del Rito Mística nació en un pequeño pueblo rural de Chile, donde desde niña mostró una conexión especial con el mundo espiritual. Creció rodeada de relatos de lo oculto y manifestaciones inexplicables que inquietaban a los demás pero a ella le daban claridad. Cuando alcanzó la adultez, su despertar como Garou la llevó directamente [&hellip;]
