{"id":6168,"date":"2025-03-31T03:18:36","date_gmt":"2025-03-31T03:18:36","guid":{"rendered":"https:\/\/chileentinieblas.cl\/?post_type=pnj&#038;p=6168"},"modified":"2025-03-31T03:18:37","modified_gmt":"2025-03-31T03:18:37","slug":"padre-benjamin-quilodran","status":"publish","type":"pnj","link":"https:\/\/chileentinieblas.cl\/en\/pnj\/padre-benjamin-quilodran\/","title":{"rendered":"Padre Benjam\u00edn Quilodr\u00e1n"},"content":{"rendered":"<p class=\"wp-block-paragraph\">Muri\u00f3 en un incendio en 1949 intentando salvar a los trabajadores del taller ferroviario. Ahora es un gu\u00eda espiritual que predica la redenci\u00f3n y el paso al Olvido, aunque su propia Sombra le susurra que abandone a todos.<\/p>\n\n\n\n<p class=\"wp-block-paragraph\"><strong>Vida y Muerte:<\/strong><br>Sacerdote franciscano, p\u00e1rroco de la Iglesia San Francisco de Los \u00c1ngeles. En 1949, un incendio destruy\u00f3 parte de los talleres ferroviarios y el padre Benjam\u00edn muri\u00f3 intentando rescatar a los obreros atrapados. La iglesia se convirti\u00f3 en un refugio para las viudas de los ferroviarios despu\u00e9s del desastre.<\/p>\n\n\n\n<p class=\"wp-block-paragraph\"><strong>En el M\u00e1s All\u00e1:<\/strong><br>Ahora es l\u00edder de un circulo independiente, en el cual predica la aceptaci\u00f3n del Olvido y el fin del sufrimiento. Reside en la cruz de hierro oxidada que una vez estuvo en la capilla del taller, ahora un relicto flotante sobre su Santuario.<\/p>\n\n\n\n<p class=\"wp-block-paragraph\"><strong>Rasgos psicol\u00f3gicos y de personalidad:<\/strong><br>Quilodr\u00e1n es un gu\u00eda espiritual, pero sin la rigidez dogm\u00e1tica que podr\u00eda esperarse. Su experiencia lo ha llenado de compasi\u00f3n, pero tambi\u00e9n de tristeza. \u00c9l entiende la complejidad del alma y no impone su visi\u00f3n, sino que busca encender la chispa de esperanza en los dem\u00e1s. Guarda un profundo miedo a perder su prop\u00f3sito y al Olvido.<strong> <\/strong>Misericordioso pero resignado, cree que la creaci\u00f3n de la Necr\u00f3polis es un error, pues solo pospone lo inevitable: la disoluci\u00f3n final en el Olvido.<\/p>\n\n\n\n<p class=\"wp-block-paragraph\"><strong>Acercamiento a un Wraith reci\u00e9n fallecido<\/strong>:<br>Ser\u00eda el primero en acercarse si encuentra un alma perdida. Tranquilo, sereno y paciente. Ofrecer\u00eda un espacio seguro para que el reci\u00e9n llegado comprenda lo que le ha sucedido, sin presiones. Hablar\u00eda de la necesidad de reconciliarse con el pasado, invitando a dejar de lado sus Pasiones y a dejarse llevar por el llamado del Olvido. Si el nuevo wraith muestra inter\u00e9s, podr\u00eda guiarlo a su Santuario para protegerlo mientras se adapta.<\/p>","protected":false},"author":31,"featured_media":6169,"template":"","tags":[],"faccion":[58],"class_list":["post-6168","pnj","type-pnj","status-publish","has-post-thumbnail","hentry","faccion-wraith-el-olvido"],"acf":{"fecha":"","estatus":"Activo","ficha_del_personaje":"","aspecto":"","interpretacion":"","informacion_privada":"","mapa_de_kumu_u_otro_embed":null},"yoast_head":"<!-- This site is optimized with the Yoast SEO plugin v28.4 - https:\/\/yoast.com\/product\/yoast-seo-wordpress\/ -->\n<title>Padre Benjam\u00edn Quilodr\u00e1n - Chile en Tinieblas<\/title>\n<meta name=\"robots\" content=\"index, follow, max-snippet:-1, max-image-preview:large, max-video-preview:-1\" \/>\n<link rel=\"canonical\" href=\"https:\/\/chileentinieblas.cl\/en\/pnj\/padre-benjamin-quilodran\/\" \/>\n<meta property=\"og:locale\" content=\"en_US\" \/>\n<meta property=\"og:type\" content=\"article\" \/>\n<meta property=\"og:title\" content=\"Padre Benjam\u00edn Quilodr\u00e1n - Chile en Tinieblas\" \/>\n<meta property=\"og:description\" content=\"Muri\u00f3 en un incendio en 1949 intentando salvar a los trabajadores del taller ferroviario. Ahora es un gu\u00eda espiritual que predica la redenci\u00f3n y el paso al Olvido, aunque su propia Sombra le susurra que abandone a todos. Vida y Muerte:Sacerdote franciscano, p\u00e1rroco de la Iglesia San Francisco de Los \u00c1ngeles. En 1949, un incendio [&hellip;]\" \/>\n<meta property=\"og:url\" content=\"https:\/\/chileentinieblas.cl\/en\/pnj\/padre-benjamin-quilodran\/\" \/>\n<meta property=\"og:site_name\" content=\"Chile en Tinieblas\" \/>\n<meta property=\"article:publisher\" content=\"https:\/\/www.facebook.com\/ChileenTinieblas\" \/>\n<meta property=\"article:modified_time\" content=\"2025-03-31T03:18:37+00:00\" \/>\n<meta property=\"og:image\" content=\"https:\/\/chileentinieblas.cl\/wp-content\/uploads\/2025\/03\/padre-quilodran.png\" \/>\n\t<meta property=\"og:image:width\" content=\"1024\" \/>\n\t<meta property=\"og:image:height\" content=\"1024\" \/>\n\t<meta property=\"og:image:type\" content=\"image\/png\" \/>\n<meta name=\"twitter:card\" content=\"summary_large_image\" \/>\n<meta name=\"twitter:label1\" content=\"Est. reading time\" \/>\n\t<meta name=\"twitter:data1\" content=\"2 minutes\" \/>\n<script type=\"application\/ld+json\" class=\"yoast-schema-graph\">{\"@context\":\"https:\\\/\\\/schema.org\",\"@graph\":[{\"@type\":\"WebPage\",\"@id\":\"https:\\\/\\\/chileentinieblas.cl\\\/pnj\\\/padre-benjamin-quilodran\\\/\",\"url\":\"https:\\\/\\\/chileentinieblas.cl\\\/pnj\\\/padre-benjamin-quilodran\\\/\",\"name\":\"Padre Benjam\u00edn Quilodr\u00e1n - Chile en Tinieblas\",\"isPartOf\":{\"@id\":\"https:\\\/\\\/chileentinieblas.cl\\\/#website\"},\"primaryImageOfPage\":{\"@id\":\"https:\\\/\\\/chileentinieblas.cl\\\/pnj\\\/padre-benjamin-quilodran\\\/#primaryimage\"},\"image\":{\"@id\":\"https:\\\/\\\/chileentinieblas.cl\\\/pnj\\\/padre-benjamin-quilodran\\\/#primaryimage\"},\"thumbnailUrl\":\"https:\\\/\\\/chileentinieblas.cl\\\/wp-content\\\/uploads\\\/2025\\\/03\\\/padre-quilodran.png\",\"datePublished\":\"2025-03-31T03:18:36+00:00\",\"dateModified\":\"2025-03-31T03:18:37+00:00\",\"breadcrumb\":{\"@id\":\"https:\\\/\\\/chileentinieblas.cl\\\/pnj\\\/padre-benjamin-quilodran\\\/#breadcrumb\"},\"inLanguage\":\"en-US\",\"potentialAction\":[{\"@type\":\"ReadAction\",\"target\":[\"https:\\\/\\\/chileentinieblas.cl\\\/pnj\\\/padre-benjamin-quilodran\\\/\"]}]},{\"@type\":\"ImageObject\",\"inLanguage\":\"en-US\",\"@id\":\"https:\\\/\\\/chileentinieblas.cl\\\/pnj\\\/padre-benjamin-quilodran\\\/#primaryimage\",\"url\":\"https:\\\/\\\/chileentinieblas.cl\\\/wp-content\\\/uploads\\\/2025\\\/03\\\/padre-quilodran.png\",\"contentUrl\":\"https:\\\/\\\/chileentinieblas.cl\\\/wp-content\\\/uploads\\\/2025\\\/03\\\/padre-quilodran.png\",\"width\":1024,\"height\":1024},{\"@type\":\"BreadcrumbList\",\"@id\":\"https:\\\/\\\/chileentinieblas.cl\\\/pnj\\\/padre-benjamin-quilodran\\\/#breadcrumb\",\"itemListElement\":[{\"@type\":\"ListItem\",\"position\":1,\"name\":\"Portada\",\"item\":\"https:\\\/\\\/chileentinieblas.cl\\\/\"},{\"@type\":\"ListItem\",\"position\":2,\"name\":\"PNJs\",\"item\":\"https:\\\/\\\/chileentinieblas.cl\\\/pnj\\\/\"},{\"@type\":\"ListItem\",\"position\":3,\"name\":\"Padre Benjam\u00edn Quilodr\u00e1n\"}]},{\"@type\":\"WebSite\",\"@id\":\"https:\\\/\\\/chileentinieblas.cl\\\/#website\",\"url\":\"https:\\\/\\\/chileentinieblas.cl\\\/\",\"name\":\"Chile en Tinieblas\",\"description\":\"Un servidor con mesas de rol de Mundo de Tinieblas\",\"publisher\":{\"@id\":\"https:\\\/\\\/chileentinieblas.cl\\\/#organization\"},\"potentialAction\":[{\"@type\":\"SearchAction\",\"target\":{\"@type\":\"EntryPoint\",\"urlTemplate\":\"https:\\\/\\\/chileentinieblas.cl\\\/?s={search_term_string}\"},\"query-input\":{\"@type\":\"PropertyValueSpecification\",\"valueRequired\":true,\"valueName\":\"search_term_string\"}}],\"inLanguage\":\"en-US\"},{\"@type\":\"Organization\",\"@id\":\"https:\\\/\\\/chileentinieblas.cl\\\/#organization\",\"name\":\"Chile en Tinieblas\",\"url\":\"https:\\\/\\\/chileentinieblas.cl\\\/\",\"logo\":{\"@type\":\"ImageObject\",\"inLanguage\":\"en-US\",\"@id\":\"https:\\\/\\\/chileentinieblas.cl\\\/#\\\/schema\\\/logo\\\/image\\\/\",\"url\":\"https:\\\/\\\/chileentinieblas.cl\\\/wp-content\\\/uploads\\\/2021\\\/12\\\/logo-cet-claro.png\",\"contentUrl\":\"https:\\\/\\\/chileentinieblas.cl\\\/wp-content\\\/uploads\\\/2021\\\/12\\\/logo-cet-claro.png\",\"width\":1001,\"height\":1030,\"caption\":\"Chile en Tinieblas\"},\"image\":{\"@id\":\"https:\\\/\\\/chileentinieblas.cl\\\/#\\\/schema\\\/logo\\\/image\\\/\"},\"sameAs\":[\"https:\\\/\\\/www.facebook.com\\\/ChileenTinieblas\",\"https:\\\/\\\/www.instagram.com\\\/chileentinieblas\\\/\",\"https:\\\/\\\/www.youtube.com\\\/@chileentinieblas\",\"https:\\\/\\\/www.tiktok.com\\\/@chileentinieblas\"]}]}<\/script>\n<!-- \/ Yoast SEO plugin. -->","yoast_head_json":{"title":"Padre Benjam\u00edn Quilodr\u00e1n - Chile en Tinieblas","robots":{"index":"index","follow":"follow","max-snippet":"max-snippet:-1","max-image-preview":"max-image-preview:large","max-video-preview":"max-video-preview:-1"},"canonical":"https:\/\/chileentinieblas.cl\/en\/pnj\/padre-benjamin-quilodran\/","og_locale":"en_US","og_type":"article","og_title":"Padre Benjam\u00edn Quilodr\u00e1n - Chile en Tinieblas","og_description":"Muri\u00f3 en un incendio en 1949 intentando salvar a los trabajadores del taller ferroviario. Ahora es un gu\u00eda espiritual que predica la redenci\u00f3n y el paso al Olvido, aunque su propia Sombra le susurra que abandone a todos. Vida y Muerte:Sacerdote franciscano, p\u00e1rroco de la Iglesia San Francisco de Los \u00c1ngeles. En 1949, un incendio [&hellip;]","og_url":"https:\/\/chileentinieblas.cl\/en\/pnj\/padre-benjamin-quilodran\/","og_site_name":"Chile en Tinieblas","article_publisher":"https:\/\/www.facebook.com\/ChileenTinieblas","article_modified_time":"2025-03-31T03:18:37+00:00","og_image":[{"width":1024,"height":1024,"url":"https:\/\/chileentinieblas.cl\/wp-content\/uploads\/2025\/03\/padre-quilodran.png","type":"image\/png"}],"twitter_card":"summary_large_image","twitter_misc":{"Est. reading time":"2 minutes"},"schema":{"@context":"https:\/\/schema.org","@graph":[{"@type":"WebPage","@id":"https:\/\/chileentinieblas.cl\/pnj\/padre-benjamin-quilodran\/","url":"https:\/\/chileentinieblas.cl\/pnj\/padre-benjamin-quilodran\/","name":"Padre Benjam\u00edn Quilodr\u00e1n - Chile en Tinieblas","isPartOf":{"@id":"https:\/\/chileentinieblas.cl\/#website"},"primaryImageOfPage":{"@id":"https:\/\/chileentinieblas.cl\/pnj\/padre-benjamin-quilodran\/#primaryimage"},"image":{"@id":"https:\/\/chileentinieblas.cl\/pnj\/padre-benjamin-quilodran\/#primaryimage"},"thumbnailUrl":"https:\/\/chileentinieblas.cl\/wp-content\/uploads\/2025\/03\/padre-quilodran.png","datePublished":"2025-03-31T03:18:36+00:00","dateModified":"2025-03-31T03:18:37+00:00","breadcrumb":{"@id":"https:\/\/chileentinieblas.cl\/pnj\/padre-benjamin-quilodran\/#breadcrumb"},"inLanguage":"en-US","potentialAction":[{"@type":"ReadAction","target":["https:\/\/chileentinieblas.cl\/pnj\/padre-benjamin-quilodran\/"]}]},{"@type":"ImageObject","inLanguage":"en-US","@id":"https:\/\/chileentinieblas.cl\/pnj\/padre-benjamin-quilodran\/#primaryimage","url":"https:\/\/chileentinieblas.cl\/wp-content\/uploads\/2025\/03\/padre-quilodran.png","contentUrl":"https:\/\/chileentinieblas.cl\/wp-content\/uploads\/2025\/03\/padre-quilodran.png","width":1024,"height":1024},{"@type":"BreadcrumbList","@id":"https:\/\/chileentinieblas.cl\/pnj\/padre-benjamin-quilodran\/#breadcrumb","itemListElement":[{"@type":"ListItem","position":1,"name":"Portada","item":"https:\/\/chileentinieblas.cl\/"},{"@type":"ListItem","position":2,"name":"PNJs","item":"https:\/\/chileentinieblas.cl\/pnj\/"},{"@type":"ListItem","position":3,"name":"Padre Benjam\u00edn Quilodr\u00e1n"}]},{"@type":"WebSite","@id":"https:\/\/chileentinieblas.cl\/#website","url":"https:\/\/chileentinieblas.cl\/","name":"Chile en Tinieblas","description":"Un servidor con mesas de rol de Mundo de Tinieblas","publisher":{"@id":"https:\/\/chileentinieblas.cl\/#organization"},"potentialAction":[{"@type":"SearchAction","target":{"@type":"EntryPoint","urlTemplate":"https:\/\/chileentinieblas.cl\/?s={search_term_string}"},"query-input":{"@type":"PropertyValueSpecification","valueRequired":true,"valueName":"search_term_string"}}],"inLanguage":"en-US"},{"@type":"Organization","@id":"https:\/\/chileentinieblas.cl\/#organization","name":"Chile en Tinieblas","url":"https:\/\/chileentinieblas.cl\/","logo":{"@type":"ImageObject","inLanguage":"en-US","@id":"https:\/\/chileentinieblas.cl\/#\/schema\/logo\/image\/","url":"https:\/\/chileentinieblas.cl\/wp-content\/uploads\/2021\/12\/logo-cet-claro.png","contentUrl":"https:\/\/chileentinieblas.cl\/wp-content\/uploads\/2021\/12\/logo-cet-claro.png","width":1001,"height":1030,"caption":"Chile en Tinieblas"},"image":{"@id":"https:\/\/chileentinieblas.cl\/#\/schema\/logo\/image\/"},"sameAs":["https:\/\/www.facebook.com\/ChileenTinieblas","https:\/\/www.instagram.com\/chileentinieblas\/","https:\/\/www.youtube.com\/@chileentinieblas","https:\/\/www.tiktok.com\/@chileentinieblas"]}]}},"jetpack_sharing_enabled":true,"_links":{"self":[{"href":"https:\/\/chileentinieblas.cl\/en\/wp-json\/wp\/v2\/pnj\/6168","targetHints":{"allow":["GET"]}}],"collection":[{"href":"https:\/\/chileentinieblas.cl\/en\/wp-json\/wp\/v2\/pnj"}],"about":[{"href":"https:\/\/chileentinieblas.cl\/en\/wp-json\/wp\/v2\/types\/pnj"}],"author":[{"embeddable":true,"href":"https:\/\/chileentinieblas.cl\/en\/wp-json\/wp\/v2\/users\/31"}],"wp:featuredmedia":[{"embeddable":true,"href":"https:\/\/chileentinieblas.cl\/en\/wp-json\/wp\/v2\/media\/6169"}],"wp:attachment":[{"href":"https:\/\/chileentinieblas.cl\/en\/wp-json\/wp\/v2\/media?parent=6168"}],"wp:term":[{"taxonomy":"post_tag","embeddable":true,"href":"https:\/\/chileentinieblas.cl\/en\/wp-json\/wp\/v2\/tags?post=6168"},{"taxonomy":"faccion","embeddable":true,"href":"https:\/\/chileentinieblas.cl\/en\/wp-json\/wp\/v2\/faccion?post=6168"}],"curies":[{"name":"wp","href":"https:\/\/api.w.org\/{rel}","templated":true}]}}

Padre Benjamín Quilodrán

<p class="wp-block-paragraph">Murió en un incendio en 1949 intentando salvar a los trabajadores del taller ferroviario. Ahora es un guía espiritual que predica la redención y el paso al Olvido, aunque su propia Sombra le susurra que abandone a todos.</p>



<p class="wp-block-paragraph"><strong>Vida y Muerte:</strong><br>Sacerdote franciscano, párroco de la Iglesia San Francisco de Los Ángeles. En 1949, un incendio destruyó parte de los talleres ferroviarios y el padre Benjamín murió intentando rescatar a los obreros atrapados. La iglesia se convirtió en un refugio para las viudas de los ferroviarios después del desastre.</p>



<p class="wp-block-paragraph"><strong>En el Más Allá:</strong><br>Ahora es líder de un circulo independiente, en el cual predica la aceptación del Olvido y el fin del sufrimiento. Reside en la cruz de hierro oxidada que una vez estuvo en la capilla del taller, ahora un relicto flotante sobre su Santuario.</p>



<p class="wp-block-paragraph"><strong>Rasgos psicológicos y de personalidad:</strong><br>Quilodrán es un guía espiritual, pero sin la rigidez dogmática que podría esperarse. Su experiencia lo ha llenado de compasión, pero también de tristeza. Él entiende la complejidad del alma y no impone su visión, sino que busca encender la chispa de esperanza en los demás. Guarda un profundo miedo a perder su propósito y al Olvido.<strong> </strong>Misericordioso pero resignado, cree que la creación de la Necrópolis es un error, pues solo pospone lo inevitable: la disolución final en el Olvido.</p>



<p class="wp-block-paragraph"><strong>Acercamiento a un Wraith recién fallecido</strong>:<br>Sería el primero en acercarse si encuentra un alma perdida. Tranquilo, sereno y paciente. Ofrecería un espacio seguro para que el recién llegado comprenda lo que le ha sucedido, sin presiones. Hablaría de la necesidad de reconciliarse con el pasado, invitando a dejar de lado sus Pasiones y a dejarse llevar por el llamado del Olvido. Si el nuevo wraith muestra interés, podría guiarlo a su Santuario para protegerlo mientras se adapta.</p>

<!-- This site is optimized with the Yoast SEO plugin v28.4 - https://yoast.com/product/yoast-seo-wordpress/ -->
<title>Padre Benjamín Quilodrán - Chile en Tinieblas</title>
<meta name="robots" content="index, follow, max-snippet:-1, max-image-preview:large, max-video-preview:-1" />
<link rel="canonical" href="https://chileentinieblas.cl/en/pnj/padre-benjamin-quilodran/" />
<meta property="og:locale" content="en_US" />
<meta property="og:type" content="article" />
<meta property="og:title" content="Padre Benjamín Quilodrán - Chile en Tinieblas" />
<meta property="og:description" content="Murió en un incendio en 1949 intentando salvar a los trabajadores del taller ferroviario. Ahora es un guía espiritual que predica la redención y el paso al Olvido, aunque su propia Sombra le susurra que abandone a todos. Vida y Muerte:Sacerdote franciscano, párroco de la Iglesia San Francisco de Los Ángeles. En 1949, un incendio [&hellip;]" />
<meta property="og:url" content="https://chileentinieblas.cl/en/pnj/padre-benjamin-quilodran/" />
<meta property="og:site_name" content="Chile en Tinieblas" />
<meta property="article:publisher" content="https://www.facebook.com/ChileenTinieblas" />
<meta property="article:modified_time" content="2025-03-31T03:18:37+00:00" />
<meta property="og:image" content="https://chileentinieblas.cl/wp-content/uploads/2025/03/padre-quilodran.png" />
	<meta property="og:image:width" content="1024" />
	<meta property="og:image:height" content="1024" />
	<meta property="og:image:type" content="image/png" />
<meta name="twitter:card" content="summary_large_image" />
<meta name="twitter:label1" content="Est. reading time" />
	<meta name="twitter:data1" content="2 minutes" />
<script type="application/ld+json" class="yoast-schema-graph">{"@context":"https:\/\/schema.org","@graph":[{"@type":"WebPage","@id":"https:\/\/chileentinieblas.cl\/pnj\/padre-benjamin-quilodran\/","url":"https:\/\/chileentinieblas.cl\/pnj\/padre-benjamin-quilodran\/","name":"Padre Benjamín Quilodrán - Chile en Tinieblas","isPartOf":{"@id":"https:\/\/chileentinieblas.cl\/#website"},"primaryImageOfPage":{"@id":"https:\/\/chileentinieblas.cl\/pnj\/padre-benjamin-quilodran\/#primaryimage"},"image":{"@id":"https:\/\/chileentinieblas.cl\/pnj\/padre-benjamin-quilodran\/#primaryimage"},"thumbnailUrl":"https:\/\/chileentinieblas.cl\/wp-content\/uploads\/2025\/03\/padre-quilodran.png","datePublished":"2025-03-31T03:18:36+00:00","dateModified":"2025-03-31T03:18:37+00:00","breadcrumb":{"@id":"https:\/\/chileentinieblas.cl\/pnj\/padre-benjamin-quilodran\/#breadcrumb"},"inLanguage":"en-US","potentialAction":[{"@type":"ReadAction","target":["https:\/\/chileentinieblas.cl\/pnj\/padre-benjamin-quilodran\/"]}]},{"@type":"ImageObject","inLanguage":"en-US","@id":"https:\/\/chileentinieblas.cl\/pnj\/padre-benjamin-quilodran\/#primaryimage","url":"https:\/\/chileentinieblas.cl\/wp-content\/uploads\/2025\/03\/padre-quilodran.png","contentUrl":"https:\/\/chileentinieblas.cl\/wp-content\/uploads\/2025\/03\/padre-quilodran.png","width":1024,"height":1024},{"@type":"BreadcrumbList","@id":"https:\/\/chileentinieblas.cl\/pnj\/padre-benjamin-quilodran\/#breadcrumb","itemListElement":[{"@type":"ListItem","position":1,"name":"Portada","item":"https:\/\/chileentinieblas.cl\/"},{"@type":"ListItem","position":2,"name":"PNJs","item":"https:\/\/chileentinieblas.cl\/pnj\/"},{"@type":"ListItem","position":3,"name":"Padre Benjamín Quilodrán"}]},{"@type":"WebSite","@id":"https:\/\/chileentinieblas.cl\/#website","url":"https:\/\/chileentinieblas.cl\/","name":"Chile en Tinieblas","description":"Un servidor con mesas de rol de Mundo de Tinieblas","publisher":{"@id":"https:\/\/chileentinieblas.cl\/#organization"},"potentialAction":[{"@type":"SearchAction","target":{"@type":"EntryPoint","urlTemplate":"https:\/\/chileentinieblas.cl\/?s={search_term_string}"},"query-input":{"@type":"PropertyValueSpecification","valueRequired":true,"valueName":"search_term_string"}}],"inLanguage":"en-US"},{"@type":"Organization","@id":"https:\/\/chileentinieblas.cl\/#organization","name":"Chile en Tinieblas","url":"https:\/\/chileentinieblas.cl\/","logo":{"@type":"ImageObject","inLanguage":"en-US","@id":"https:\/\/chileentinieblas.cl\/#\/schema\/logo\/image\/","url":"https:\/\/chileentinieblas.cl\/wp-content\/uploads\/2021\/12\/logo-cet-claro.png","contentUrl":"https:\/\/chileentinieblas.cl\/wp-content\/uploads\/2021\/12\/logo-cet-claro.png","width":1001,"height":1030,"caption":"Chile en Tinieblas"},"image":{"@id":"https:\/\/chileentinieblas.cl\/#\/schema\/logo\/image\/"},"sameAs":["https:\/\/www.facebook.com\/ChileenTinieblas","https:\/\/www.instagram.com\/chileentinieblas\/","https:\/\/www.youtube.com\/@chileentinieblas","https:\/\/www.tiktok.com\/@chileentinieblas"]}]}</script>
<!-- / Yoast SEO plugin. -->

Padre Benjamín Quilodrán - Chile en Tinieblas

Murió en un incendio en 1949 intentando salvar a los trabajadores del taller ferroviario. Ahora es un guía espiritual que predica la redención y el paso al Olvido, aunque su propia Sombra le susurra que abandone a todos. Vida y Muerte:Sacerdote franciscano, párroco de la Iglesia San Francisco de Los Ángeles. En 1949, un incendio [&hellip;]
