{"id":5179,"date":"2024-04-29T01:46:18","date_gmt":"2024-04-29T01:46:18","guid":{"rendered":"https:\/\/chileentinieblas.cl\/?post_type=pnj&#038;p=5179"},"modified":"2025-04-11T23:39:03","modified_gmt":"2025-04-11T23:39:03","slug":"javier-mente-agil","status":"publish","type":"pnj","link":"https:\/\/chileentinieblas.cl\/en\/pnj\/javier-mente-agil\/","title":{"rendered":"Javier Mente \u00c1gil"},"content":{"rendered":"<h2 class=\"wp-block-heading\">Alfa del Clan de la Zona Norte<\/h2>\n\n\n\n<p class=\"wp-block-paragraph\">Mente Agil es un antiguo Garou santiaguino que originalmente formaba parte del Clan de los Vigilantes, predecesores a la Torre Vigilante. En los 90, cuando el Anciano Abraham Senerman propuso construir la torre como punto neur\u00e1lgico del T\u00famulo encontrado en el parque metropolitano pero intervenido por los despertados, Javier previ\u00f3 una consolidaci\u00f3n autoritaria por parte de los lobos corporativos que iba en contra de sus principios como persona. Mente \u00c1gil siempre fue un tremendo ingeniero en las \u00e1reas de la metalurgia y la mec\u00e1nica, y al mismo tiempo siempre quizo ayudar a los garous y parientes mas despose\u00eddos de Santiago, la mayor\u00eda pertenecientes a la tribu de los Roehuesos. Su mayor mentor en lo que respecta a la sociedad Garou en aquellos a\u00f1os fue U\u00f1a Gris, quien lo apoyo en alejarse del nuevo Clan de la Torre Vigilante en pro de cuidar a los garous que habitaban la zona norte de la regi\u00f3n. Es asi como Javier decide invertir en una nueva planta para la empresa de la que es parte: AZA. El reciclaje de los metales es una parte fundamental en el esquema de protecci\u00f3n que tenia Mente \u00c1gil y al abrir la planta, instruye y da empleo a muchas familias y Garous roehuesos y que eventualmente junto a U\u00f1a Gris transforman en un T\u00famulo para el nuevo Clan de la Zona Norte.<\/p>\n\n\n\n<p class=\"wp-block-paragraph\">Hoy en d\u00eda la situaci\u00f3n de Mente \u00c1gil es tambaleante, ya que al descubrir que su Mentor estaba a favor del Wyrm, sus conocimientos y ense\u00f1anzas pueden estar torcidas, creando grandes cuestionamientos en su interior, el Harano lo comenz\u00f3 a afectar desde entonces.<br>Pese a todo, Javier es responsable del Clan, y mantiene las tradiciones construidas en conjunto, pero al no estar en una buena condici\u00f3n mental y espiritual, se rumorea de que se necesita un nuevo alfa mas joven y con la voluntad de guiar a los guerreros del clan.<\/p>","protected":false},"author":8,"featured_media":5180,"template":"","tags":[249],"faccion":[52,140,68],"class_list":["post-5179","pnj","type-pnj","status-publish","has-post-thumbnail","hentry","tag-clan-de-la-zona-norte","faccion-hombre-lobo-el-apocalipsis","faccion-moradores-del-cristal","faccion-nacion-garou"],"acf":{"fecha":"1967 - Actualidad","estatus":"Activo","ficha_del_personaje":"","aspecto":"","interpretacion":"","informacion_privada":"","mapa_de_kumu_u_otro_embed":""},"yoast_head":"<!-- This site is optimized with the Yoast SEO plugin v28.4 - https:\/\/yoast.com\/product\/yoast-seo-wordpress\/ -->\n<title>Javier Mente \u00c1gil - Chile en Tinieblas<\/title>\n<meta name=\"robots\" content=\"index, follow, max-snippet:-1, max-image-preview:large, max-video-preview:-1\" \/>\n<link rel=\"canonical\" href=\"https:\/\/chileentinieblas.cl\/en\/pnj\/javier-mente-agil\/\" \/>\n<meta property=\"og:locale\" content=\"en_US\" \/>\n<meta property=\"og:type\" content=\"article\" \/>\n<meta property=\"og:title\" content=\"Javier Mente \u00c1gil - Chile en Tinieblas\" \/>\n<meta property=\"og:description\" content=\"Alfa del Clan de la Zona Norte Mente Agil es un antiguo Garou santiaguino que originalmente formaba parte del Clan de los Vigilantes, predecesores a la Torre Vigilante. En los 90, cuando el Anciano Abraham Senerman propuso construir la torre como punto neur\u00e1lgico del T\u00famulo encontrado en el parque metropolitano pero intervenido por los despertados, [&hellip;]\" \/>\n<meta property=\"og:url\" content=\"https:\/\/chileentinieblas.cl\/en\/pnj\/javier-mente-agil\/\" \/>\n<meta property=\"og:site_name\" content=\"Chile en Tinieblas\" \/>\n<meta property=\"article:publisher\" content=\"https:\/\/www.facebook.com\/ChileenTinieblas\" \/>\n<meta property=\"article:modified_time\" content=\"2025-04-11T23:39:03+00:00\" \/>\n<meta property=\"og:image\" content=\"https:\/\/chileentinieblas.cl\/wp-content\/uploads\/2024\/04\/Javier-Mente-Agil.png\" \/>\n\t<meta property=\"og:image:width\" content=\"1024\" \/>\n\t<meta property=\"og:image:height\" content=\"1024\" \/>\n\t<meta property=\"og:image:type\" content=\"image\/png\" \/>\n<meta name=\"twitter:card\" content=\"summary_large_image\" \/>\n<meta name=\"twitter:label1\" content=\"Est. reading time\" \/>\n\t<meta name=\"twitter:data1\" content=\"2 minutes\" \/>\n<script type=\"application\/ld+json\" class=\"yoast-schema-graph\">{\"@context\":\"https:\\\/\\\/schema.org\",\"@graph\":[{\"@type\":\"WebPage\",\"@id\":\"https:\\\/\\\/chileentinieblas.cl\\\/pnj\\\/javier-mente-agil\\\/\",\"url\":\"https:\\\/\\\/chileentinieblas.cl\\\/pnj\\\/javier-mente-agil\\\/\",\"name\":\"Javier Mente \u00c1gil - Chile en Tinieblas\",\"isPartOf\":{\"@id\":\"https:\\\/\\\/chileentinieblas.cl\\\/#website\"},\"primaryImageOfPage\":{\"@id\":\"https:\\\/\\\/chileentinieblas.cl\\\/pnj\\\/javier-mente-agil\\\/#primaryimage\"},\"image\":{\"@id\":\"https:\\\/\\\/chileentinieblas.cl\\\/pnj\\\/javier-mente-agil\\\/#primaryimage\"},\"thumbnailUrl\":\"https:\\\/\\\/chileentinieblas.cl\\\/wp-content\\\/uploads\\\/2024\\\/04\\\/Javier-Mente-Agil.png\",\"datePublished\":\"2024-04-29T01:46:18+00:00\",\"dateModified\":\"2025-04-11T23:39:03+00:00\",\"breadcrumb\":{\"@id\":\"https:\\\/\\\/chileentinieblas.cl\\\/pnj\\\/javier-mente-agil\\\/#breadcrumb\"},\"inLanguage\":\"en-US\",\"potentialAction\":[{\"@type\":\"ReadAction\",\"target\":[\"https:\\\/\\\/chileentinieblas.cl\\\/pnj\\\/javier-mente-agil\\\/\"]}]},{\"@type\":\"ImageObject\",\"inLanguage\":\"en-US\",\"@id\":\"https:\\\/\\\/chileentinieblas.cl\\\/pnj\\\/javier-mente-agil\\\/#primaryimage\",\"url\":\"https:\\\/\\\/chileentinieblas.cl\\\/wp-content\\\/uploads\\\/2024\\\/04\\\/Javier-Mente-Agil.png\",\"contentUrl\":\"https:\\\/\\\/chileentinieblas.cl\\\/wp-content\\\/uploads\\\/2024\\\/04\\\/Javier-Mente-Agil.png\",\"width\":1024,\"height\":1024},{\"@type\":\"BreadcrumbList\",\"@id\":\"https:\\\/\\\/chileentinieblas.cl\\\/pnj\\\/javier-mente-agil\\\/#breadcrumb\",\"itemListElement\":[{\"@type\":\"ListItem\",\"position\":1,\"name\":\"Portada\",\"item\":\"https:\\\/\\\/chileentinieblas.cl\\\/\"},{\"@type\":\"ListItem\",\"position\":2,\"name\":\"PNJs\",\"item\":\"https:\\\/\\\/chileentinieblas.cl\\\/pnj\\\/\"},{\"@type\":\"ListItem\",\"position\":3,\"name\":\"Javier Mente \u00c1gil\"}]},{\"@type\":\"WebSite\",\"@id\":\"https:\\\/\\\/chileentinieblas.cl\\\/#website\",\"url\":\"https:\\\/\\\/chileentinieblas.cl\\\/\",\"name\":\"Chile en Tinieblas\",\"description\":\"Un servidor con mesas de rol de Mundo de Tinieblas\",\"publisher\":{\"@id\":\"https:\\\/\\\/chileentinieblas.cl\\\/#organization\"},\"potentialAction\":[{\"@type\":\"SearchAction\",\"target\":{\"@type\":\"EntryPoint\",\"urlTemplate\":\"https:\\\/\\\/chileentinieblas.cl\\\/?s={search_term_string}\"},\"query-input\":{\"@type\":\"PropertyValueSpecification\",\"valueRequired\":true,\"valueName\":\"search_term_string\"}}],\"inLanguage\":\"en-US\"},{\"@type\":\"Organization\",\"@id\":\"https:\\\/\\\/chileentinieblas.cl\\\/#organization\",\"name\":\"Chile en Tinieblas\",\"url\":\"https:\\\/\\\/chileentinieblas.cl\\\/\",\"logo\":{\"@type\":\"ImageObject\",\"inLanguage\":\"en-US\",\"@id\":\"https:\\\/\\\/chileentinieblas.cl\\\/#\\\/schema\\\/logo\\\/image\\\/\",\"url\":\"https:\\\/\\\/chileentinieblas.cl\\\/wp-content\\\/uploads\\\/2021\\\/12\\\/logo-cet-claro.png\",\"contentUrl\":\"https:\\\/\\\/chileentinieblas.cl\\\/wp-content\\\/uploads\\\/2021\\\/12\\\/logo-cet-claro.png\",\"width\":1001,\"height\":1030,\"caption\":\"Chile en Tinieblas\"},\"image\":{\"@id\":\"https:\\\/\\\/chileentinieblas.cl\\\/#\\\/schema\\\/logo\\\/image\\\/\"},\"sameAs\":[\"https:\\\/\\\/www.facebook.com\\\/ChileenTinieblas\",\"https:\\\/\\\/www.instagram.com\\\/chileentinieblas\\\/\",\"https:\\\/\\\/www.youtube.com\\\/@chileentinieblas\",\"https:\\\/\\\/www.tiktok.com\\\/@chileentinieblas\"]}]}<\/script>\n<!-- \/ Yoast SEO plugin. -->","yoast_head_json":{"title":"Javier Mente \u00c1gil - Chile en Tinieblas","robots":{"index":"index","follow":"follow","max-snippet":"max-snippet:-1","max-image-preview":"max-image-preview:large","max-video-preview":"max-video-preview:-1"},"canonical":"https:\/\/chileentinieblas.cl\/en\/pnj\/javier-mente-agil\/","og_locale":"en_US","og_type":"article","og_title":"Javier Mente \u00c1gil - Chile en Tinieblas","og_description":"Alfa del Clan de la Zona Norte Mente Agil es un antiguo Garou santiaguino que originalmente formaba parte del Clan de los Vigilantes, predecesores a la Torre Vigilante. En los 90, cuando el Anciano Abraham Senerman propuso construir la torre como punto neur\u00e1lgico del T\u00famulo encontrado en el parque metropolitano pero intervenido por los despertados, [&hellip;]","og_url":"https:\/\/chileentinieblas.cl\/en\/pnj\/javier-mente-agil\/","og_site_name":"Chile en Tinieblas","article_publisher":"https:\/\/www.facebook.com\/ChileenTinieblas","article_modified_time":"2025-04-11T23:39:03+00:00","og_image":[{"width":1024,"height":1024,"url":"https:\/\/chileentinieblas.cl\/wp-content\/uploads\/2024\/04\/Javier-Mente-Agil.png","type":"image\/png"}],"twitter_card":"summary_large_image","twitter_misc":{"Est. reading time":"2 minutes"},"schema":{"@context":"https:\/\/schema.org","@graph":[{"@type":"WebPage","@id":"https:\/\/chileentinieblas.cl\/pnj\/javier-mente-agil\/","url":"https:\/\/chileentinieblas.cl\/pnj\/javier-mente-agil\/","name":"Javier Mente \u00c1gil - Chile en Tinieblas","isPartOf":{"@id":"https:\/\/chileentinieblas.cl\/#website"},"primaryImageOfPage":{"@id":"https:\/\/chileentinieblas.cl\/pnj\/javier-mente-agil\/#primaryimage"},"image":{"@id":"https:\/\/chileentinieblas.cl\/pnj\/javier-mente-agil\/#primaryimage"},"thumbnailUrl":"https:\/\/chileentinieblas.cl\/wp-content\/uploads\/2024\/04\/Javier-Mente-Agil.png","datePublished":"2024-04-29T01:46:18+00:00","dateModified":"2025-04-11T23:39:03+00:00","breadcrumb":{"@id":"https:\/\/chileentinieblas.cl\/pnj\/javier-mente-agil\/#breadcrumb"},"inLanguage":"en-US","potentialAction":[{"@type":"ReadAction","target":["https:\/\/chileentinieblas.cl\/pnj\/javier-mente-agil\/"]}]},{"@type":"ImageObject","inLanguage":"en-US","@id":"https:\/\/chileentinieblas.cl\/pnj\/javier-mente-agil\/#primaryimage","url":"https:\/\/chileentinieblas.cl\/wp-content\/uploads\/2024\/04\/Javier-Mente-Agil.png","contentUrl":"https:\/\/chileentinieblas.cl\/wp-content\/uploads\/2024\/04\/Javier-Mente-Agil.png","width":1024,"height":1024},{"@type":"BreadcrumbList","@id":"https:\/\/chileentinieblas.cl\/pnj\/javier-mente-agil\/#breadcrumb","itemListElement":[{"@type":"ListItem","position":1,"name":"Portada","item":"https:\/\/chileentinieblas.cl\/"},{"@type":"ListItem","position":2,"name":"PNJs","item":"https:\/\/chileentinieblas.cl\/pnj\/"},{"@type":"ListItem","position":3,"name":"Javier Mente \u00c1gil"}]},{"@type":"WebSite","@id":"https:\/\/chileentinieblas.cl\/#website","url":"https:\/\/chileentinieblas.cl\/","name":"Chile en Tinieblas","description":"Un servidor con mesas de rol de Mundo de Tinieblas","publisher":{"@id":"https:\/\/chileentinieblas.cl\/#organization"},"potentialAction":[{"@type":"SearchAction","target":{"@type":"EntryPoint","urlTemplate":"https:\/\/chileentinieblas.cl\/?s={search_term_string}"},"query-input":{"@type":"PropertyValueSpecification","valueRequired":true,"valueName":"search_term_string"}}],"inLanguage":"en-US"},{"@type":"Organization","@id":"https:\/\/chileentinieblas.cl\/#organization","name":"Chile en Tinieblas","url":"https:\/\/chileentinieblas.cl\/","logo":{"@type":"ImageObject","inLanguage":"en-US","@id":"https:\/\/chileentinieblas.cl\/#\/schema\/logo\/image\/","url":"https:\/\/chileentinieblas.cl\/wp-content\/uploads\/2021\/12\/logo-cet-claro.png","contentUrl":"https:\/\/chileentinieblas.cl\/wp-content\/uploads\/2021\/12\/logo-cet-claro.png","width":1001,"height":1030,"caption":"Chile en Tinieblas"},"image":{"@id":"https:\/\/chileentinieblas.cl\/#\/schema\/logo\/image\/"},"sameAs":["https:\/\/www.facebook.com\/ChileenTinieblas","https:\/\/www.instagram.com\/chileentinieblas\/","https:\/\/www.youtube.com\/@chileentinieblas","https:\/\/www.tiktok.com\/@chileentinieblas"]}]}},"jetpack_sharing_enabled":true,"_links":{"self":[{"href":"https:\/\/chileentinieblas.cl\/en\/wp-json\/wp\/v2\/pnj\/5179","targetHints":{"allow":["GET"]}}],"collection":[{"href":"https:\/\/chileentinieblas.cl\/en\/wp-json\/wp\/v2\/pnj"}],"about":[{"href":"https:\/\/chileentinieblas.cl\/en\/wp-json\/wp\/v2\/types\/pnj"}],"author":[{"embeddable":true,"href":"https:\/\/chileentinieblas.cl\/en\/wp-json\/wp\/v2\/users\/8"}],"wp:featuredmedia":[{"embeddable":true,"href":"https:\/\/chileentinieblas.cl\/en\/wp-json\/wp\/v2\/media\/5180"}],"wp:attachment":[{"href":"https:\/\/chileentinieblas.cl\/en\/wp-json\/wp\/v2\/media?parent=5179"}],"wp:term":[{"taxonomy":"post_tag","embeddable":true,"href":"https:\/\/chileentinieblas.cl\/en\/wp-json\/wp\/v2\/tags?post=5179"},{"taxonomy":"faccion","embeddable":true,"href":"https:\/\/chileentinieblas.cl\/en\/wp-json\/wp\/v2\/faccion?post=5179"}],"curies":[{"name":"wp","href":"https:\/\/api.w.org\/{rel}","templated":true}]}}

Javier Mente Ágil

<h2 class="wp-block-heading">Alfa del Clan de la Zona Norte</h2>



<p class="wp-block-paragraph">Mente Agil es un antiguo Garou santiaguino que originalmente formaba parte del Clan de los Vigilantes, predecesores a la Torre Vigilante. En los 90, cuando el Anciano Abraham Senerman propuso construir la torre como punto neurálgico del Túmulo encontrado en el parque metropolitano pero intervenido por los despertados, Javier previó una consolidación autoritaria por parte de los lobos corporativos que iba en contra de sus principios como persona. Mente Ágil siempre fue un tremendo ingeniero en las áreas de la metalurgia y la mecánica, y al mismo tiempo siempre quizo ayudar a los garous y parientes mas desposeídos de Santiago, la mayoría pertenecientes a la tribu de los Roehuesos. Su mayor mentor en lo que respecta a la sociedad Garou en aquellos años fue Uña Gris, quien lo apoyo en alejarse del nuevo Clan de la Torre Vigilante en pro de cuidar a los garous que habitaban la zona norte de la región. Es asi como Javier decide invertir en una nueva planta para la empresa de la que es parte: AZA. El reciclaje de los metales es una parte fundamental en el esquema de protección que tenia Mente Ágil y al abrir la planta, instruye y da empleo a muchas familias y Garous roehuesos y que eventualmente junto a Uña Gris transforman en un Túmulo para el nuevo Clan de la Zona Norte.</p>



<p class="wp-block-paragraph">Hoy en día la situación de Mente Ágil es tambaleante, ya que al descubrir que su Mentor estaba a favor del Wyrm, sus conocimientos y enseñanzas pueden estar torcidas, creando grandes cuestionamientos en su interior, el Harano lo comenzó a afectar desde entonces.<br>Pese a todo, Javier es responsable del Clan, y mantiene las tradiciones construidas en conjunto, pero al no estar en una buena condición mental y espiritual, se rumorea de que se necesita un nuevo alfa mas joven y con la voluntad de guiar a los guerreros del clan.</p>

<!-- This site is optimized with the Yoast SEO plugin v28.4 - https://yoast.com/product/yoast-seo-wordpress/ -->
<title>Javier Mente Ágil - Chile en Tinieblas</title>
<meta name="robots" content="index, follow, max-snippet:-1, max-image-preview:large, max-video-preview:-1" />
<link rel="canonical" href="https://chileentinieblas.cl/en/pnj/javier-mente-agil/" />
<meta property="og:locale" content="en_US" />
<meta property="og:type" content="article" />
<meta property="og:title" content="Javier Mente Ágil - Chile en Tinieblas" />
<meta property="og:description" content="Alfa del Clan de la Zona Norte Mente Agil es un antiguo Garou santiaguino que originalmente formaba parte del Clan de los Vigilantes, predecesores a la Torre Vigilante. En los 90, cuando el Anciano Abraham Senerman propuso construir la torre como punto neurálgico del Túmulo encontrado en el parque metropolitano pero intervenido por los despertados, [&hellip;]" />
<meta property="og:url" content="https://chileentinieblas.cl/en/pnj/javier-mente-agil/" />
<meta property="og:site_name" content="Chile en Tinieblas" />
<meta property="article:publisher" content="https://www.facebook.com/ChileenTinieblas" />
<meta property="article:modified_time" content="2025-04-11T23:39:03+00:00" />
<meta property="og:image" content="https://chileentinieblas.cl/wp-content/uploads/2024/04/Javier-Mente-Agil.png" />
	<meta property="og:image:width" content="1024" />
	<meta property="og:image:height" content="1024" />
	<meta property="og:image:type" content="image/png" />
<meta name="twitter:card" content="summary_large_image" />
<meta name="twitter:label1" content="Est. reading time" />
	<meta name="twitter:data1" content="2 minutes" />
<script type="application/ld+json" class="yoast-schema-graph">{"@context":"https:\/\/schema.org","@graph":[{"@type":"WebPage","@id":"https:\/\/chileentinieblas.cl\/pnj\/javier-mente-agil\/","url":"https:\/\/chileentinieblas.cl\/pnj\/javier-mente-agil\/","name":"Javier Mente Ágil - Chile en Tinieblas","isPartOf":{"@id":"https:\/\/chileentinieblas.cl\/#website"},"primaryImageOfPage":{"@id":"https:\/\/chileentinieblas.cl\/pnj\/javier-mente-agil\/#primaryimage"},"image":{"@id":"https:\/\/chileentinieblas.cl\/pnj\/javier-mente-agil\/#primaryimage"},"thumbnailUrl":"https:\/\/chileentinieblas.cl\/wp-content\/uploads\/2024\/04\/Javier-Mente-Agil.png","datePublished":"2024-04-29T01:46:18+00:00","dateModified":"2025-04-11T23:39:03+00:00","breadcrumb":{"@id":"https:\/\/chileentinieblas.cl\/pnj\/javier-mente-agil\/#breadcrumb"},"inLanguage":"en-US","potentialAction":[{"@type":"ReadAction","target":["https:\/\/chileentinieblas.cl\/pnj\/javier-mente-agil\/"]}]},{"@type":"ImageObject","inLanguage":"en-US","@id":"https:\/\/chileentinieblas.cl\/pnj\/javier-mente-agil\/#primaryimage","url":"https:\/\/chileentinieblas.cl\/wp-content\/uploads\/2024\/04\/Javier-Mente-Agil.png","contentUrl":"https:\/\/chileentinieblas.cl\/wp-content\/uploads\/2024\/04\/Javier-Mente-Agil.png","width":1024,"height":1024},{"@type":"BreadcrumbList","@id":"https:\/\/chileentinieblas.cl\/pnj\/javier-mente-agil\/#breadcrumb","itemListElement":[{"@type":"ListItem","position":1,"name":"Portada","item":"https:\/\/chileentinieblas.cl\/"},{"@type":"ListItem","position":2,"name":"PNJs","item":"https:\/\/chileentinieblas.cl\/pnj\/"},{"@type":"ListItem","position":3,"name":"Javier Mente Ágil"}]},{"@type":"WebSite","@id":"https:\/\/chileentinieblas.cl\/#website","url":"https:\/\/chileentinieblas.cl\/","name":"Chile en Tinieblas","description":"Un servidor con mesas de rol de Mundo de Tinieblas","publisher":{"@id":"https:\/\/chileentinieblas.cl\/#organization"},"potentialAction":[{"@type":"SearchAction","target":{"@type":"EntryPoint","urlTemplate":"https:\/\/chileentinieblas.cl\/?s={search_term_string}"},"query-input":{"@type":"PropertyValueSpecification","valueRequired":true,"valueName":"search_term_string"}}],"inLanguage":"en-US"},{"@type":"Organization","@id":"https:\/\/chileentinieblas.cl\/#organization","name":"Chile en Tinieblas","url":"https:\/\/chileentinieblas.cl\/","logo":{"@type":"ImageObject","inLanguage":"en-US","@id":"https:\/\/chileentinieblas.cl\/#\/schema\/logo\/image\/","url":"https:\/\/chileentinieblas.cl\/wp-content\/uploads\/2021\/12\/logo-cet-claro.png","contentUrl":"https:\/\/chileentinieblas.cl\/wp-content\/uploads\/2021\/12\/logo-cet-claro.png","width":1001,"height":1030,"caption":"Chile en Tinieblas"},"image":{"@id":"https:\/\/chileentinieblas.cl\/#\/schema\/logo\/image\/"},"sameAs":["https:\/\/www.facebook.com\/ChileenTinieblas","https:\/\/www.instagram.com\/chileentinieblas\/","https:\/\/www.youtube.com\/@chileentinieblas","https:\/\/www.tiktok.com\/@chileentinieblas"]}]}</script>
<!-- / Yoast SEO plugin. -->

Javier Mente Ágil - Chile en Tinieblas

Alfa del Clan de la Zona Norte Mente Agil es un antiguo Garou santiaguino que originalmente formaba parte del Clan de los Vigilantes, predecesores a la Torre Vigilante. En los 90, cuando el Anciano Abraham Senerman propuso construir la torre como punto neurálgico del Túmulo encontrado en el parque metropolitano pero intervenido por los despertados, [&hellip;]
