{"id":4885,"date":"2023-12-02T01:27:17","date_gmt":"2023-12-02T01:27:17","guid":{"rendered":"https:\/\/chileentinieblas.cl\/?post_type=pnj&#038;p=4885"},"modified":"2024-07-27T03:56:15","modified_gmt":"2024-07-27T03:56:15","slug":"avenir-vermillion","status":"publish","type":"pnj","link":"https:\/\/chileentinieblas.cl\/en\/pnj\/avenir-vermillion\/","title":{"rendered":"Avenir Vermillion"},"content":{"rendered":"<p class=\"wp-block-paragraph\">Avenir Vermillion Exarca del Coro Celestial en la Region del Bio Bio, l\u00edder de la c\u00e1bala El Amanecer Dorado. En su juventud, trabaj\u00f3 como bibliotecario en la Universidad de Concepci\u00f3n, donde descubri\u00f3 su Despertar y form\u00f3 su c\u00e1bala con otros tres magos de diferentes Tradiciones: Aytan Voger, un n\u00f3mada de los bosques; Cassandra Price, una Eutanatos heralda de la diosa de la fortuna y pariente de la influyente familia Price; y Klaus Macaya, un investigador de la Orden de Hermes buscador de la simetr\u00eda sagrada. Juntos, exploraron el flujo de las l\u00edneas ley, las corrientes de energ\u00eda que atraviesan el mundo, y aprendieron a manipularlas con su voluntad. Construyeron un refugio en las &#8220;sombras&#8221; de un lugar conocido como \u201cEl castillo del Diablo\u201d en Talcahuano, al que llamaron Casona, all\u00ed se recibir\u00edan a otros magos que buscaban conocimiento o protecci\u00f3n.<\/p>\n\n\n\n<p class=\"wp-block-paragraph\">Sin embargo, su tranquilidad se vio interrumpida por el golpe militar de 1973, que instaur\u00f3 una dictadura c\u00edvico-militar que reprimi\u00f3 brutalmente a cualquier disidente. La Tecnocracia, aprovech\u00f3 la situaci\u00f3n para cazar a los Despertados de la ciudad, acus\u00e1ndolos de subversivos o terroristas. Avenir y su c\u00e1bala se vieron obligados a huir de la universidad, donde fueron atacados por agentes del Nuevo Orden Mundial. Muchos magos, desde reci\u00e9n despertados hasta maestros, cayeron en el camino o fueron capturados y torturados, si embargo ayudo a todos los que pudo sin tomar en cuenta la tradici\u00f3n a la cual pertenec\u00edan, lo que lo llevo a ganarse un gran respeto y renombre entre los magos de la ciudad.<\/p>\n\n\n\n<p class=\"wp-block-paragraph\"><\/p>","protected":false},"author":6,"featured_media":4886,"template":"","tags":[187,188],"faccion":[42,51,27],"class_list":["post-4885","pnj","type-pnj","status-publish","has-post-thumbnail","hentry","tag-coro-celestial","tag-exarca","faccion-coro-celestial","faccion-mago-la-ascension","faccion-tradiciones"],"acf":{"fecha":"1950 - a la Fecha","estatus":"Activo","ficha_del_personaje":"","aspecto":"actualmente A pesar de su edad avanzada, es un h\u00e1bil maestro de Cardinal, la esfera que le permit\u00eda comprender y manipular la energ\u00eda en todas sus formas, incluyendo la creaci\u00f3n misma. Su rostro es delgado y arrugado, con una barba canosa y unos ojos azules que reflejaban su determinaci\u00f3n.","interpretacion":"","rango_mago":"8 - Archimago","informacion_privada":"","mapa_de_kumu_u_otro_embed":null},"yoast_head":"<!-- This site is optimized with the Yoast SEO plugin v28.4 - https:\/\/yoast.com\/product\/yoast-seo-wordpress\/ -->\n<title>Avenir Vermillion - Chile en Tinieblas<\/title>\n<meta name=\"robots\" content=\"index, follow, max-snippet:-1, max-image-preview:large, max-video-preview:-1\" \/>\n<link rel=\"canonical\" href=\"https:\/\/chileentinieblas.cl\/en\/pnj\/avenir-vermillion\/\" \/>\n<meta property=\"og:locale\" content=\"en_US\" \/>\n<meta property=\"og:type\" content=\"article\" \/>\n<meta property=\"og:title\" content=\"Avenir Vermillion - Chile en Tinieblas\" \/>\n<meta property=\"og:description\" content=\"Avenir Vermillion Exarca del Coro Celestial en la Region del Bio Bio, l\u00edder de la c\u00e1bala El Amanecer Dorado. En su juventud, trabaj\u00f3 como bibliotecario en la Universidad de Concepci\u00f3n, donde descubri\u00f3 su Despertar y form\u00f3 su c\u00e1bala con otros tres magos de diferentes Tradiciones: Aytan Voger, un n\u00f3mada de los bosques; Cassandra Price, una [&hellip;]\" \/>\n<meta property=\"og:url\" content=\"https:\/\/chileentinieblas.cl\/en\/pnj\/avenir-vermillion\/\" \/>\n<meta property=\"og:site_name\" content=\"Chile en Tinieblas\" \/>\n<meta property=\"article:publisher\" content=\"https:\/\/www.facebook.com\/ChileenTinieblas\" \/>\n<meta property=\"article:modified_time\" content=\"2024-07-27T03:56:15+00:00\" \/>\n<meta property=\"og:image\" content=\"https:\/\/chileentinieblas.cl\/wp-content\/uploads\/2023\/12\/Maestro-Avenir.jpeg\" \/>\n\t<meta property=\"og:image:width\" content=\"1024\" \/>\n\t<meta property=\"og:image:height\" content=\"1024\" \/>\n\t<meta property=\"og:image:type\" content=\"image\/jpeg\" \/>\n<meta name=\"twitter:card\" content=\"summary_large_image\" \/>\n<meta name=\"twitter:label1\" content=\"Est. reading time\" \/>\n\t<meta name=\"twitter:data1\" content=\"1 minute\" \/>\n<script type=\"application\/ld+json\" class=\"yoast-schema-graph\">{\"@context\":\"https:\\\/\\\/schema.org\",\"@graph\":[{\"@type\":\"WebPage\",\"@id\":\"https:\\\/\\\/chileentinieblas.cl\\\/pnj\\\/avenir-vermillion\\\/\",\"url\":\"https:\\\/\\\/chileentinieblas.cl\\\/pnj\\\/avenir-vermillion\\\/\",\"name\":\"Avenir Vermillion - Chile en Tinieblas\",\"isPartOf\":{\"@id\":\"https:\\\/\\\/chileentinieblas.cl\\\/#website\"},\"primaryImageOfPage\":{\"@id\":\"https:\\\/\\\/chileentinieblas.cl\\\/pnj\\\/avenir-vermillion\\\/#primaryimage\"},\"image\":{\"@id\":\"https:\\\/\\\/chileentinieblas.cl\\\/pnj\\\/avenir-vermillion\\\/#primaryimage\"},\"thumbnailUrl\":\"https:\\\/\\\/chileentinieblas.cl\\\/wp-content\\\/uploads\\\/2023\\\/12\\\/Maestro-Avenir.jpeg\",\"datePublished\":\"2023-12-02T01:27:17+00:00\",\"dateModified\":\"2024-07-27T03:56:15+00:00\",\"breadcrumb\":{\"@id\":\"https:\\\/\\\/chileentinieblas.cl\\\/pnj\\\/avenir-vermillion\\\/#breadcrumb\"},\"inLanguage\":\"en-US\",\"potentialAction\":[{\"@type\":\"ReadAction\",\"target\":[\"https:\\\/\\\/chileentinieblas.cl\\\/pnj\\\/avenir-vermillion\\\/\"]}]},{\"@type\":\"ImageObject\",\"inLanguage\":\"en-US\",\"@id\":\"https:\\\/\\\/chileentinieblas.cl\\\/pnj\\\/avenir-vermillion\\\/#primaryimage\",\"url\":\"https:\\\/\\\/chileentinieblas.cl\\\/wp-content\\\/uploads\\\/2023\\\/12\\\/Maestro-Avenir.jpeg\",\"contentUrl\":\"https:\\\/\\\/chileentinieblas.cl\\\/wp-content\\\/uploads\\\/2023\\\/12\\\/Maestro-Avenir.jpeg\",\"width\":1024,\"height\":1024,\"caption\":\"Exarca del Coro Celestial\"},{\"@type\":\"BreadcrumbList\",\"@id\":\"https:\\\/\\\/chileentinieblas.cl\\\/pnj\\\/avenir-vermillion\\\/#breadcrumb\",\"itemListElement\":[{\"@type\":\"ListItem\",\"position\":1,\"name\":\"Portada\",\"item\":\"https:\\\/\\\/chileentinieblas.cl\\\/\"},{\"@type\":\"ListItem\",\"position\":2,\"name\":\"PNJs\",\"item\":\"https:\\\/\\\/chileentinieblas.cl\\\/pnj\\\/\"},{\"@type\":\"ListItem\",\"position\":3,\"name\":\"Avenir Vermillion\"}]},{\"@type\":\"WebSite\",\"@id\":\"https:\\\/\\\/chileentinieblas.cl\\\/#website\",\"url\":\"https:\\\/\\\/chileentinieblas.cl\\\/\",\"name\":\"Chile en Tinieblas\",\"description\":\"Un servidor con mesas de rol de Mundo de Tinieblas\",\"publisher\":{\"@id\":\"https:\\\/\\\/chileentinieblas.cl\\\/#organization\"},\"potentialAction\":[{\"@type\":\"SearchAction\",\"target\":{\"@type\":\"EntryPoint\",\"urlTemplate\":\"https:\\\/\\\/chileentinieblas.cl\\\/?s={search_term_string}\"},\"query-input\":{\"@type\":\"PropertyValueSpecification\",\"valueRequired\":true,\"valueName\":\"search_term_string\"}}],\"inLanguage\":\"en-US\"},{\"@type\":\"Organization\",\"@id\":\"https:\\\/\\\/chileentinieblas.cl\\\/#organization\",\"name\":\"Chile en Tinieblas\",\"url\":\"https:\\\/\\\/chileentinieblas.cl\\\/\",\"logo\":{\"@type\":\"ImageObject\",\"inLanguage\":\"en-US\",\"@id\":\"https:\\\/\\\/chileentinieblas.cl\\\/#\\\/schema\\\/logo\\\/image\\\/\",\"url\":\"https:\\\/\\\/chileentinieblas.cl\\\/wp-content\\\/uploads\\\/2021\\\/12\\\/logo-cet-claro.png\",\"contentUrl\":\"https:\\\/\\\/chileentinieblas.cl\\\/wp-content\\\/uploads\\\/2021\\\/12\\\/logo-cet-claro.png\",\"width\":1001,\"height\":1030,\"caption\":\"Chile en Tinieblas\"},\"image\":{\"@id\":\"https:\\\/\\\/chileentinieblas.cl\\\/#\\\/schema\\\/logo\\\/image\\\/\"},\"sameAs\":[\"https:\\\/\\\/www.facebook.com\\\/ChileenTinieblas\",\"https:\\\/\\\/www.instagram.com\\\/chileentinieblas\\\/\",\"https:\\\/\\\/www.youtube.com\\\/@chileentinieblas\",\"https:\\\/\\\/www.tiktok.com\\\/@chileentinieblas\"]}]}<\/script>\n<!-- \/ Yoast SEO plugin. -->","yoast_head_json":{"title":"Avenir Vermillion - Chile en Tinieblas","robots":{"index":"index","follow":"follow","max-snippet":"max-snippet:-1","max-image-preview":"max-image-preview:large","max-video-preview":"max-video-preview:-1"},"canonical":"https:\/\/chileentinieblas.cl\/en\/pnj\/avenir-vermillion\/","og_locale":"en_US","og_type":"article","og_title":"Avenir Vermillion - Chile en Tinieblas","og_description":"Avenir Vermillion Exarca del Coro Celestial en la Region del Bio Bio, l\u00edder de la c\u00e1bala El Amanecer Dorado. En su juventud, trabaj\u00f3 como bibliotecario en la Universidad de Concepci\u00f3n, donde descubri\u00f3 su Despertar y form\u00f3 su c\u00e1bala con otros tres magos de diferentes Tradiciones: Aytan Voger, un n\u00f3mada de los bosques; Cassandra Price, una [&hellip;]","og_url":"https:\/\/chileentinieblas.cl\/en\/pnj\/avenir-vermillion\/","og_site_name":"Chile en Tinieblas","article_publisher":"https:\/\/www.facebook.com\/ChileenTinieblas","article_modified_time":"2024-07-27T03:56:15+00:00","og_image":[{"width":1024,"height":1024,"url":"https:\/\/chileentinieblas.cl\/wp-content\/uploads\/2023\/12\/Maestro-Avenir.jpeg","type":"image\/jpeg"}],"twitter_card":"summary_large_image","twitter_misc":{"Est. reading time":"1 minute"},"schema":{"@context":"https:\/\/schema.org","@graph":[{"@type":"WebPage","@id":"https:\/\/chileentinieblas.cl\/pnj\/avenir-vermillion\/","url":"https:\/\/chileentinieblas.cl\/pnj\/avenir-vermillion\/","name":"Avenir Vermillion - Chile en Tinieblas","isPartOf":{"@id":"https:\/\/chileentinieblas.cl\/#website"},"primaryImageOfPage":{"@id":"https:\/\/chileentinieblas.cl\/pnj\/avenir-vermillion\/#primaryimage"},"image":{"@id":"https:\/\/chileentinieblas.cl\/pnj\/avenir-vermillion\/#primaryimage"},"thumbnailUrl":"https:\/\/chileentinieblas.cl\/wp-content\/uploads\/2023\/12\/Maestro-Avenir.jpeg","datePublished":"2023-12-02T01:27:17+00:00","dateModified":"2024-07-27T03:56:15+00:00","breadcrumb":{"@id":"https:\/\/chileentinieblas.cl\/pnj\/avenir-vermillion\/#breadcrumb"},"inLanguage":"en-US","potentialAction":[{"@type":"ReadAction","target":["https:\/\/chileentinieblas.cl\/pnj\/avenir-vermillion\/"]}]},{"@type":"ImageObject","inLanguage":"en-US","@id":"https:\/\/chileentinieblas.cl\/pnj\/avenir-vermillion\/#primaryimage","url":"https:\/\/chileentinieblas.cl\/wp-content\/uploads\/2023\/12\/Maestro-Avenir.jpeg","contentUrl":"https:\/\/chileentinieblas.cl\/wp-content\/uploads\/2023\/12\/Maestro-Avenir.jpeg","width":1024,"height":1024,"caption":"Exarca del Coro Celestial"},{"@type":"BreadcrumbList","@id":"https:\/\/chileentinieblas.cl\/pnj\/avenir-vermillion\/#breadcrumb","itemListElement":[{"@type":"ListItem","position":1,"name":"Portada","item":"https:\/\/chileentinieblas.cl\/"},{"@type":"ListItem","position":2,"name":"PNJs","item":"https:\/\/chileentinieblas.cl\/pnj\/"},{"@type":"ListItem","position":3,"name":"Avenir Vermillion"}]},{"@type":"WebSite","@id":"https:\/\/chileentinieblas.cl\/#website","url":"https:\/\/chileentinieblas.cl\/","name":"Chile en Tinieblas","description":"Un servidor con mesas de rol de Mundo de Tinieblas","publisher":{"@id":"https:\/\/chileentinieblas.cl\/#organization"},"potentialAction":[{"@type":"SearchAction","target":{"@type":"EntryPoint","urlTemplate":"https:\/\/chileentinieblas.cl\/?s={search_term_string}"},"query-input":{"@type":"PropertyValueSpecification","valueRequired":true,"valueName":"search_term_string"}}],"inLanguage":"en-US"},{"@type":"Organization","@id":"https:\/\/chileentinieblas.cl\/#organization","name":"Chile en Tinieblas","url":"https:\/\/chileentinieblas.cl\/","logo":{"@type":"ImageObject","inLanguage":"en-US","@id":"https:\/\/chileentinieblas.cl\/#\/schema\/logo\/image\/","url":"https:\/\/chileentinieblas.cl\/wp-content\/uploads\/2021\/12\/logo-cet-claro.png","contentUrl":"https:\/\/chileentinieblas.cl\/wp-content\/uploads\/2021\/12\/logo-cet-claro.png","width":1001,"height":1030,"caption":"Chile en Tinieblas"},"image":{"@id":"https:\/\/chileentinieblas.cl\/#\/schema\/logo\/image\/"},"sameAs":["https:\/\/www.facebook.com\/ChileenTinieblas","https:\/\/www.instagram.com\/chileentinieblas\/","https:\/\/www.youtube.com\/@chileentinieblas","https:\/\/www.tiktok.com\/@chileentinieblas"]}]}},"jetpack_sharing_enabled":true,"_links":{"self":[{"href":"https:\/\/chileentinieblas.cl\/en\/wp-json\/wp\/v2\/pnj\/4885","targetHints":{"allow":["GET"]}}],"collection":[{"href":"https:\/\/chileentinieblas.cl\/en\/wp-json\/wp\/v2\/pnj"}],"about":[{"href":"https:\/\/chileentinieblas.cl\/en\/wp-json\/wp\/v2\/types\/pnj"}],"author":[{"embeddable":true,"href":"https:\/\/chileentinieblas.cl\/en\/wp-json\/wp\/v2\/users\/6"}],"wp:featuredmedia":[{"embeddable":true,"href":"https:\/\/chileentinieblas.cl\/en\/wp-json\/wp\/v2\/media\/4886"}],"wp:attachment":[{"href":"https:\/\/chileentinieblas.cl\/en\/wp-json\/wp\/v2\/media?parent=4885"}],"wp:term":[{"taxonomy":"post_tag","embeddable":true,"href":"https:\/\/chileentinieblas.cl\/en\/wp-json\/wp\/v2\/tags?post=4885"},{"taxonomy":"faccion","embeddable":true,"href":"https:\/\/chileentinieblas.cl\/en\/wp-json\/wp\/v2\/faccion?post=4885"}],"curies":[{"name":"wp","href":"https:\/\/api.w.org\/{rel}","templated":true}]}}

<p class="wp-block-paragraph">Avenir Vermillion Exarca del Coro Celestial en la Region del Bio Bio, líder de la cábala El Amanecer Dorado. En su juventud, trabajó como bibliotecario en la Universidad de Concepción, donde descubrió su Despertar y formó su cábala con otros tres magos de diferentes Tradiciones: Aytan Voger, un nómada de los bosques; Cassandra Price, una Eutanatos heralda de la diosa de la fortuna y pariente de la influyente familia Price; y Klaus Macaya, un investigador de la Orden de Hermes buscador de la simetría sagrada. Juntos, exploraron el flujo de las líneas ley, las corrientes de energía que atraviesan el mundo, y aprendieron a manipularlas con su voluntad. Construyeron un refugio en las &#8220;sombras&#8221; de un lugar conocido como “El castillo del Diablo” en Talcahuano, al que llamaron Casona, allí se recibirían a otros magos que buscaban conocimiento o protección.</p>



<p class="wp-block-paragraph">Sin embargo, su tranquilidad se vio interrumpida por el golpe militar de 1973, que instauró una dictadura cívico-militar que reprimió brutalmente a cualquier disidente. La Tecnocracia, aprovechó la situación para cazar a los Despertados de la ciudad, acusándolos de subversivos o terroristas. Avenir y su cábala se vieron obligados a huir de la universidad, donde fueron atacados por agentes del Nuevo Orden Mundial. Muchos magos, desde recién despertados hasta maestros, cayeron en el camino o fueron capturados y torturados, si embargo ayudo a todos los que pudo sin tomar en cuenta la tradición a la cual pertenecían, lo que lo llevo a ganarse un gran respeto y renombre entre los magos de la ciudad.</p>



<p class="wp-block-paragraph"></p>

actualmente A pesar de su edad avanzada, es un hábil maestro de Cardinal, la esfera que le permitía comprender y manipular la energía en todas sus formas, incluyendo la creación misma. Su rostro es delgado y arrugado, con una barba canosa y unos ojos azules que reflejaban su determinación.

<!-- This site is optimized with the Yoast SEO plugin v28.4 - https://yoast.com/product/yoast-seo-wordpress/ -->
<title>Avenir Vermillion - Chile en Tinieblas</title>
<meta name="robots" content="index, follow, max-snippet:-1, max-image-preview:large, max-video-preview:-1" />
<link rel="canonical" href="https://chileentinieblas.cl/en/pnj/avenir-vermillion/" />
<meta property="og:locale" content="en_US" />
<meta property="og:type" content="article" />
<meta property="og:title" content="Avenir Vermillion - Chile en Tinieblas" />
<meta property="og:description" content="Avenir Vermillion Exarca del Coro Celestial en la Region del Bio Bio, líder de la cábala El Amanecer Dorado. En su juventud, trabajó como bibliotecario en la Universidad de Concepción, donde descubrió su Despertar y formó su cábala con otros tres magos de diferentes Tradiciones: Aytan Voger, un nómada de los bosques; Cassandra Price, una [&hellip;]" />
<meta property="og:url" content="https://chileentinieblas.cl/en/pnj/avenir-vermillion/" />
<meta property="og:site_name" content="Chile en Tinieblas" />
<meta property="article:publisher" content="https://www.facebook.com/ChileenTinieblas" />
<meta property="article:modified_time" content="2024-07-27T03:56:15+00:00" />
<meta property="og:image" content="https://chileentinieblas.cl/wp-content/uploads/2023/12/Maestro-Avenir.jpeg" />
	<meta property="og:image:width" content="1024" />
	<meta property="og:image:height" content="1024" />
	<meta property="og:image:type" content="image/jpeg" />
<meta name="twitter:card" content="summary_large_image" />
<meta name="twitter:label1" content="Est. reading time" />
	<meta name="twitter:data1" content="1 minute" />
<script type="application/ld+json" class="yoast-schema-graph">{"@context":"https:\/\/schema.org","@graph":[{"@type":"WebPage","@id":"https:\/\/chileentinieblas.cl\/pnj\/avenir-vermillion\/","url":"https:\/\/chileentinieblas.cl\/pnj\/avenir-vermillion\/","name":"Avenir Vermillion - Chile en Tinieblas","isPartOf":{"@id":"https:\/\/chileentinieblas.cl\/#website"},"primaryImageOfPage":{"@id":"https:\/\/chileentinieblas.cl\/pnj\/avenir-vermillion\/#primaryimage"},"image":{"@id":"https:\/\/chileentinieblas.cl\/pnj\/avenir-vermillion\/#primaryimage"},"thumbnailUrl":"https:\/\/chileentinieblas.cl\/wp-content\/uploads\/2023\/12\/Maestro-Avenir.jpeg","datePublished":"2023-12-02T01:27:17+00:00","dateModified":"2024-07-27T03:56:15+00:00","breadcrumb":{"@id":"https:\/\/chileentinieblas.cl\/pnj\/avenir-vermillion\/#breadcrumb"},"inLanguage":"en-US","potentialAction":[{"@type":"ReadAction","target":["https:\/\/chileentinieblas.cl\/pnj\/avenir-vermillion\/"]}]},{"@type":"ImageObject","inLanguage":"en-US","@id":"https:\/\/chileentinieblas.cl\/pnj\/avenir-vermillion\/#primaryimage","url":"https:\/\/chileentinieblas.cl\/wp-content\/uploads\/2023\/12\/Maestro-Avenir.jpeg","contentUrl":"https:\/\/chileentinieblas.cl\/wp-content\/uploads\/2023\/12\/Maestro-Avenir.jpeg","width":1024,"height":1024,"caption":"Exarca del Coro Celestial"},{"@type":"BreadcrumbList","@id":"https:\/\/chileentinieblas.cl\/pnj\/avenir-vermillion\/#breadcrumb","itemListElement":[{"@type":"ListItem","position":1,"name":"Portada","item":"https:\/\/chileentinieblas.cl\/"},{"@type":"ListItem","position":2,"name":"PNJs","item":"https:\/\/chileentinieblas.cl\/pnj\/"},{"@type":"ListItem","position":3,"name":"Avenir Vermillion"}]},{"@type":"WebSite","@id":"https:\/\/chileentinieblas.cl\/#website","url":"https:\/\/chileentinieblas.cl\/","name":"Chile en Tinieblas","description":"Un servidor con mesas de rol de Mundo de Tinieblas","publisher":{"@id":"https:\/\/chileentinieblas.cl\/#organization"},"potentialAction":[{"@type":"SearchAction","target":{"@type":"EntryPoint","urlTemplate":"https:\/\/chileentinieblas.cl\/?s={search_term_string}"},"query-input":{"@type":"PropertyValueSpecification","valueRequired":true,"valueName":"search_term_string"}}],"inLanguage":"en-US"},{"@type":"Organization","@id":"https:\/\/chileentinieblas.cl\/#organization","name":"Chile en Tinieblas","url":"https:\/\/chileentinieblas.cl\/","logo":{"@type":"ImageObject","inLanguage":"en-US","@id":"https:\/\/chileentinieblas.cl\/#\/schema\/logo\/image\/","url":"https:\/\/chileentinieblas.cl\/wp-content\/uploads\/2021\/12\/logo-cet-claro.png","contentUrl":"https:\/\/chileentinieblas.cl\/wp-content\/uploads\/2021\/12\/logo-cet-claro.png","width":1001,"height":1030,"caption":"Chile en Tinieblas"},"image":{"@id":"https:\/\/chileentinieblas.cl\/#\/schema\/logo\/image\/"},"sameAs":["https:\/\/www.facebook.com\/ChileenTinieblas","https:\/\/www.instagram.com\/chileentinieblas\/","https:\/\/www.youtube.com\/@chileentinieblas","https:\/\/www.tiktok.com\/@chileentinieblas"]}]}</script>
<!-- / Yoast SEO plugin. -->

Avenir Vermillion Exarca del Coro Celestial en la Region del Bio Bio, líder de la cábala El Amanecer Dorado. En su juventud, trabajó como bibliotecario en la Universidad de Concepción, donde descubrió su Despertar y formó su cábala con otros tres magos de diferentes Tradiciones: Aytan Voger, un nómada de los bosques; Cassandra Price, una [&hellip;]
