{"id":4148,"date":"2023-06-03T04:39:48","date_gmt":"2023-06-03T04:39:48","guid":{"rendered":"https:\/\/chileentinieblas.cl\/?post_type=pnj&#038;p=4148"},"modified":"2024-07-29T19:41:08","modified_gmt":"2024-07-29T19:41:08","slug":"keynote-maestra-del-aullido-digital","status":"publish","type":"pnj","link":"https:\/\/chileentinieblas.cl\/en\/pnj\/keynote-maestra-del-aullido-digital\/","title":{"rendered":"Keynote"},"content":{"rendered":"<h2 class=\"wp-block-heading\">Maestra del Aullido Digital<\/h2>\n\n\n\n<p class=\"wp-block-paragraph\">La Galliard Adren de la Torre Vigilante que lleva el titulo de maestra del aullido es sin duda una Garou muy ocupada. Keynote se ha hecho un nombre entre los Moradores del Cristal de Chile y Sudamerica gracias a sus grandes registros y relatos encriptados espiritualmente que se han dado a conocer en los multiples clanes del continente. Instruida de forma oportuna por Abraham Senerman, quien es uno de los Moradores del Cristal Chilenos m\u00e1s influyente en la sociedad humana, Keynote se dedico a trabajar en el \u00e1rea de comunicaci\u00f3n de sus empresas, generando las grandes redes de apoyo que hoy en d\u00eda los Senerman manejan para tener una comunicaci\u00f3n segura y fluida con los otros clanes de Moradores que apoyan a la Torre Vigilante desde EEUU. Keynote se ha encargado de transmitir este conocimiento a cada Galliard que llega al clan para que asi, los grandes relatos de los defensores de Gaia en Santiago y Chile mantengan el estatus que necesitan para recibir los recursos necesarios y defender el territorio. Fuera de su trabajo dentro del T\u00famulo, Keynote se ha encargado de varias operaciones de asesinato a empresarios corruptos y cultistas del Wyrm que intentan penetrar las barreras de los Garous urbanos de la torre, tent\u00e1ndolos con su labia y belleza a las trampas en donde ella junto a su manada destrozan a sus enemigos.<\/p>","protected":false},"author":8,"featured_media":4150,"template":"","tags":[89],"faccion":[52,140,68],"class_list":["post-4148","pnj","type-pnj","status-publish","has-post-thumbnail","hentry","tag-clan-de-la-torre-vigilante","faccion-hombre-lobo-el-apocalipsis","faccion-moradores-del-cristal","faccion-nacion-garou"],"acf":{"fecha":"1978 - Presente","estatus":"Activo","ficha_del_personaje":"","aspecto":"Atractiva y con rasgos Caucasicos, viste casi siempre con atuendo ejecutivo, pantal\u00f3n y a veces falda. Por lo general porta una Tablet la cual es su fetiche mas utilizado para mantener el orden en las comunicaciones del t\u00famulo. en forma Crinos es una Garou con pelo casta\u00f1o rojizo moteado con gris, delgada y tonificada, con una gran mandibula y una cicatriz de un corte profuso en todo su torso medio.","interpretacion":"Fria con quienes conoce por primera vez, pero con una labia y vocabulario increiblemente variado, es una Garou preparada para debatir y hablar de casi cualquier tema, ya que ha leido muchas historias y a vivido muchas otras en Santiago y otras partes de America. Sabe 3 idiomas y tiene bastante paciencia con los jovenes pero por lo general esta apurada y tiene urgencia de que las cosas sean puntuales. Cuando la sacan de sus cabales muestra su lado explosivamente apasionado ya sea en aspectos positivos como el relatar las historias mas magnificas de los Garous urbanos asi como en el aspecto negativo mostrar sus colmillos y amenazar a quien sea que ponga en peligro su integridad y la de los suyos.","informacion_privada":"","mapa_de_kumu_u_otro_embed":null},"yoast_head":"<!-- This site is optimized with the Yoast SEO plugin v28.4 - https:\/\/yoast.com\/product\/yoast-seo-wordpress\/ -->\n<title>Keynote - Chile en Tinieblas<\/title>\n<meta name=\"robots\" content=\"index, follow, max-snippet:-1, max-image-preview:large, max-video-preview:-1\" \/>\n<link rel=\"canonical\" href=\"https:\/\/chileentinieblas.cl\/en\/pnj\/keynote-maestra-del-aullido-digital\/\" \/>\n<meta property=\"og:locale\" content=\"en_US\" \/>\n<meta property=\"og:type\" content=\"article\" \/>\n<meta property=\"og:title\" content=\"Keynote - Chile en Tinieblas\" \/>\n<meta property=\"og:description\" content=\"Maestra del Aullido Digital La Galliard Adren de la Torre Vigilante que lleva el titulo de maestra del aullido es sin duda una Garou muy ocupada. Keynote se ha hecho un nombre entre los Moradores del Cristal de Chile y Sudamerica gracias a sus grandes registros y relatos encriptados espiritualmente que se han dado a [&hellip;]\" \/>\n<meta property=\"og:url\" content=\"https:\/\/chileentinieblas.cl\/en\/pnj\/keynote-maestra-del-aullido-digital\/\" \/>\n<meta property=\"og:site_name\" content=\"Chile en Tinieblas\" \/>\n<meta property=\"article:publisher\" content=\"https:\/\/www.facebook.com\/ChileenTinieblas\" \/>\n<meta property=\"article:modified_time\" content=\"2024-07-29T19:41:08+00:00\" \/>\n<meta property=\"og:image\" content=\"https:\/\/chileentinieblas.cl\/wp-content\/uploads\/2023\/06\/Captura-de-pantalla-2023-06-03-a-las-00.45.24.png\" \/>\n\t<meta property=\"og:image:width\" content=\"1244\" \/>\n\t<meta property=\"og:image:height\" content=\"1224\" \/>\n\t<meta property=\"og:image:type\" content=\"image\/png\" \/>\n<meta name=\"twitter:card\" content=\"summary_large_image\" \/>\n<meta name=\"twitter:label1\" content=\"Est. reading time\" \/>\n\t<meta name=\"twitter:data1\" content=\"1 minute\" \/>\n<script type=\"application\/ld+json\" class=\"yoast-schema-graph\">{\"@context\":\"https:\\\/\\\/schema.org\",\"@graph\":[{\"@type\":\"WebPage\",\"@id\":\"https:\\\/\\\/chileentinieblas.cl\\\/pnj\\\/keynote-maestra-del-aullido-digital\\\/\",\"url\":\"https:\\\/\\\/chileentinieblas.cl\\\/pnj\\\/keynote-maestra-del-aullido-digital\\\/\",\"name\":\"Keynote - Chile en Tinieblas\",\"isPartOf\":{\"@id\":\"https:\\\/\\\/chileentinieblas.cl\\\/#website\"},\"primaryImageOfPage\":{\"@id\":\"https:\\\/\\\/chileentinieblas.cl\\\/pnj\\\/keynote-maestra-del-aullido-digital\\\/#primaryimage\"},\"image\":{\"@id\":\"https:\\\/\\\/chileentinieblas.cl\\\/pnj\\\/keynote-maestra-del-aullido-digital\\\/#primaryimage\"},\"thumbnailUrl\":\"https:\\\/\\\/chileentinieblas.cl\\\/wp-content\\\/uploads\\\/2023\\\/06\\\/Captura-de-pantalla-2023-06-03-a-las-00.45.24.png\",\"datePublished\":\"2023-06-03T04:39:48+00:00\",\"dateModified\":\"2024-07-29T19:41:08+00:00\",\"breadcrumb\":{\"@id\":\"https:\\\/\\\/chileentinieblas.cl\\\/pnj\\\/keynote-maestra-del-aullido-digital\\\/#breadcrumb\"},\"inLanguage\":\"en-US\",\"potentialAction\":[{\"@type\":\"ReadAction\",\"target\":[\"https:\\\/\\\/chileentinieblas.cl\\\/pnj\\\/keynote-maestra-del-aullido-digital\\\/\"]}]},{\"@type\":\"ImageObject\",\"inLanguage\":\"en-US\",\"@id\":\"https:\\\/\\\/chileentinieblas.cl\\\/pnj\\\/keynote-maestra-del-aullido-digital\\\/#primaryimage\",\"url\":\"https:\\\/\\\/chileentinieblas.cl\\\/wp-content\\\/uploads\\\/2023\\\/06\\\/Captura-de-pantalla-2023-06-03-a-las-00.45.24.png\",\"contentUrl\":\"https:\\\/\\\/chileentinieblas.cl\\\/wp-content\\\/uploads\\\/2023\\\/06\\\/Captura-de-pantalla-2023-06-03-a-las-00.45.24.png\",\"width\":1244,\"height\":1224},{\"@type\":\"BreadcrumbList\",\"@id\":\"https:\\\/\\\/chileentinieblas.cl\\\/pnj\\\/keynote-maestra-del-aullido-digital\\\/#breadcrumb\",\"itemListElement\":[{\"@type\":\"ListItem\",\"position\":1,\"name\":\"Portada\",\"item\":\"https:\\\/\\\/chileentinieblas.cl\\\/\"},{\"@type\":\"ListItem\",\"position\":2,\"name\":\"PNJs\",\"item\":\"https:\\\/\\\/chileentinieblas.cl\\\/pnj\\\/\"},{\"@type\":\"ListItem\",\"position\":3,\"name\":\"Keynote\"}]},{\"@type\":\"WebSite\",\"@id\":\"https:\\\/\\\/chileentinieblas.cl\\\/#website\",\"url\":\"https:\\\/\\\/chileentinieblas.cl\\\/\",\"name\":\"Chile en Tinieblas\",\"description\":\"Un servidor con mesas de rol de Mundo de Tinieblas\",\"publisher\":{\"@id\":\"https:\\\/\\\/chileentinieblas.cl\\\/#organization\"},\"potentialAction\":[{\"@type\":\"SearchAction\",\"target\":{\"@type\":\"EntryPoint\",\"urlTemplate\":\"https:\\\/\\\/chileentinieblas.cl\\\/?s={search_term_string}\"},\"query-input\":{\"@type\":\"PropertyValueSpecification\",\"valueRequired\":true,\"valueName\":\"search_term_string\"}}],\"inLanguage\":\"en-US\"},{\"@type\":\"Organization\",\"@id\":\"https:\\\/\\\/chileentinieblas.cl\\\/#organization\",\"name\":\"Chile en Tinieblas\",\"url\":\"https:\\\/\\\/chileentinieblas.cl\\\/\",\"logo\":{\"@type\":\"ImageObject\",\"inLanguage\":\"en-US\",\"@id\":\"https:\\\/\\\/chileentinieblas.cl\\\/#\\\/schema\\\/logo\\\/image\\\/\",\"url\":\"https:\\\/\\\/chileentinieblas.cl\\\/wp-content\\\/uploads\\\/2021\\\/12\\\/logo-cet-claro.png\",\"contentUrl\":\"https:\\\/\\\/chileentinieblas.cl\\\/wp-content\\\/uploads\\\/2021\\\/12\\\/logo-cet-claro.png\",\"width\":1001,\"height\":1030,\"caption\":\"Chile en Tinieblas\"},\"image\":{\"@id\":\"https:\\\/\\\/chileentinieblas.cl\\\/#\\\/schema\\\/logo\\\/image\\\/\"},\"sameAs\":[\"https:\\\/\\\/www.facebook.com\\\/ChileenTinieblas\",\"https:\\\/\\\/www.instagram.com\\\/chileentinieblas\\\/\",\"https:\\\/\\\/www.youtube.com\\\/@chileentinieblas\",\"https:\\\/\\\/www.tiktok.com\\\/@chileentinieblas\"]}]}<\/script>\n<!-- \/ Yoast SEO plugin. -->","yoast_head_json":{"title":"Keynote - Chile en Tinieblas","robots":{"index":"index","follow":"follow","max-snippet":"max-snippet:-1","max-image-preview":"max-image-preview:large","max-video-preview":"max-video-preview:-1"},"canonical":"https:\/\/chileentinieblas.cl\/en\/pnj\/keynote-maestra-del-aullido-digital\/","og_locale":"en_US","og_type":"article","og_title":"Keynote - Chile en Tinieblas","og_description":"Maestra del Aullido Digital La Galliard Adren de la Torre Vigilante que lleva el titulo de maestra del aullido es sin duda una Garou muy ocupada. Keynote se ha hecho un nombre entre los Moradores del Cristal de Chile y Sudamerica gracias a sus grandes registros y relatos encriptados espiritualmente que se han dado a [&hellip;]","og_url":"https:\/\/chileentinieblas.cl\/en\/pnj\/keynote-maestra-del-aullido-digital\/","og_site_name":"Chile en Tinieblas","article_publisher":"https:\/\/www.facebook.com\/ChileenTinieblas","article_modified_time":"2024-07-29T19:41:08+00:00","og_image":[{"width":1244,"height":1224,"url":"https:\/\/chileentinieblas.cl\/wp-content\/uploads\/2023\/06\/Captura-de-pantalla-2023-06-03-a-las-00.45.24.png","type":"image\/png"}],"twitter_card":"summary_large_image","twitter_misc":{"Est. reading time":"1 minute"},"schema":{"@context":"https:\/\/schema.org","@graph":[{"@type":"WebPage","@id":"https:\/\/chileentinieblas.cl\/pnj\/keynote-maestra-del-aullido-digital\/","url":"https:\/\/chileentinieblas.cl\/pnj\/keynote-maestra-del-aullido-digital\/","name":"Keynote - Chile en Tinieblas","isPartOf":{"@id":"https:\/\/chileentinieblas.cl\/#website"},"primaryImageOfPage":{"@id":"https:\/\/chileentinieblas.cl\/pnj\/keynote-maestra-del-aullido-digital\/#primaryimage"},"image":{"@id":"https:\/\/chileentinieblas.cl\/pnj\/keynote-maestra-del-aullido-digital\/#primaryimage"},"thumbnailUrl":"https:\/\/chileentinieblas.cl\/wp-content\/uploads\/2023\/06\/Captura-de-pantalla-2023-06-03-a-las-00.45.24.png","datePublished":"2023-06-03T04:39:48+00:00","dateModified":"2024-07-29T19:41:08+00:00","breadcrumb":{"@id":"https:\/\/chileentinieblas.cl\/pnj\/keynote-maestra-del-aullido-digital\/#breadcrumb"},"inLanguage":"en-US","potentialAction":[{"@type":"ReadAction","target":["https:\/\/chileentinieblas.cl\/pnj\/keynote-maestra-del-aullido-digital\/"]}]},{"@type":"ImageObject","inLanguage":"en-US","@id":"https:\/\/chileentinieblas.cl\/pnj\/keynote-maestra-del-aullido-digital\/#primaryimage","url":"https:\/\/chileentinieblas.cl\/wp-content\/uploads\/2023\/06\/Captura-de-pantalla-2023-06-03-a-las-00.45.24.png","contentUrl":"https:\/\/chileentinieblas.cl\/wp-content\/uploads\/2023\/06\/Captura-de-pantalla-2023-06-03-a-las-00.45.24.png","width":1244,"height":1224},{"@type":"BreadcrumbList","@id":"https:\/\/chileentinieblas.cl\/pnj\/keynote-maestra-del-aullido-digital\/#breadcrumb","itemListElement":[{"@type":"ListItem","position":1,"name":"Portada","item":"https:\/\/chileentinieblas.cl\/"},{"@type":"ListItem","position":2,"name":"PNJs","item":"https:\/\/chileentinieblas.cl\/pnj\/"},{"@type":"ListItem","position":3,"name":"Keynote"}]},{"@type":"WebSite","@id":"https:\/\/chileentinieblas.cl\/#website","url":"https:\/\/chileentinieblas.cl\/","name":"Chile en Tinieblas","description":"Un servidor con mesas de rol de Mundo de Tinieblas","publisher":{"@id":"https:\/\/chileentinieblas.cl\/#organization"},"potentialAction":[{"@type":"SearchAction","target":{"@type":"EntryPoint","urlTemplate":"https:\/\/chileentinieblas.cl\/?s={search_term_string}"},"query-input":{"@type":"PropertyValueSpecification","valueRequired":true,"valueName":"search_term_string"}}],"inLanguage":"en-US"},{"@type":"Organization","@id":"https:\/\/chileentinieblas.cl\/#organization","name":"Chile en Tinieblas","url":"https:\/\/chileentinieblas.cl\/","logo":{"@type":"ImageObject","inLanguage":"en-US","@id":"https:\/\/chileentinieblas.cl\/#\/schema\/logo\/image\/","url":"https:\/\/chileentinieblas.cl\/wp-content\/uploads\/2021\/12\/logo-cet-claro.png","contentUrl":"https:\/\/chileentinieblas.cl\/wp-content\/uploads\/2021\/12\/logo-cet-claro.png","width":1001,"height":1030,"caption":"Chile en Tinieblas"},"image":{"@id":"https:\/\/chileentinieblas.cl\/#\/schema\/logo\/image\/"},"sameAs":["https:\/\/www.facebook.com\/ChileenTinieblas","https:\/\/www.instagram.com\/chileentinieblas\/","https:\/\/www.youtube.com\/@chileentinieblas","https:\/\/www.tiktok.com\/@chileentinieblas"]}]}},"jetpack_sharing_enabled":true,"_links":{"self":[{"href":"https:\/\/chileentinieblas.cl\/en\/wp-json\/wp\/v2\/pnj\/4148","targetHints":{"allow":["GET"]}}],"collection":[{"href":"https:\/\/chileentinieblas.cl\/en\/wp-json\/wp\/v2\/pnj"}],"about":[{"href":"https:\/\/chileentinieblas.cl\/en\/wp-json\/wp\/v2\/types\/pnj"}],"author":[{"embeddable":true,"href":"https:\/\/chileentinieblas.cl\/en\/wp-json\/wp\/v2\/users\/8"}],"wp:featuredmedia":[{"embeddable":true,"href":"https:\/\/chileentinieblas.cl\/en\/wp-json\/wp\/v2\/media\/4150"}],"wp:attachment":[{"href":"https:\/\/chileentinieblas.cl\/en\/wp-json\/wp\/v2\/media?parent=4148"}],"wp:term":[{"taxonomy":"post_tag","embeddable":true,"href":"https:\/\/chileentinieblas.cl\/en\/wp-json\/wp\/v2\/tags?post=4148"},{"taxonomy":"faccion","embeddable":true,"href":"https:\/\/chileentinieblas.cl\/en\/wp-json\/wp\/v2\/faccion?post=4148"}],"curies":[{"name":"wp","href":"https:\/\/api.w.org\/{rel}","templated":true}]}}

<h2 class="wp-block-heading">Maestra del Aullido Digital</h2>



<p class="wp-block-paragraph">La Galliard Adren de la Torre Vigilante que lleva el titulo de maestra del aullido es sin duda una Garou muy ocupada. Keynote se ha hecho un nombre entre los Moradores del Cristal de Chile y Sudamerica gracias a sus grandes registros y relatos encriptados espiritualmente que se han dado a conocer en los multiples clanes del continente. Instruida de forma oportuna por Abraham Senerman, quien es uno de los Moradores del Cristal Chilenos más influyente en la sociedad humana, Keynote se dedico a trabajar en el área de comunicación de sus empresas, generando las grandes redes de apoyo que hoy en día los Senerman manejan para tener una comunicación segura y fluida con los otros clanes de Moradores que apoyan a la Torre Vigilante desde EEUU. Keynote se ha encargado de transmitir este conocimiento a cada Galliard que llega al clan para que asi, los grandes relatos de los defensores de Gaia en Santiago y Chile mantengan el estatus que necesitan para recibir los recursos necesarios y defender el territorio. Fuera de su trabajo dentro del Túmulo, Keynote se ha encargado de varias operaciones de asesinato a empresarios corruptos y cultistas del Wyrm que intentan penetrar las barreras de los Garous urbanos de la torre, tentándolos con su labia y belleza a las trampas en donde ella junto a su manada destrozan a sus enemigos.</p>

Atractiva y con rasgos Caucasicos, viste casi siempre con atuendo ejecutivo, pantalón y a veces falda. Por lo general porta una Tablet la cual es su fetiche mas utilizado para mantener el orden en las comunicaciones del túmulo. en forma Crinos es una Garou con pelo castaño rojizo moteado con gris, delgada y tonificada, con una gran mandibula y una cicatriz de un corte profuso en todo su torso medio.
