{"id":4145,"date":"2023-06-02T05:32:24","date_gmt":"2023-06-02T05:32:24","guid":{"rendered":"https:\/\/chileentinieblas.cl\/?post_type=pnj&#038;p=4145"},"modified":"2024-07-29T19:41:08","modified_gmt":"2024-07-29T19:41:08","slug":"leonel-lienlaf-la-voz-del-pewma","status":"publish","type":"pnj","link":"https:\/\/chileentinieblas.cl\/en\/pnj\/leonel-lienlaf-la-voz-del-pewma\/","title":{"rendered":"Leonel Lienlaf"},"content":{"rendered":"<h2 class=\"wp-block-heading\">&#8220;La Voz del Pewma&#8221;<\/h2>\n\n\n\n<p class=\"wp-block-paragraph\">El afamado poeta mapuche que ha dado la vuelta por Sudam\u00e9rica en realidad es uno de los \u00faltimos Kulpewche de la casta de los <strong>Ngur\u00fc Gris<\/strong>. Haciendose del renombre suficiente entre humanos y el mism\u00edsimo <strong>Kulpew<\/strong>, a sus 66 a\u00f1os ha alcanzado uno de los mas altos rangos entregados por el rostro del embaucador, permiti\u00e9ndole pasar desapercibido entre los Garous y otras criaturas sobrenaturales que ha conocido a trav\u00e9s de su historia. Desde hace d\u00e9cadas, su tarea esta dedicada a recopilar las historias relevantes a los mundos sobrenaturales de los pueblos originarios de Sudam\u00e9rica y Chile, dandole nueva vida al llamado &#8220;Sue\u00f1o&#8221; creador que los mapuche y otras culturas llaman <em><strong>Pewma<\/strong><\/em>, el cual ejerce el poder sobre sus poemas y canciones que escribe en relaci\u00f3n sobre las historias sobrenaturales que descubre en sus viajes, esto con la esperanza de que algun d\u00eda la luna perdone a los embaucadores de su error original.<\/p>","protected":false},"author":8,"featured_media":4146,"template":"","tags":[],"faccion":[52,138,69],"class_list":["post-4145","pnj","type-pnj","status-publish","has-post-thumbnail","hentry","faccion-hombre-lobo-el-apocalipsis","faccion-kulpewche","faccion-razas-cambiantes"],"acf":{"fecha":"1959 - Presente","estatus":"Activo","ficha_del_personaje":"","aspecto":"","interpretacion":"","informacion_privada":"","mapa_de_kumu_u_otro_embed":null},"yoast_head":"<!-- This site is optimized with the Yoast SEO plugin v28.4 - https:\/\/yoast.com\/product\/yoast-seo-wordpress\/ -->\n<title>Leonel Lienlaf - Chile en Tinieblas<\/title>\n<meta name=\"robots\" content=\"index, follow, max-snippet:-1, max-image-preview:large, max-video-preview:-1\" \/>\n<link rel=\"canonical\" href=\"https:\/\/chileentinieblas.cl\/en\/pnj\/leonel-lienlaf-la-voz-del-pewma\/\" \/>\n<meta property=\"og:locale\" content=\"en_US\" \/>\n<meta property=\"og:type\" content=\"article\" \/>\n<meta property=\"og:title\" content=\"Leonel Lienlaf - Chile en Tinieblas\" \/>\n<meta property=\"og:description\" content=\"&#8220;La Voz del Pewma&#8221; El afamado poeta mapuche que ha dado la vuelta por Sudam\u00e9rica en realidad es uno de los \u00faltimos Kulpewche de la casta de los Ngur\u00fc Gris. Haciendose del renombre suficiente entre humanos y el mism\u00edsimo Kulpew, a sus 66 a\u00f1os ha alcanzado uno de los mas altos rangos entregados por el [&hellip;]\" \/>\n<meta property=\"og:url\" content=\"https:\/\/chileentinieblas.cl\/en\/pnj\/leonel-lienlaf-la-voz-del-pewma\/\" \/>\n<meta property=\"og:site_name\" content=\"Chile en Tinieblas\" \/>\n<meta property=\"article:publisher\" content=\"https:\/\/www.facebook.com\/ChileenTinieblas\" \/>\n<meta property=\"article:modified_time\" content=\"2024-07-29T19:41:08+00:00\" \/>\n<meta property=\"og:image\" content=\"https:\/\/chileentinieblas.cl\/wp-content\/uploads\/2023\/06\/Captura-de-pantalla-2023-06-02-a-las-01.22.29.png\" \/>\n\t<meta property=\"og:image:width\" content=\"1024\" \/>\n\t<meta property=\"og:image:height\" content=\"1025\" \/>\n\t<meta property=\"og:image:type\" content=\"image\/png\" \/>\n<meta name=\"twitter:card\" content=\"summary_large_image\" \/>\n<meta name=\"twitter:label1\" content=\"Est. reading time\" \/>\n\t<meta name=\"twitter:data1\" content=\"1 minute\" \/>\n<script type=\"application\/ld+json\" class=\"yoast-schema-graph\">{\"@context\":\"https:\\\/\\\/schema.org\",\"@graph\":[{\"@type\":\"WebPage\",\"@id\":\"https:\\\/\\\/chileentinieblas.cl\\\/pnj\\\/leonel-lienlaf-la-voz-del-pewma\\\/\",\"url\":\"https:\\\/\\\/chileentinieblas.cl\\\/pnj\\\/leonel-lienlaf-la-voz-del-pewma\\\/\",\"name\":\"Leonel Lienlaf - Chile en Tinieblas\",\"isPartOf\":{\"@id\":\"https:\\\/\\\/chileentinieblas.cl\\\/#website\"},\"primaryImageOfPage\":{\"@id\":\"https:\\\/\\\/chileentinieblas.cl\\\/pnj\\\/leonel-lienlaf-la-voz-del-pewma\\\/#primaryimage\"},\"image\":{\"@id\":\"https:\\\/\\\/chileentinieblas.cl\\\/pnj\\\/leonel-lienlaf-la-voz-del-pewma\\\/#primaryimage\"},\"thumbnailUrl\":\"https:\\\/\\\/chileentinieblas.cl\\\/wp-content\\\/uploads\\\/2023\\\/06\\\/Captura-de-pantalla-2023-06-02-a-las-01.22.29.png\",\"datePublished\":\"2023-06-02T05:32:24+00:00\",\"dateModified\":\"2024-07-29T19:41:08+00:00\",\"breadcrumb\":{\"@id\":\"https:\\\/\\\/chileentinieblas.cl\\\/pnj\\\/leonel-lienlaf-la-voz-del-pewma\\\/#breadcrumb\"},\"inLanguage\":\"en-US\",\"potentialAction\":[{\"@type\":\"ReadAction\",\"target\":[\"https:\\\/\\\/chileentinieblas.cl\\\/pnj\\\/leonel-lienlaf-la-voz-del-pewma\\\/\"]}]},{\"@type\":\"ImageObject\",\"inLanguage\":\"en-US\",\"@id\":\"https:\\\/\\\/chileentinieblas.cl\\\/pnj\\\/leonel-lienlaf-la-voz-del-pewma\\\/#primaryimage\",\"url\":\"https:\\\/\\\/chileentinieblas.cl\\\/wp-content\\\/uploads\\\/2023\\\/06\\\/Captura-de-pantalla-2023-06-02-a-las-01.22.29.png\",\"contentUrl\":\"https:\\\/\\\/chileentinieblas.cl\\\/wp-content\\\/uploads\\\/2023\\\/06\\\/Captura-de-pantalla-2023-06-02-a-las-01.22.29.png\",\"width\":1024,\"height\":1025},{\"@type\":\"BreadcrumbList\",\"@id\":\"https:\\\/\\\/chileentinieblas.cl\\\/pnj\\\/leonel-lienlaf-la-voz-del-pewma\\\/#breadcrumb\",\"itemListElement\":[{\"@type\":\"ListItem\",\"position\":1,\"name\":\"Portada\",\"item\":\"https:\\\/\\\/chileentinieblas.cl\\\/\"},{\"@type\":\"ListItem\",\"position\":2,\"name\":\"PNJs\",\"item\":\"https:\\\/\\\/chileentinieblas.cl\\\/pnj\\\/\"},{\"@type\":\"ListItem\",\"position\":3,\"name\":\"Leonel Lienlaf\"}]},{\"@type\":\"WebSite\",\"@id\":\"https:\\\/\\\/chileentinieblas.cl\\\/#website\",\"url\":\"https:\\\/\\\/chileentinieblas.cl\\\/\",\"name\":\"Chile en Tinieblas\",\"description\":\"Un servidor con mesas de rol de Mundo de Tinieblas\",\"publisher\":{\"@id\":\"https:\\\/\\\/chileentinieblas.cl\\\/#organization\"},\"potentialAction\":[{\"@type\":\"SearchAction\",\"target\":{\"@type\":\"EntryPoint\",\"urlTemplate\":\"https:\\\/\\\/chileentinieblas.cl\\\/?s={search_term_string}\"},\"query-input\":{\"@type\":\"PropertyValueSpecification\",\"valueRequired\":true,\"valueName\":\"search_term_string\"}}],\"inLanguage\":\"en-US\"},{\"@type\":\"Organization\",\"@id\":\"https:\\\/\\\/chileentinieblas.cl\\\/#organization\",\"name\":\"Chile en Tinieblas\",\"url\":\"https:\\\/\\\/chileentinieblas.cl\\\/\",\"logo\":{\"@type\":\"ImageObject\",\"inLanguage\":\"en-US\",\"@id\":\"https:\\\/\\\/chileentinieblas.cl\\\/#\\\/schema\\\/logo\\\/image\\\/\",\"url\":\"https:\\\/\\\/chileentinieblas.cl\\\/wp-content\\\/uploads\\\/2021\\\/12\\\/logo-cet-claro.png\",\"contentUrl\":\"https:\\\/\\\/chileentinieblas.cl\\\/wp-content\\\/uploads\\\/2021\\\/12\\\/logo-cet-claro.png\",\"width\":1001,\"height\":1030,\"caption\":\"Chile en Tinieblas\"},\"image\":{\"@id\":\"https:\\\/\\\/chileentinieblas.cl\\\/#\\\/schema\\\/logo\\\/image\\\/\"},\"sameAs\":[\"https:\\\/\\\/www.facebook.com\\\/ChileenTinieblas\",\"https:\\\/\\\/www.instagram.com\\\/chileentinieblas\\\/\",\"https:\\\/\\\/www.youtube.com\\\/@chileentinieblas\",\"https:\\\/\\\/www.tiktok.com\\\/@chileentinieblas\"]}]}<\/script>\n<!-- \/ Yoast SEO plugin. -->","yoast_head_json":{"title":"Leonel Lienlaf - Chile en Tinieblas","robots":{"index":"index","follow":"follow","max-snippet":"max-snippet:-1","max-image-preview":"max-image-preview:large","max-video-preview":"max-video-preview:-1"},"canonical":"https:\/\/chileentinieblas.cl\/en\/pnj\/leonel-lienlaf-la-voz-del-pewma\/","og_locale":"en_US","og_type":"article","og_title":"Leonel Lienlaf - Chile en Tinieblas","og_description":"&#8220;La Voz del Pewma&#8221; El afamado poeta mapuche que ha dado la vuelta por Sudam\u00e9rica en realidad es uno de los \u00faltimos Kulpewche de la casta de los Ngur\u00fc Gris. Haciendose del renombre suficiente entre humanos y el mism\u00edsimo Kulpew, a sus 66 a\u00f1os ha alcanzado uno de los mas altos rangos entregados por el [&hellip;]","og_url":"https:\/\/chileentinieblas.cl\/en\/pnj\/leonel-lienlaf-la-voz-del-pewma\/","og_site_name":"Chile en Tinieblas","article_publisher":"https:\/\/www.facebook.com\/ChileenTinieblas","article_modified_time":"2024-07-29T19:41:08+00:00","og_image":[{"width":1024,"height":1025,"url":"https:\/\/chileentinieblas.cl\/wp-content\/uploads\/2023\/06\/Captura-de-pantalla-2023-06-02-a-las-01.22.29.png","type":"image\/png"}],"twitter_card":"summary_large_image","twitter_misc":{"Est. reading time":"1 minute"},"schema":{"@context":"https:\/\/schema.org","@graph":[{"@type":"WebPage","@id":"https:\/\/chileentinieblas.cl\/pnj\/leonel-lienlaf-la-voz-del-pewma\/","url":"https:\/\/chileentinieblas.cl\/pnj\/leonel-lienlaf-la-voz-del-pewma\/","name":"Leonel Lienlaf - Chile en Tinieblas","isPartOf":{"@id":"https:\/\/chileentinieblas.cl\/#website"},"primaryImageOfPage":{"@id":"https:\/\/chileentinieblas.cl\/pnj\/leonel-lienlaf-la-voz-del-pewma\/#primaryimage"},"image":{"@id":"https:\/\/chileentinieblas.cl\/pnj\/leonel-lienlaf-la-voz-del-pewma\/#primaryimage"},"thumbnailUrl":"https:\/\/chileentinieblas.cl\/wp-content\/uploads\/2023\/06\/Captura-de-pantalla-2023-06-02-a-las-01.22.29.png","datePublished":"2023-06-02T05:32:24+00:00","dateModified":"2024-07-29T19:41:08+00:00","breadcrumb":{"@id":"https:\/\/chileentinieblas.cl\/pnj\/leonel-lienlaf-la-voz-del-pewma\/#breadcrumb"},"inLanguage":"en-US","potentialAction":[{"@type":"ReadAction","target":["https:\/\/chileentinieblas.cl\/pnj\/leonel-lienlaf-la-voz-del-pewma\/"]}]},{"@type":"ImageObject","inLanguage":"en-US","@id":"https:\/\/chileentinieblas.cl\/pnj\/leonel-lienlaf-la-voz-del-pewma\/#primaryimage","url":"https:\/\/chileentinieblas.cl\/wp-content\/uploads\/2023\/06\/Captura-de-pantalla-2023-06-02-a-las-01.22.29.png","contentUrl":"https:\/\/chileentinieblas.cl\/wp-content\/uploads\/2023\/06\/Captura-de-pantalla-2023-06-02-a-las-01.22.29.png","width":1024,"height":1025},{"@type":"BreadcrumbList","@id":"https:\/\/chileentinieblas.cl\/pnj\/leonel-lienlaf-la-voz-del-pewma\/#breadcrumb","itemListElement":[{"@type":"ListItem","position":1,"name":"Portada","item":"https:\/\/chileentinieblas.cl\/"},{"@type":"ListItem","position":2,"name":"PNJs","item":"https:\/\/chileentinieblas.cl\/pnj\/"},{"@type":"ListItem","position":3,"name":"Leonel Lienlaf"}]},{"@type":"WebSite","@id":"https:\/\/chileentinieblas.cl\/#website","url":"https:\/\/chileentinieblas.cl\/","name":"Chile en Tinieblas","description":"Un servidor con mesas de rol de Mundo de Tinieblas","publisher":{"@id":"https:\/\/chileentinieblas.cl\/#organization"},"potentialAction":[{"@type":"SearchAction","target":{"@type":"EntryPoint","urlTemplate":"https:\/\/chileentinieblas.cl\/?s={search_term_string}"},"query-input":{"@type":"PropertyValueSpecification","valueRequired":true,"valueName":"search_term_string"}}],"inLanguage":"en-US"},{"@type":"Organization","@id":"https:\/\/chileentinieblas.cl\/#organization","name":"Chile en Tinieblas","url":"https:\/\/chileentinieblas.cl\/","logo":{"@type":"ImageObject","inLanguage":"en-US","@id":"https:\/\/chileentinieblas.cl\/#\/schema\/logo\/image\/","url":"https:\/\/chileentinieblas.cl\/wp-content\/uploads\/2021\/12\/logo-cet-claro.png","contentUrl":"https:\/\/chileentinieblas.cl\/wp-content\/uploads\/2021\/12\/logo-cet-claro.png","width":1001,"height":1030,"caption":"Chile en Tinieblas"},"image":{"@id":"https:\/\/chileentinieblas.cl\/#\/schema\/logo\/image\/"},"sameAs":["https:\/\/www.facebook.com\/ChileenTinieblas","https:\/\/www.instagram.com\/chileentinieblas\/","https:\/\/www.youtube.com\/@chileentinieblas","https:\/\/www.tiktok.com\/@chileentinieblas"]}]}},"jetpack_sharing_enabled":true,"_links":{"self":[{"href":"https:\/\/chileentinieblas.cl\/en\/wp-json\/wp\/v2\/pnj\/4145","targetHints":{"allow":["GET"]}}],"collection":[{"href":"https:\/\/chileentinieblas.cl\/en\/wp-json\/wp\/v2\/pnj"}],"about":[{"href":"https:\/\/chileentinieblas.cl\/en\/wp-json\/wp\/v2\/types\/pnj"}],"author":[{"embeddable":true,"href":"https:\/\/chileentinieblas.cl\/en\/wp-json\/wp\/v2\/users\/8"}],"wp:featuredmedia":[{"embeddable":true,"href":"https:\/\/chileentinieblas.cl\/en\/wp-json\/wp\/v2\/media\/4146"}],"wp:attachment":[{"href":"https:\/\/chileentinieblas.cl\/en\/wp-json\/wp\/v2\/media?parent=4145"}],"wp:term":[{"taxonomy":"post_tag","embeddable":true,"href":"https:\/\/chileentinieblas.cl\/en\/wp-json\/wp\/v2\/tags?post=4145"},{"taxonomy":"faccion","embeddable":true,"href":"https:\/\/chileentinieblas.cl\/en\/wp-json\/wp\/v2\/faccion?post=4145"}],"curies":[{"name":"wp","href":"https:\/\/api.w.org\/{rel}","templated":true}]}}

<h2 class="wp-block-heading">&#8220;La Voz del Pewma&#8221;</h2>



<p class="wp-block-paragraph">El afamado poeta mapuche que ha dado la vuelta por Sudamérica en realidad es uno de los últimos Kulpewche de la casta de los <strong>Ngurü Gris</strong>. Haciendose del renombre suficiente entre humanos y el mismísimo <strong>Kulpew</strong>, a sus 66 años ha alcanzado uno de los mas altos rangos entregados por el rostro del embaucador, permitiéndole pasar desapercibido entre los Garous y otras criaturas sobrenaturales que ha conocido a través de su historia. Desde hace décadas, su tarea esta dedicada a recopilar las historias relevantes a los mundos sobrenaturales de los pueblos originarios de Sudamérica y Chile, dandole nueva vida al llamado &#8220;Sueño&#8221; creador que los mapuche y otras culturas llaman <em><strong>Pewma</strong></em>, el cual ejerce el poder sobre sus poemas y canciones que escribe en relación sobre las historias sobrenaturales que descubre en sus viajes, esto con la esperanza de que algun día la luna perdone a los embaucadores de su error original.</p>

<!-- This site is optimized with the Yoast SEO plugin v28.4 - https://yoast.com/product/yoast-seo-wordpress/ -->
<title>Leonel Lienlaf - Chile en Tinieblas</title>
<meta name="robots" content="index, follow, max-snippet:-1, max-image-preview:large, max-video-preview:-1" />
<link rel="canonical" href="https://chileentinieblas.cl/en/pnj/leonel-lienlaf-la-voz-del-pewma/" />
<meta property="og:locale" content="en_US" />
<meta property="og:type" content="article" />
<meta property="og:title" content="Leonel Lienlaf - Chile en Tinieblas" />
<meta property="og:description" content="&#8220;La Voz del Pewma&#8221; El afamado poeta mapuche que ha dado la vuelta por Sudamérica en realidad es uno de los últimos Kulpewche de la casta de los Ngurü Gris. Haciendose del renombre suficiente entre humanos y el mismísimo Kulpew, a sus 66 años ha alcanzado uno de los mas altos rangos entregados por el [&hellip;]" />
<meta property="og:url" content="https://chileentinieblas.cl/en/pnj/leonel-lienlaf-la-voz-del-pewma/" />
<meta property="og:site_name" content="Chile en Tinieblas" />
<meta property="article:publisher" content="https://www.facebook.com/ChileenTinieblas" />
<meta property="article:modified_time" content="2024-07-29T19:41:08+00:00" />
<meta property="og:image" content="https://chileentinieblas.cl/wp-content/uploads/2023/06/Captura-de-pantalla-2023-06-02-a-las-01.22.29.png" />
	<meta property="og:image:width" content="1024" />
	<meta property="og:image:height" content="1025" />
	<meta property="og:image:type" content="image/png" />
<meta name="twitter:card" content="summary_large_image" />
<meta name="twitter:label1" content="Est. reading time" />
	<meta name="twitter:data1" content="1 minute" />
<script type="application/ld+json" class="yoast-schema-graph">{"@context":"https:\/\/schema.org","@graph":[{"@type":"WebPage","@id":"https:\/\/chileentinieblas.cl\/pnj\/leonel-lienlaf-la-voz-del-pewma\/","url":"https:\/\/chileentinieblas.cl\/pnj\/leonel-lienlaf-la-voz-del-pewma\/","name":"Leonel Lienlaf - Chile en Tinieblas","isPartOf":{"@id":"https:\/\/chileentinieblas.cl\/#website"},"primaryImageOfPage":{"@id":"https:\/\/chileentinieblas.cl\/pnj\/leonel-lienlaf-la-voz-del-pewma\/#primaryimage"},"image":{"@id":"https:\/\/chileentinieblas.cl\/pnj\/leonel-lienlaf-la-voz-del-pewma\/#primaryimage"},"thumbnailUrl":"https:\/\/chileentinieblas.cl\/wp-content\/uploads\/2023\/06\/Captura-de-pantalla-2023-06-02-a-las-01.22.29.png","datePublished":"2023-06-02T05:32:24+00:00","dateModified":"2024-07-29T19:41:08+00:00","breadcrumb":{"@id":"https:\/\/chileentinieblas.cl\/pnj\/leonel-lienlaf-la-voz-del-pewma\/#breadcrumb"},"inLanguage":"en-US","potentialAction":[{"@type":"ReadAction","target":["https:\/\/chileentinieblas.cl\/pnj\/leonel-lienlaf-la-voz-del-pewma\/"]}]},{"@type":"ImageObject","inLanguage":"en-US","@id":"https:\/\/chileentinieblas.cl\/pnj\/leonel-lienlaf-la-voz-del-pewma\/#primaryimage","url":"https:\/\/chileentinieblas.cl\/wp-content\/uploads\/2023\/06\/Captura-de-pantalla-2023-06-02-a-las-01.22.29.png","contentUrl":"https:\/\/chileentinieblas.cl\/wp-content\/uploads\/2023\/06\/Captura-de-pantalla-2023-06-02-a-las-01.22.29.png","width":1024,"height":1025},{"@type":"BreadcrumbList","@id":"https:\/\/chileentinieblas.cl\/pnj\/leonel-lienlaf-la-voz-del-pewma\/#breadcrumb","itemListElement":[{"@type":"ListItem","position":1,"name":"Portada","item":"https:\/\/chileentinieblas.cl\/"},{"@type":"ListItem","position":2,"name":"PNJs","item":"https:\/\/chileentinieblas.cl\/pnj\/"},{"@type":"ListItem","position":3,"name":"Leonel Lienlaf"}]},{"@type":"WebSite","@id":"https:\/\/chileentinieblas.cl\/#website","url":"https:\/\/chileentinieblas.cl\/","name":"Chile en Tinieblas","description":"Un servidor con mesas de rol de Mundo de Tinieblas","publisher":{"@id":"https:\/\/chileentinieblas.cl\/#organization"},"potentialAction":[{"@type":"SearchAction","target":{"@type":"EntryPoint","urlTemplate":"https:\/\/chileentinieblas.cl\/?s={search_term_string}"},"query-input":{"@type":"PropertyValueSpecification","valueRequired":true,"valueName":"search_term_string"}}],"inLanguage":"en-US"},{"@type":"Organization","@id":"https:\/\/chileentinieblas.cl\/#organization","name":"Chile en Tinieblas","url":"https:\/\/chileentinieblas.cl\/","logo":{"@type":"ImageObject","inLanguage":"en-US","@id":"https:\/\/chileentinieblas.cl\/#\/schema\/logo\/image\/","url":"https:\/\/chileentinieblas.cl\/wp-content\/uploads\/2021\/12\/logo-cet-claro.png","contentUrl":"https:\/\/chileentinieblas.cl\/wp-content\/uploads\/2021\/12\/logo-cet-claro.png","width":1001,"height":1030,"caption":"Chile en Tinieblas"},"image":{"@id":"https:\/\/chileentinieblas.cl\/#\/schema\/logo\/image\/"},"sameAs":["https:\/\/www.facebook.com\/ChileenTinieblas","https:\/\/www.instagram.com\/chileentinieblas\/","https:\/\/www.youtube.com\/@chileentinieblas","https:\/\/www.tiktok.com\/@chileentinieblas"]}]}</script>
<!-- / Yoast SEO plugin. -->

&#8220;La Voz del Pewma&#8221; El afamado poeta mapuche que ha dado la vuelta por Sudamérica en realidad es uno de los últimos Kulpewche de la casta de los Ngurü Gris. Haciendose del renombre suficiente entre humanos y el mismísimo Kulpew, a sus 66 años ha alcanzado uno de los mas altos rangos entregados por el [&hellip;]
