{"id":1703,"date":"2020-11-15T16:49:47","date_gmt":"2020-11-15T19:49:47","guid":{"rendered":"https:\/\/chileentinieblas.cl\/?post_type=personajes&#038;p=37"},"modified":"2024-07-29T19:41:09","modified_gmt":"2024-07-29T19:41:09","slug":"karen-mantis","status":"publish","type":"pnj","link":"https:\/\/chileentinieblas.cl\/en\/pnj\/karen-mantis\/","title":{"rendered":"Karen \u201cMantis\u201d"},"content":{"rendered":"<p class=\"wp-block-paragraph\">Karen se cri\u00f3 en una familia de mec\u00e1nicos e ingenieros que trabajaban en los talleres de la tecnocracia que ofrec\u00edan maquinarias para el estado cuando, a la edad de 6 a\u00f1os, el ataque de un grupo que se hac\u00eda llamar \u201cH\u00fasares de la muerte\u201d destruy\u00f3 y prendi\u00f3 fuego a sus talleres mientras ella y su familia se encontraban dentro. En pleno ataque fue un grupo de iteraci\u00f3n X quienes apenas lograron salvarla, perdiendo a sus padres en el proceso. Ella apenas lo recuerda pero su cuerpo guarda las consecuencias de dicho ataque.&nbsp; Desde ese entonces se dedic\u00f3 a buscar y ejecutar a los culpables, pero al ver que las armas tradicionales no eran eficaces contra los subversores, concentr\u00f3 todo su ingenio en fabricar armas m\u00e1s efectivas. El constante estudio y pr\u00e1ctica la convirtieron en una letal asesina dentro de las filas de la Uni\u00f3n, donde fue apodada de \u201cMantis\u201d. Con el tiempo se volvi\u00f3 una mujer fr\u00eda, calculadora.<\/p>\n\n\n\n<p class=\"wp-block-paragraph\">Al ser j\u00f3ven presenta un gran esp\u00edritu innovador aunque se ha tomado muy a pecho el movimiento de la m\u00e1quina. Su arma favorita es un francotirador experimental que puede localizar objetivos 3 veces m\u00e1s lejos que un francotirador com\u00fan y eliminarlo, sin embargo sigue siendo un modelo experimental y no ha podido replicarla. Sale a cumplir misiones solo cuando su habilidad es necesaria, el resto del tiempo se lo pasa en la facultad dise\u00f1ando cosas \u00fatiles para misiones de bajo rango.<\/p>","protected":false},"author":1,"featured_media":88,"template":"","tags":[18],"faccion":[14,51,21],"class_list":["post-1703","pnj","type-pnj","status-publish","has-post-thumbnail","hentry","tag-administradores-de-tiempo-movimiento","faccion-iteradores-x","faccion-mago-la-ascension","faccion-tecnocracia"],"acf":{"fecha":"1982 - Actualidad","estatus":"Activo","ficha_del_personaje":"","aspecto":"","interpretacion":"","rango":"3 - Especialista","informacion_privada":"","mapa_de_kumu_u_otro_embed":null},"yoast_head":"<!-- This site is optimized with the Yoast SEO plugin v28.4 - https:\/\/yoast.com\/product\/yoast-seo-wordpress\/ -->\n<title>Karen \u201cMantis\u201d - Chile en Tinieblas<\/title>\n<meta name=\"robots\" content=\"index, follow, max-snippet:-1, max-image-preview:large, max-video-preview:-1\" \/>\n<link rel=\"canonical\" href=\"https:\/\/chileentinieblas.cl\/en\/pnj\/karen-mantis\/\" \/>\n<meta property=\"og:locale\" content=\"en_US\" \/>\n<meta property=\"og:type\" content=\"article\" \/>\n<meta property=\"og:title\" content=\"Karen \u201cMantis\u201d - Chile en Tinieblas\" \/>\n<meta property=\"og:description\" content=\"Karen se cri\u00f3 en una familia de mec\u00e1nicos e ingenieros que trabajaban en los talleres de la tecnocracia que ofrec\u00edan maquinarias para el estado cuando, a la edad de 6 a\u00f1os, el ataque de un grupo que se hac\u00eda llamar \u201cH\u00fasares de la muerte\u201d destruy\u00f3 y prendi\u00f3 fuego a sus talleres mientras ella y su [&hellip;]\" \/>\n<meta property=\"og:url\" content=\"https:\/\/chileentinieblas.cl\/en\/pnj\/karen-mantis\/\" \/>\n<meta property=\"og:site_name\" content=\"Chile en Tinieblas\" \/>\n<meta property=\"article:publisher\" content=\"https:\/\/www.facebook.com\/ChileenTinieblas\" \/>\n<meta property=\"article:modified_time\" content=\"2024-07-29T19:41:09+00:00\" \/>\n<meta property=\"og:image\" content=\"https:\/\/chileentinieblas.cl\/wp-content\/uploads\/2020\/11\/unnamed-3.png\" \/>\n\t<meta property=\"og:image:width\" content=\"512\" \/>\n\t<meta property=\"og:image:height\" content=\"276\" \/>\n\t<meta property=\"og:image:type\" content=\"image\/png\" \/>\n<meta name=\"twitter:card\" content=\"summary_large_image\" \/>\n<meta name=\"twitter:label1\" content=\"Est. reading time\" \/>\n\t<meta name=\"twitter:data1\" content=\"1 minute\" \/>\n<script type=\"application\/ld+json\" class=\"yoast-schema-graph\">{\"@context\":\"https:\\\/\\\/schema.org\",\"@graph\":[{\"@type\":\"WebPage\",\"@id\":\"https:\\\/\\\/chileentinieblas.cl\\\/pnj\\\/karen-mantis\\\/\",\"url\":\"https:\\\/\\\/chileentinieblas.cl\\\/pnj\\\/karen-mantis\\\/\",\"name\":\"Karen \u201cMantis\u201d - Chile en Tinieblas\",\"isPartOf\":{\"@id\":\"https:\\\/\\\/chileentinieblas.cl\\\/#website\"},\"primaryImageOfPage\":{\"@id\":\"https:\\\/\\\/chileentinieblas.cl\\\/pnj\\\/karen-mantis\\\/#primaryimage\"},\"image\":{\"@id\":\"https:\\\/\\\/chileentinieblas.cl\\\/pnj\\\/karen-mantis\\\/#primaryimage\"},\"thumbnailUrl\":\"https:\\\/\\\/chileentinieblas.cl\\\/wp-content\\\/uploads\\\/2020\\\/11\\\/unnamed-3.png\",\"datePublished\":\"2020-11-15T19:49:47+00:00\",\"dateModified\":\"2024-07-29T19:41:09+00:00\",\"breadcrumb\":{\"@id\":\"https:\\\/\\\/chileentinieblas.cl\\\/pnj\\\/karen-mantis\\\/#breadcrumb\"},\"inLanguage\":\"en-US\",\"potentialAction\":[{\"@type\":\"ReadAction\",\"target\":[\"https:\\\/\\\/chileentinieblas.cl\\\/pnj\\\/karen-mantis\\\/\"]}]},{\"@type\":\"ImageObject\",\"inLanguage\":\"en-US\",\"@id\":\"https:\\\/\\\/chileentinieblas.cl\\\/pnj\\\/karen-mantis\\\/#primaryimage\",\"url\":\"https:\\\/\\\/chileentinieblas.cl\\\/wp-content\\\/uploads\\\/2020\\\/11\\\/unnamed-3.png\",\"contentUrl\":\"https:\\\/\\\/chileentinieblas.cl\\\/wp-content\\\/uploads\\\/2020\\\/11\\\/unnamed-3.png\",\"width\":512,\"height\":276},{\"@type\":\"BreadcrumbList\",\"@id\":\"https:\\\/\\\/chileentinieblas.cl\\\/pnj\\\/karen-mantis\\\/#breadcrumb\",\"itemListElement\":[{\"@type\":\"ListItem\",\"position\":1,\"name\":\"Portada\",\"item\":\"https:\\\/\\\/chileentinieblas.cl\\\/\"},{\"@type\":\"ListItem\",\"position\":2,\"name\":\"PNJs\",\"item\":\"https:\\\/\\\/chileentinieblas.cl\\\/pnj\\\/\"},{\"@type\":\"ListItem\",\"position\":3,\"name\":\"Karen \u201cMantis\u201d\"}]},{\"@type\":\"WebSite\",\"@id\":\"https:\\\/\\\/chileentinieblas.cl\\\/#website\",\"url\":\"https:\\\/\\\/chileentinieblas.cl\\\/\",\"name\":\"Chile en Tinieblas\",\"description\":\"Un servidor con mesas de rol de Mundo de Tinieblas\",\"publisher\":{\"@id\":\"https:\\\/\\\/chileentinieblas.cl\\\/#organization\"},\"potentialAction\":[{\"@type\":\"SearchAction\",\"target\":{\"@type\":\"EntryPoint\",\"urlTemplate\":\"https:\\\/\\\/chileentinieblas.cl\\\/?s={search_term_string}\"},\"query-input\":{\"@type\":\"PropertyValueSpecification\",\"valueRequired\":true,\"valueName\":\"search_term_string\"}}],\"inLanguage\":\"en-US\"},{\"@type\":\"Organization\",\"@id\":\"https:\\\/\\\/chileentinieblas.cl\\\/#organization\",\"name\":\"Chile en Tinieblas\",\"url\":\"https:\\\/\\\/chileentinieblas.cl\\\/\",\"logo\":{\"@type\":\"ImageObject\",\"inLanguage\":\"en-US\",\"@id\":\"https:\\\/\\\/chileentinieblas.cl\\\/#\\\/schema\\\/logo\\\/image\\\/\",\"url\":\"https:\\\/\\\/chileentinieblas.cl\\\/wp-content\\\/uploads\\\/2021\\\/12\\\/logo-cet-claro.png\",\"contentUrl\":\"https:\\\/\\\/chileentinieblas.cl\\\/wp-content\\\/uploads\\\/2021\\\/12\\\/logo-cet-claro.png\",\"width\":1001,\"height\":1030,\"caption\":\"Chile en Tinieblas\"},\"image\":{\"@id\":\"https:\\\/\\\/chileentinieblas.cl\\\/#\\\/schema\\\/logo\\\/image\\\/\"},\"sameAs\":[\"https:\\\/\\\/www.facebook.com\\\/ChileenTinieblas\",\"https:\\\/\\\/www.instagram.com\\\/chileentinieblas\\\/\",\"https:\\\/\\\/www.youtube.com\\\/@chileentinieblas\",\"https:\\\/\\\/www.tiktok.com\\\/@chileentinieblas\"]}]}<\/script>\n<!-- \/ Yoast SEO plugin. -->","yoast_head_json":{"title":"Karen \u201cMantis\u201d - Chile en Tinieblas","robots":{"index":"index","follow":"follow","max-snippet":"max-snippet:-1","max-image-preview":"max-image-preview:large","max-video-preview":"max-video-preview:-1"},"canonical":"https:\/\/chileentinieblas.cl\/en\/pnj\/karen-mantis\/","og_locale":"en_US","og_type":"article","og_title":"Karen \u201cMantis\u201d - Chile en Tinieblas","og_description":"Karen se cri\u00f3 en una familia de mec\u00e1nicos e ingenieros que trabajaban en los talleres de la tecnocracia que ofrec\u00edan maquinarias para el estado cuando, a la edad de 6 a\u00f1os, el ataque de un grupo que se hac\u00eda llamar \u201cH\u00fasares de la muerte\u201d destruy\u00f3 y prendi\u00f3 fuego a sus talleres mientras ella y su [&hellip;]","og_url":"https:\/\/chileentinieblas.cl\/en\/pnj\/karen-mantis\/","og_site_name":"Chile en Tinieblas","article_publisher":"https:\/\/www.facebook.com\/ChileenTinieblas","article_modified_time":"2024-07-29T19:41:09+00:00","og_image":[{"width":512,"height":276,"url":"https:\/\/chileentinieblas.cl\/wp-content\/uploads\/2020\/11\/unnamed-3.png","type":"image\/png"}],"twitter_card":"summary_large_image","twitter_misc":{"Est. reading time":"1 minute"},"schema":{"@context":"https:\/\/schema.org","@graph":[{"@type":"WebPage","@id":"https:\/\/chileentinieblas.cl\/pnj\/karen-mantis\/","url":"https:\/\/chileentinieblas.cl\/pnj\/karen-mantis\/","name":"Karen \u201cMantis\u201d - Chile en Tinieblas","isPartOf":{"@id":"https:\/\/chileentinieblas.cl\/#website"},"primaryImageOfPage":{"@id":"https:\/\/chileentinieblas.cl\/pnj\/karen-mantis\/#primaryimage"},"image":{"@id":"https:\/\/chileentinieblas.cl\/pnj\/karen-mantis\/#primaryimage"},"thumbnailUrl":"https:\/\/chileentinieblas.cl\/wp-content\/uploads\/2020\/11\/unnamed-3.png","datePublished":"2020-11-15T19:49:47+00:00","dateModified":"2024-07-29T19:41:09+00:00","breadcrumb":{"@id":"https:\/\/chileentinieblas.cl\/pnj\/karen-mantis\/#breadcrumb"},"inLanguage":"en-US","potentialAction":[{"@type":"ReadAction","target":["https:\/\/chileentinieblas.cl\/pnj\/karen-mantis\/"]}]},{"@type":"ImageObject","inLanguage":"en-US","@id":"https:\/\/chileentinieblas.cl\/pnj\/karen-mantis\/#primaryimage","url":"https:\/\/chileentinieblas.cl\/wp-content\/uploads\/2020\/11\/unnamed-3.png","contentUrl":"https:\/\/chileentinieblas.cl\/wp-content\/uploads\/2020\/11\/unnamed-3.png","width":512,"height":276},{"@type":"BreadcrumbList","@id":"https:\/\/chileentinieblas.cl\/pnj\/karen-mantis\/#breadcrumb","itemListElement":[{"@type":"ListItem","position":1,"name":"Portada","item":"https:\/\/chileentinieblas.cl\/"},{"@type":"ListItem","position":2,"name":"PNJs","item":"https:\/\/chileentinieblas.cl\/pnj\/"},{"@type":"ListItem","position":3,"name":"Karen \u201cMantis\u201d"}]},{"@type":"WebSite","@id":"https:\/\/chileentinieblas.cl\/#website","url":"https:\/\/chileentinieblas.cl\/","name":"Chile en Tinieblas","description":"Un servidor con mesas de rol de Mundo de Tinieblas","publisher":{"@id":"https:\/\/chileentinieblas.cl\/#organization"},"potentialAction":[{"@type":"SearchAction","target":{"@type":"EntryPoint","urlTemplate":"https:\/\/chileentinieblas.cl\/?s={search_term_string}"},"query-input":{"@type":"PropertyValueSpecification","valueRequired":true,"valueName":"search_term_string"}}],"inLanguage":"en-US"},{"@type":"Organization","@id":"https:\/\/chileentinieblas.cl\/#organization","name":"Chile en Tinieblas","url":"https:\/\/chileentinieblas.cl\/","logo":{"@type":"ImageObject","inLanguage":"en-US","@id":"https:\/\/chileentinieblas.cl\/#\/schema\/logo\/image\/","url":"https:\/\/chileentinieblas.cl\/wp-content\/uploads\/2021\/12\/logo-cet-claro.png","contentUrl":"https:\/\/chileentinieblas.cl\/wp-content\/uploads\/2021\/12\/logo-cet-claro.png","width":1001,"height":1030,"caption":"Chile en Tinieblas"},"image":{"@id":"https:\/\/chileentinieblas.cl\/#\/schema\/logo\/image\/"},"sameAs":["https:\/\/www.facebook.com\/ChileenTinieblas","https:\/\/www.instagram.com\/chileentinieblas\/","https:\/\/www.youtube.com\/@chileentinieblas","https:\/\/www.tiktok.com\/@chileentinieblas"]}]}},"jetpack_sharing_enabled":true,"_links":{"self":[{"href":"https:\/\/chileentinieblas.cl\/en\/wp-json\/wp\/v2\/pnj\/1703","targetHints":{"allow":["GET"]}}],"collection":[{"href":"https:\/\/chileentinieblas.cl\/en\/wp-json\/wp\/v2\/pnj"}],"about":[{"href":"https:\/\/chileentinieblas.cl\/en\/wp-json\/wp\/v2\/types\/pnj"}],"author":[{"embeddable":true,"href":"https:\/\/chileentinieblas.cl\/en\/wp-json\/wp\/v2\/users\/1"}],"wp:featuredmedia":[{"embeddable":true,"href":"https:\/\/chileentinieblas.cl\/en\/wp-json\/wp\/v2\/media\/88"}],"wp:attachment":[{"href":"https:\/\/chileentinieblas.cl\/en\/wp-json\/wp\/v2\/media?parent=1703"}],"wp:term":[{"taxonomy":"post_tag","embeddable":true,"href":"https:\/\/chileentinieblas.cl\/en\/wp-json\/wp\/v2\/tags?post=1703"},{"taxonomy":"faccion","embeddable":true,"href":"https:\/\/chileentinieblas.cl\/en\/wp-json\/wp\/v2\/faccion?post=1703"}],"curies":[{"name":"wp","href":"https:\/\/api.w.org\/{rel}","templated":true}]}}

<p class="wp-block-paragraph">Karen se crió en una familia de mecánicos e ingenieros que trabajaban en los talleres de la tecnocracia que ofrecían maquinarias para el estado cuando, a la edad de 6 años, el ataque de un grupo que se hacía llamar “Húsares de la muerte” destruyó y prendió fuego a sus talleres mientras ella y su familia se encontraban dentro. En pleno ataque fue un grupo de iteración X quienes apenas lograron salvarla, perdiendo a sus padres en el proceso. Ella apenas lo recuerda pero su cuerpo guarda las consecuencias de dicho ataque.&nbsp; Desde ese entonces se dedicó a buscar y ejecutar a los culpables, pero al ver que las armas tradicionales no eran eficaces contra los subversores, concentró todo su ingenio en fabricar armas más efectivas. El constante estudio y práctica la convirtieron en una letal asesina dentro de las filas de la Unión, donde fue apodada de “Mantis”. Con el tiempo se volvió una mujer fría, calculadora.</p>



<p class="wp-block-paragraph">Al ser jóven presenta un gran espíritu innovador aunque se ha tomado muy a pecho el movimiento de la máquina. Su arma favorita es un francotirador experimental que puede localizar objetivos 3 veces más lejos que un francotirador común y eliminarlo, sin embargo sigue siendo un modelo experimental y no ha podido replicarla. Sale a cumplir misiones solo cuando su habilidad es necesaria, el resto del tiempo se lo pasa en la facultad diseñando cosas útiles para misiones de bajo rango.</p>

<!-- This site is optimized with the Yoast SEO plugin v28.4 - https://yoast.com/product/yoast-seo-wordpress/ -->
<title>Karen “Mantis” - Chile en Tinieblas</title>
<meta name="robots" content="index, follow, max-snippet:-1, max-image-preview:large, max-video-preview:-1" />
<link rel="canonical" href="https://chileentinieblas.cl/en/pnj/karen-mantis/" />
<meta property="og:locale" content="en_US" />
<meta property="og:type" content="article" />
<meta property="og:title" content="Karen “Mantis” - Chile en Tinieblas" />
<meta property="og:description" content="Karen se crió en una familia de mecánicos e ingenieros que trabajaban en los talleres de la tecnocracia que ofrecían maquinarias para el estado cuando, a la edad de 6 años, el ataque de un grupo que se hacía llamar “Húsares de la muerte” destruyó y prendió fuego a sus talleres mientras ella y su [&hellip;]" />
<meta property="og:url" content="https://chileentinieblas.cl/en/pnj/karen-mantis/" />
<meta property="og:site_name" content="Chile en Tinieblas" />
<meta property="article:publisher" content="https://www.facebook.com/ChileenTinieblas" />
<meta property="article:modified_time" content="2024-07-29T19:41:09+00:00" />
<meta property="og:image" content="https://chileentinieblas.cl/wp-content/uploads/2020/11/unnamed-3.png" />
	<meta property="og:image:width" content="512" />
	<meta property="og:image:height" content="276" />
	<meta property="og:image:type" content="image/png" />
<meta name="twitter:card" content="summary_large_image" />
<meta name="twitter:label1" content="Est. reading time" />
	<meta name="twitter:data1" content="1 minute" />
<script type="application/ld+json" class="yoast-schema-graph">{"@context":"https:\/\/schema.org","@graph":[{"@type":"WebPage","@id":"https:\/\/chileentinieblas.cl\/pnj\/karen-mantis\/","url":"https:\/\/chileentinieblas.cl\/pnj\/karen-mantis\/","name":"Karen “Mantis” - Chile en Tinieblas","isPartOf":{"@id":"https:\/\/chileentinieblas.cl\/#website"},"primaryImageOfPage":{"@id":"https:\/\/chileentinieblas.cl\/pnj\/karen-mantis\/#primaryimage"},"image":{"@id":"https:\/\/chileentinieblas.cl\/pnj\/karen-mantis\/#primaryimage"},"thumbnailUrl":"https:\/\/chileentinieblas.cl\/wp-content\/uploads\/2020\/11\/unnamed-3.png","datePublished":"2020-11-15T19:49:47+00:00","dateModified":"2024-07-29T19:41:09+00:00","breadcrumb":{"@id":"https:\/\/chileentinieblas.cl\/pnj\/karen-mantis\/#breadcrumb"},"inLanguage":"en-US","potentialAction":[{"@type":"ReadAction","target":["https:\/\/chileentinieblas.cl\/pnj\/karen-mantis\/"]}]},{"@type":"ImageObject","inLanguage":"en-US","@id":"https:\/\/chileentinieblas.cl\/pnj\/karen-mantis\/#primaryimage","url":"https:\/\/chileentinieblas.cl\/wp-content\/uploads\/2020\/11\/unnamed-3.png","contentUrl":"https:\/\/chileentinieblas.cl\/wp-content\/uploads\/2020\/11\/unnamed-3.png","width":512,"height":276},{"@type":"BreadcrumbList","@id":"https:\/\/chileentinieblas.cl\/pnj\/karen-mantis\/#breadcrumb","itemListElement":[{"@type":"ListItem","position":1,"name":"Portada","item":"https:\/\/chileentinieblas.cl\/"},{"@type":"ListItem","position":2,"name":"PNJs","item":"https:\/\/chileentinieblas.cl\/pnj\/"},{"@type":"ListItem","position":3,"name":"Karen “Mantis”"}]},{"@type":"WebSite","@id":"https:\/\/chileentinieblas.cl\/#website","url":"https:\/\/chileentinieblas.cl\/","name":"Chile en Tinieblas","description":"Un servidor con mesas de rol de Mundo de Tinieblas","publisher":{"@id":"https:\/\/chileentinieblas.cl\/#organization"},"potentialAction":[{"@type":"SearchAction","target":{"@type":"EntryPoint","urlTemplate":"https:\/\/chileentinieblas.cl\/?s={search_term_string}"},"query-input":{"@type":"PropertyValueSpecification","valueRequired":true,"valueName":"search_term_string"}}],"inLanguage":"en-US"},{"@type":"Organization","@id":"https:\/\/chileentinieblas.cl\/#organization","name":"Chile en Tinieblas","url":"https:\/\/chileentinieblas.cl\/","logo":{"@type":"ImageObject","inLanguage":"en-US","@id":"https:\/\/chileentinieblas.cl\/#\/schema\/logo\/image\/","url":"https:\/\/chileentinieblas.cl\/wp-content\/uploads\/2021\/12\/logo-cet-claro.png","contentUrl":"https:\/\/chileentinieblas.cl\/wp-content\/uploads\/2021\/12\/logo-cet-claro.png","width":1001,"height":1030,"caption":"Chile en Tinieblas"},"image":{"@id":"https:\/\/chileentinieblas.cl\/#\/schema\/logo\/image\/"},"sameAs":["https:\/\/www.facebook.com\/ChileenTinieblas","https:\/\/www.instagram.com\/chileentinieblas\/","https:\/\/www.youtube.com\/@chileentinieblas","https:\/\/www.tiktok.com\/@chileentinieblas"]}]}</script>
<!-- / Yoast SEO plugin. -->

Karen se crió en una familia de mecánicos e ingenieros que trabajaban en los talleres de la tecnocracia que ofrecían maquinarias para el estado cuando, a la edad de 6 años, el ataque de un grupo que se hacía llamar “Húsares de la muerte” destruyó y prendió fuego a sus talleres mientras ella y su [&hellip;]
