{"id":1695,"date":"2020-11-15T05:35:54","date_gmt":"2020-11-15T08:35:54","guid":{"rendered":"https:\/\/chileentinieblas.cl\/?post_type=personajes&#038;p=21"},"modified":"2024-07-29T19:41:09","modified_gmt":"2024-07-29T19:41:09","slug":"victoria-bitar","status":"publish","type":"pnj","link":"https:\/\/chileentinieblas.cl\/en\/pnj\/victoria-bitar\/","title":{"rendered":"Victoria Bitar"},"content":{"rendered":"<p class=\"wp-block-paragraph\">Perteneciente a una familia de gran influencia en Chile, nieta de <a href=\"https:\/\/chileentinieblas.cl\/en\/pnj\/octavio-bitar\/\" data-type=\"personajes\" data-id=\"16\">Osvaldo Bitar<\/a>, la fortuna que su familia acumul\u00f3 durante la dictadura militar le permiti\u00f3 entrar a c\u00edrculos de poder y educaci\u00f3n privilegiada donde alcanz\u00f3 la iluminaci\u00f3n. En su af\u00e1n de unificar a la sociedad nacional tras la evidente divisi\u00f3n pol\u00edtica, trabaj\u00f3 limpiando la imagen que sus predecesores tecn\u00f3cratas dejaron en el pa\u00eds dada sus cuestionables pr\u00e1cticas- Guiada en su inicio por su abuelo, \u00e9l siempre habl\u00f3 de nefandos que se infiltraron hasta los c\u00edrculos m\u00e1s \u00edntimos en la tecnocracia previo y durante el golpe militar, le ense\u00f1\u00f3 a jugar de manera muy sutil ya que sus seres queridos siempre iban a estar en riesgo. Fue ascendida hace unos a\u00f1os como directora de asuntos generales en la Gran torre de Santiago para encargarse de los temas modernos que afectan a la sociedad como la paridad de g\u00e9nero y el desarrollo sustentable, pero espera educar a los futuros agentes con los valores renovados de la tecnocracia. De desplante seguro, ojos oscuros y pelo negro, da la impresi\u00f3n de tener unos 40 y algo, siempre est\u00e1 acompa\u00f1ada de su asistente quien es experto en tecnolog\u00eda. Generalmente choca con los valores tradicionales del c\u00edrculo interno pero est\u00e1 ideando una estrategia para hacerse un espacio entre ellos a largo plazo.<\/p>\n\n\n\n<p class=\"wp-block-paragraph\">Victoria oculta en su hogar un peque\u00f1o laboratorio al que nadie m\u00e1s que ella y su asistente personal pueden entrar, las pocas c\u00e1maras del lugar muestran una entrada similar a las que se arman en cuarentena y la veces que se ve Victoria entrando lo hace con unos trajes especiales que parecen estar preparados para evitar cualquier tipo de infecci\u00f3n, adem\u00e1s, de vez en cuando se ve entrar y salir con maletas selladas y medidas de seguridad extra.&nbsp;<\/p>","protected":false},"author":1,"featured_media":2906,"template":"","tags":[9],"faccion":[51,6,21],"class_list":["post-1695","pnj","type-pnj","status-publish","has-post-thumbnail","hentry","tag-operativa","faccion-mago-la-ascension","faccion-nom","faccion-tecnocracia"],"acf":{"fecha":"1977 - Actualidad","estatus":"Activo","ficha_del_personaje":"","aspecto":"","interpretacion":"","rango":"4 - Director local","informacion_privada":"","mapa_de_kumu_u_otro_embed":null},"yoast_head":"<!-- This site is optimized with the Yoast SEO plugin v28.4 - https:\/\/yoast.com\/product\/yoast-seo-wordpress\/ -->\n<title>Victoria Bitar - Chile en Tinieblas<\/title>\n<meta name=\"robots\" content=\"index, follow, max-snippet:-1, max-image-preview:large, max-video-preview:-1\" \/>\n<link rel=\"canonical\" href=\"https:\/\/chileentinieblas.cl\/en\/pnj\/victoria-bitar\/\" \/>\n<meta property=\"og:locale\" content=\"en_US\" \/>\n<meta property=\"og:type\" content=\"article\" \/>\n<meta property=\"og:title\" content=\"Victoria Bitar - Chile en Tinieblas\" \/>\n<meta property=\"og:description\" content=\"Perteneciente a una familia de gran influencia en Chile, nieta de Osvaldo Bitar, la fortuna que su familia acumul\u00f3 durante la dictadura militar le permiti\u00f3 entrar a c\u00edrculos de poder y educaci\u00f3n privilegiada donde alcanz\u00f3 la iluminaci\u00f3n. En su af\u00e1n de unificar a la sociedad nacional tras la evidente divisi\u00f3n pol\u00edtica, trabaj\u00f3 limpiando la imagen [&hellip;]\" \/>\n<meta property=\"og:url\" content=\"https:\/\/chileentinieblas.cl\/en\/pnj\/victoria-bitar\/\" \/>\n<meta property=\"og:site_name\" content=\"Chile en Tinieblas\" \/>\n<meta property=\"article:publisher\" content=\"https:\/\/www.facebook.com\/ChileenTinieblas\" \/>\n<meta property=\"article:modified_time\" content=\"2024-07-29T19:41:09+00:00\" \/>\n<meta property=\"og:image\" content=\"https:\/\/chileentinieblas.cl\/wp-content\/uploads\/2020\/11\/Victoria.jpeg\" \/>\n\t<meta property=\"og:image:width\" content=\"900\" \/>\n\t<meta property=\"og:image:height\" content=\"1350\" \/>\n\t<meta property=\"og:image:type\" content=\"image\/jpeg\" \/>\n<meta name=\"twitter:card\" content=\"summary_large_image\" \/>\n<meta name=\"twitter:label1\" content=\"Est. reading time\" \/>\n\t<meta name=\"twitter:data1\" content=\"2 minutes\" \/>\n<script type=\"application\/ld+json\" class=\"yoast-schema-graph\">{\"@context\":\"https:\\\/\\\/schema.org\",\"@graph\":[{\"@type\":\"WebPage\",\"@id\":\"https:\\\/\\\/chileentinieblas.cl\\\/en\\\/pnj\\\/victoria-bitar\\\/\",\"url\":\"https:\\\/\\\/chileentinieblas.cl\\\/en\\\/pnj\\\/victoria-bitar\\\/\",\"name\":\"Victoria Bitar - Chile en Tinieblas\",\"isPartOf\":{\"@id\":\"https:\\\/\\\/chileentinieblas.cl\\\/#website\"},\"primaryImageOfPage\":{\"@id\":\"https:\\\/\\\/chileentinieblas.cl\\\/en\\\/pnj\\\/victoria-bitar\\\/#primaryimage\"},\"image\":{\"@id\":\"https:\\\/\\\/chileentinieblas.cl\\\/en\\\/pnj\\\/victoria-bitar\\\/#primaryimage\"},\"thumbnailUrl\":\"https:\\\/\\\/chileentinieblas.cl\\\/wp-content\\\/uploads\\\/2020\\\/11\\\/Victoria.jpeg\",\"datePublished\":\"2020-11-15T08:35:54+00:00\",\"dateModified\":\"2024-07-29T19:41:09+00:00\",\"breadcrumb\":{\"@id\":\"https:\\\/\\\/chileentinieblas.cl\\\/en\\\/pnj\\\/victoria-bitar\\\/#breadcrumb\"},\"inLanguage\":\"en-US\",\"potentialAction\":[{\"@type\":\"ReadAction\",\"target\":[\"https:\\\/\\\/chileentinieblas.cl\\\/en\\\/pnj\\\/victoria-bitar\\\/\"]}]},{\"@type\":\"ImageObject\",\"inLanguage\":\"en-US\",\"@id\":\"https:\\\/\\\/chileentinieblas.cl\\\/en\\\/pnj\\\/victoria-bitar\\\/#primaryimage\",\"url\":\"https:\\\/\\\/chileentinieblas.cl\\\/wp-content\\\/uploads\\\/2020\\\/11\\\/Victoria.jpeg\",\"contentUrl\":\"https:\\\/\\\/chileentinieblas.cl\\\/wp-content\\\/uploads\\\/2020\\\/11\\\/Victoria.jpeg\",\"width\":900,\"height\":1350},{\"@type\":\"BreadcrumbList\",\"@id\":\"https:\\\/\\\/chileentinieblas.cl\\\/en\\\/pnj\\\/victoria-bitar\\\/#breadcrumb\",\"itemListElement\":[{\"@type\":\"ListItem\",\"position\":1,\"name\":\"Portada\",\"item\":\"https:\\\/\\\/chileentinieblas.cl\\\/\"},{\"@type\":\"ListItem\",\"position\":2,\"name\":\"PNJs\",\"item\":\"https:\\\/\\\/chileentinieblas.cl\\\/pnj\\\/\"},{\"@type\":\"ListItem\",\"position\":3,\"name\":\"Victoria Bitar\"}]},{\"@type\":\"WebSite\",\"@id\":\"https:\\\/\\\/chileentinieblas.cl\\\/#website\",\"url\":\"https:\\\/\\\/chileentinieblas.cl\\\/\",\"name\":\"Chile en Tinieblas\",\"description\":\"Un servidor con mesas de rol de Mundo de Tinieblas\",\"publisher\":{\"@id\":\"https:\\\/\\\/chileentinieblas.cl\\\/#organization\"},\"potentialAction\":[{\"@type\":\"SearchAction\",\"target\":{\"@type\":\"EntryPoint\",\"urlTemplate\":\"https:\\\/\\\/chileentinieblas.cl\\\/?s={search_term_string}\"},\"query-input\":{\"@type\":\"PropertyValueSpecification\",\"valueRequired\":true,\"valueName\":\"search_term_string\"}}],\"inLanguage\":\"en-US\"},{\"@type\":\"Organization\",\"@id\":\"https:\\\/\\\/chileentinieblas.cl\\\/#organization\",\"name\":\"Chile en Tinieblas\",\"url\":\"https:\\\/\\\/chileentinieblas.cl\\\/\",\"logo\":{\"@type\":\"ImageObject\",\"inLanguage\":\"en-US\",\"@id\":\"https:\\\/\\\/chileentinieblas.cl\\\/#\\\/schema\\\/logo\\\/image\\\/\",\"url\":\"https:\\\/\\\/chileentinieblas.cl\\\/wp-content\\\/uploads\\\/2021\\\/12\\\/logo-cet-claro.png\",\"contentUrl\":\"https:\\\/\\\/chileentinieblas.cl\\\/wp-content\\\/uploads\\\/2021\\\/12\\\/logo-cet-claro.png\",\"width\":1001,\"height\":1030,\"caption\":\"Chile en Tinieblas\"},\"image\":{\"@id\":\"https:\\\/\\\/chileentinieblas.cl\\\/#\\\/schema\\\/logo\\\/image\\\/\"},\"sameAs\":[\"https:\\\/\\\/www.facebook.com\\\/ChileenTinieblas\",\"https:\\\/\\\/www.instagram.com\\\/chileentinieblas\\\/\",\"https:\\\/\\\/www.youtube.com\\\/@chileentinieblas\",\"https:\\\/\\\/www.tiktok.com\\\/@chileentinieblas\"]}]}<\/script>\n<!-- \/ Yoast SEO plugin. -->","yoast_head_json":{"title":"Victoria Bitar - Chile en Tinieblas","robots":{"index":"index","follow":"follow","max-snippet":"max-snippet:-1","max-image-preview":"max-image-preview:large","max-video-preview":"max-video-preview:-1"},"canonical":"https:\/\/chileentinieblas.cl\/en\/pnj\/victoria-bitar\/","og_locale":"en_US","og_type":"article","og_title":"Victoria Bitar - Chile en Tinieblas","og_description":"Perteneciente a una familia de gran influencia en Chile, nieta de Osvaldo Bitar, la fortuna que su familia acumul\u00f3 durante la dictadura militar le permiti\u00f3 entrar a c\u00edrculos de poder y educaci\u00f3n privilegiada donde alcanz\u00f3 la iluminaci\u00f3n. En su af\u00e1n de unificar a la sociedad nacional tras la evidente divisi\u00f3n pol\u00edtica, trabaj\u00f3 limpiando la imagen [&hellip;]","og_url":"https:\/\/chileentinieblas.cl\/en\/pnj\/victoria-bitar\/","og_site_name":"Chile en Tinieblas","article_publisher":"https:\/\/www.facebook.com\/ChileenTinieblas","article_modified_time":"2024-07-29T19:41:09+00:00","og_image":[{"width":900,"height":1350,"url":"https:\/\/chileentinieblas.cl\/wp-content\/uploads\/2020\/11\/Victoria.jpeg","type":"image\/jpeg"}],"twitter_card":"summary_large_image","twitter_misc":{"Est. reading time":"2 minutes"},"schema":{"@context":"https:\/\/schema.org","@graph":[{"@type":"WebPage","@id":"https:\/\/chileentinieblas.cl\/en\/pnj\/victoria-bitar\/","url":"https:\/\/chileentinieblas.cl\/en\/pnj\/victoria-bitar\/","name":"Victoria Bitar - Chile en Tinieblas","isPartOf":{"@id":"https:\/\/chileentinieblas.cl\/#website"},"primaryImageOfPage":{"@id":"https:\/\/chileentinieblas.cl\/en\/pnj\/victoria-bitar\/#primaryimage"},"image":{"@id":"https:\/\/chileentinieblas.cl\/en\/pnj\/victoria-bitar\/#primaryimage"},"thumbnailUrl":"https:\/\/chileentinieblas.cl\/wp-content\/uploads\/2020\/11\/Victoria.jpeg","datePublished":"2020-11-15T08:35:54+00:00","dateModified":"2024-07-29T19:41:09+00:00","breadcrumb":{"@id":"https:\/\/chileentinieblas.cl\/en\/pnj\/victoria-bitar\/#breadcrumb"},"inLanguage":"en-US","potentialAction":[{"@type":"ReadAction","target":["https:\/\/chileentinieblas.cl\/en\/pnj\/victoria-bitar\/"]}]},{"@type":"ImageObject","inLanguage":"en-US","@id":"https:\/\/chileentinieblas.cl\/en\/pnj\/victoria-bitar\/#primaryimage","url":"https:\/\/chileentinieblas.cl\/wp-content\/uploads\/2020\/11\/Victoria.jpeg","contentUrl":"https:\/\/chileentinieblas.cl\/wp-content\/uploads\/2020\/11\/Victoria.jpeg","width":900,"height":1350},{"@type":"BreadcrumbList","@id":"https:\/\/chileentinieblas.cl\/en\/pnj\/victoria-bitar\/#breadcrumb","itemListElement":[{"@type":"ListItem","position":1,"name":"Portada","item":"https:\/\/chileentinieblas.cl\/"},{"@type":"ListItem","position":2,"name":"PNJs","item":"https:\/\/chileentinieblas.cl\/pnj\/"},{"@type":"ListItem","position":3,"name":"Victoria Bitar"}]},{"@type":"WebSite","@id":"https:\/\/chileentinieblas.cl\/#website","url":"https:\/\/chileentinieblas.cl\/","name":"Chile en Tinieblas","description":"Un servidor con mesas de rol de Mundo de Tinieblas","publisher":{"@id":"https:\/\/chileentinieblas.cl\/#organization"},"potentialAction":[{"@type":"SearchAction","target":{"@type":"EntryPoint","urlTemplate":"https:\/\/chileentinieblas.cl\/?s={search_term_string}"},"query-input":{"@type":"PropertyValueSpecification","valueRequired":true,"valueName":"search_term_string"}}],"inLanguage":"en-US"},{"@type":"Organization","@id":"https:\/\/chileentinieblas.cl\/#organization","name":"Chile en Tinieblas","url":"https:\/\/chileentinieblas.cl\/","logo":{"@type":"ImageObject","inLanguage":"en-US","@id":"https:\/\/chileentinieblas.cl\/#\/schema\/logo\/image\/","url":"https:\/\/chileentinieblas.cl\/wp-content\/uploads\/2021\/12\/logo-cet-claro.png","contentUrl":"https:\/\/chileentinieblas.cl\/wp-content\/uploads\/2021\/12\/logo-cet-claro.png","width":1001,"height":1030,"caption":"Chile en Tinieblas"},"image":{"@id":"https:\/\/chileentinieblas.cl\/#\/schema\/logo\/image\/"},"sameAs":["https:\/\/www.facebook.com\/ChileenTinieblas","https:\/\/www.instagram.com\/chileentinieblas\/","https:\/\/www.youtube.com\/@chileentinieblas","https:\/\/www.tiktok.com\/@chileentinieblas"]}]}},"jetpack_sharing_enabled":true,"_links":{"self":[{"href":"https:\/\/chileentinieblas.cl\/en\/wp-json\/wp\/v2\/pnj\/1695","targetHints":{"allow":["GET"]}}],"collection":[{"href":"https:\/\/chileentinieblas.cl\/en\/wp-json\/wp\/v2\/pnj"}],"about":[{"href":"https:\/\/chileentinieblas.cl\/en\/wp-json\/wp\/v2\/types\/pnj"}],"author":[{"embeddable":true,"href":"https:\/\/chileentinieblas.cl\/en\/wp-json\/wp\/v2\/users\/1"}],"wp:featuredmedia":[{"embeddable":true,"href":"https:\/\/chileentinieblas.cl\/en\/wp-json\/wp\/v2\/media\/2906"}],"wp:attachment":[{"href":"https:\/\/chileentinieblas.cl\/en\/wp-json\/wp\/v2\/media?parent=1695"}],"wp:term":[{"taxonomy":"post_tag","embeddable":true,"href":"https:\/\/chileentinieblas.cl\/en\/wp-json\/wp\/v2\/tags?post=1695"},{"taxonomy":"faccion","embeddable":true,"href":"https:\/\/chileentinieblas.cl\/en\/wp-json\/wp\/v2\/faccion?post=1695"}],"curies":[{"name":"wp","href":"https:\/\/api.w.org\/{rel}","templated":true}]}}

<p class="wp-block-paragraph">Perteneciente a una familia de gran influencia en Chile, nieta de <a href="https://chileentinieblas.cl/en/pnj/octavio-bitar/" data-type="personajes" data-id="16">Osvaldo Bitar</a>, la fortuna que su familia acumuló durante la dictadura militar le permitió entrar a círculos de poder y educación privilegiada donde alcanzó la iluminación. En su afán de unificar a la sociedad nacional tras la evidente división política, trabajó limpiando la imagen que sus predecesores tecnócratas dejaron en el país dada sus cuestionables prácticas- Guiada en su inicio por su abuelo, él siempre habló de nefandos que se infiltraron hasta los círculos más íntimos en la tecnocracia previo y durante el golpe militar, le enseñó a jugar de manera muy sutil ya que sus seres queridos siempre iban a estar en riesgo. Fue ascendida hace unos años como directora de asuntos generales en la Gran torre de Santiago para encargarse de los temas modernos que afectan a la sociedad como la paridad de género y el desarrollo sustentable, pero espera educar a los futuros agentes con los valores renovados de la tecnocracia. De desplante seguro, ojos oscuros y pelo negro, da la impresión de tener unos 40 y algo, siempre está acompañada de su asistente quien es experto en tecnología. Generalmente choca con los valores tradicionales del círculo interno pero está ideando una estrategia para hacerse un espacio entre ellos a largo plazo.</p>



<p class="wp-block-paragraph">Victoria oculta en su hogar un pequeño laboratorio al que nadie más que ella y su asistente personal pueden entrar, las pocas cámaras del lugar muestran una entrada similar a las que se arman en cuarentena y la veces que se ve Victoria entrando lo hace con unos trajes especiales que parecen estar preparados para evitar cualquier tipo de infección, además, de vez en cuando se ve entrar y salir con maletas selladas y medidas de seguridad extra.&nbsp;</p>

<!-- This site is optimized with the Yoast SEO plugin v28.4 - https://yoast.com/product/yoast-seo-wordpress/ -->
<title>Victoria Bitar - Chile en Tinieblas</title>
<meta name="robots" content="index, follow, max-snippet:-1, max-image-preview:large, max-video-preview:-1" />
<link rel="canonical" href="https://chileentinieblas.cl/en/pnj/victoria-bitar/" />
<meta property="og:locale" content="en_US" />
<meta property="og:type" content="article" />
<meta property="og:title" content="Victoria Bitar - Chile en Tinieblas" />
<meta property="og:description" content="Perteneciente a una familia de gran influencia en Chile, nieta de Osvaldo Bitar, la fortuna que su familia acumuló durante la dictadura militar le permitió entrar a círculos de poder y educación privilegiada donde alcanzó la iluminación. En su afán de unificar a la sociedad nacional tras la evidente división política, trabajó limpiando la imagen [&hellip;]" />
<meta property="og:url" content="https://chileentinieblas.cl/en/pnj/victoria-bitar/" />
<meta property="og:site_name" content="Chile en Tinieblas" />
<meta property="article:publisher" content="https://www.facebook.com/ChileenTinieblas" />
<meta property="article:modified_time" content="2024-07-29T19:41:09+00:00" />
<meta property="og:image" content="https://chileentinieblas.cl/wp-content/uploads/2020/11/Victoria.jpeg" />
	<meta property="og:image:width" content="900" />
	<meta property="og:image:height" content="1350" />
	<meta property="og:image:type" content="image/jpeg" />
<meta name="twitter:card" content="summary_large_image" />
<meta name="twitter:label1" content="Est. reading time" />
	<meta name="twitter:data1" content="2 minutes" />
<script type="application/ld+json" class="yoast-schema-graph">{"@context":"https:\/\/schema.org","@graph":[{"@type":"WebPage","@id":"https:\/\/chileentinieblas.cl\/en\/pnj\/victoria-bitar\/","url":"https:\/\/chileentinieblas.cl\/en\/pnj\/victoria-bitar\/","name":"Victoria Bitar - Chile en Tinieblas","isPartOf":{"@id":"https:\/\/chileentinieblas.cl\/#website"},"primaryImageOfPage":{"@id":"https:\/\/chileentinieblas.cl\/en\/pnj\/victoria-bitar\/#primaryimage"},"image":{"@id":"https:\/\/chileentinieblas.cl\/en\/pnj\/victoria-bitar\/#primaryimage"},"thumbnailUrl":"https:\/\/chileentinieblas.cl\/wp-content\/uploads\/2020\/11\/Victoria.jpeg","datePublished":"2020-11-15T08:35:54+00:00","dateModified":"2024-07-29T19:41:09+00:00","breadcrumb":{"@id":"https:\/\/chileentinieblas.cl\/en\/pnj\/victoria-bitar\/#breadcrumb"},"inLanguage":"en-US","potentialAction":[{"@type":"ReadAction","target":["https:\/\/chileentinieblas.cl\/en\/pnj\/victoria-bitar\/"]}]},{"@type":"ImageObject","inLanguage":"en-US","@id":"https:\/\/chileentinieblas.cl\/en\/pnj\/victoria-bitar\/#primaryimage","url":"https:\/\/chileentinieblas.cl\/wp-content\/uploads\/2020\/11\/Victoria.jpeg","contentUrl":"https:\/\/chileentinieblas.cl\/wp-content\/uploads\/2020\/11\/Victoria.jpeg","width":900,"height":1350},{"@type":"BreadcrumbList","@id":"https:\/\/chileentinieblas.cl\/en\/pnj\/victoria-bitar\/#breadcrumb","itemListElement":[{"@type":"ListItem","position":1,"name":"Portada","item":"https:\/\/chileentinieblas.cl\/"},{"@type":"ListItem","position":2,"name":"PNJs","item":"https:\/\/chileentinieblas.cl\/pnj\/"},{"@type":"ListItem","position":3,"name":"Victoria Bitar"}]},{"@type":"WebSite","@id":"https:\/\/chileentinieblas.cl\/#website","url":"https:\/\/chileentinieblas.cl\/","name":"Chile en Tinieblas","description":"Un servidor con mesas de rol de Mundo de Tinieblas","publisher":{"@id":"https:\/\/chileentinieblas.cl\/#organization"},"potentialAction":[{"@type":"SearchAction","target":{"@type":"EntryPoint","urlTemplate":"https:\/\/chileentinieblas.cl\/?s={search_term_string}"},"query-input":{"@type":"PropertyValueSpecification","valueRequired":true,"valueName":"search_term_string"}}],"inLanguage":"en-US"},{"@type":"Organization","@id":"https:\/\/chileentinieblas.cl\/#organization","name":"Chile en Tinieblas","url":"https:\/\/chileentinieblas.cl\/","logo":{"@type":"ImageObject","inLanguage":"en-US","@id":"https:\/\/chileentinieblas.cl\/#\/schema\/logo\/image\/","url":"https:\/\/chileentinieblas.cl\/wp-content\/uploads\/2021\/12\/logo-cet-claro.png","contentUrl":"https:\/\/chileentinieblas.cl\/wp-content\/uploads\/2021\/12\/logo-cet-claro.png","width":1001,"height":1030,"caption":"Chile en Tinieblas"},"image":{"@id":"https:\/\/chileentinieblas.cl\/#\/schema\/logo\/image\/"},"sameAs":["https:\/\/www.facebook.com\/ChileenTinieblas","https:\/\/www.instagram.com\/chileentinieblas\/","https:\/\/www.youtube.com\/@chileentinieblas","https:\/\/www.tiktok.com\/@chileentinieblas"]}]}</script>
<!-- / Yoast SEO plugin. -->

Perteneciente a una familia de gran influencia en Chile, nieta de Osvaldo Bitar, la fortuna que su familia acumuló durante la dictadura militar le permitió entrar a círculos de poder y educación privilegiada donde alcanzó la iluminación. En su afán de unificar a la sociedad nacional tras la evidente división política, trabajó limpiando la imagen [&hellip;]
