{"id":8122,"date":"2026-07-19T01:27:36","date_gmt":"2026-07-19T01:27:36","guid":{"rendered":"https:\/\/chileentinieblas.cl\/?post_type=objeto-de-poder&#038;p=8122"},"modified":"2026-07-19T02:26:23","modified_gmt":"2026-07-19T02:26:23","slug":"el-corazon-del-nudo","status":"publish","type":"objeto-de-poder","link":"https:\/\/chileentinieblas.cl\/en\/objeto-de-poder\/el-corazon-del-nudo\/","title":{"rendered":"El Coraz\u00f3n del Nudo"},"content":{"rendered":"<p class=\"wp-block-paragraph\">Es un artefacto legendario cuya creaci\u00f3n ha sido anunciada por profec\u00edas, visiones y entidades mucho m\u00e1s antiguas que la propia Jerarqu\u00eda. Forjado a partir de cuatro reliquias de poder y un ancla nacida en la Tormenta, ser\u00e1 capaz de alterar para siempre el equilibrio espiritual de la regi\u00f3n.<\/p>\n\n\n\n<p class=\"wp-block-paragraph\">Nadie sabe con certeza qu\u00e9 ocurrir\u00e1 cuando finalmente lata por primera vez. Para algunos ser\u00e1 el cimiento de una nueva Necr\u00f3polis; para otros, el arma definitiva con la cual el Olvido extender\u00e1 sus v\u00edas sobre el Mundo de los Muertos. Su verdadera naturaleza depender\u00e1, quiz\u00e1s, no de qui\u00e9n lo posea&#8230; sino de qui\u00e9n decida forjarlo.<\/p>\n\n\n\n<figure class=\"wp-block-image size-large\"><img fetchpriority=\"high\" decoding=\"async\" width=\"1024\" height=\"1024\" src=\"https:\/\/chileentinieblas.cl\/wp-content\/uploads\/2026\/07\/corazon-nudo-1024x1024.png\" alt=\"\" class=\"wp-image-8128\" srcset=\"https:\/\/chileentinieblas.cl\/wp-content\/uploads\/2026\/07\/corazon-nudo-1024x1024.png 1024w, https:\/\/chileentinieblas.cl\/wp-content\/uploads\/2026\/07\/corazon-nudo-300x300.png 300w, https:\/\/chileentinieblas.cl\/wp-content\/uploads\/2026\/07\/corazon-nudo-150x150.png 150w, https:\/\/chileentinieblas.cl\/wp-content\/uploads\/2026\/07\/corazon-nudo-768x768.png 768w, https:\/\/chileentinieblas.cl\/wp-content\/uploads\/2026\/07\/corazon-nudo-12x12.png 12w, https:\/\/chileentinieblas.cl\/wp-content\/uploads\/2026\/07\/corazon-nudo.png 1254w\" sizes=\"(max-width: 1024px) 100vw, 1024px\" \/><\/figure>","protected":false},"author":31,"featured_media":8128,"template":"","tipo-de-objeto":[227],"class_list":["post-8122","objeto-de-poder","type-objeto-de-poder","status-publish","has-post-thumbnail","hentry","tipo-de-objeto-desconocido"],"acf":{"informacion_privada":"","mapa_de_kumu_u_otro_embed":""},"yoast_head":"<!-- This site is optimized with the Yoast SEO plugin v28.4 - https:\/\/yoast.com\/product\/yoast-seo-wordpress\/ -->\n<title>El Coraz\u00f3n del Nudo - Chile en Tinieblas<\/title>\n<meta name=\"robots\" content=\"index, follow, max-snippet:-1, max-image-preview:large, max-video-preview:-1\" \/>\n<link rel=\"canonical\" href=\"https:\/\/chileentinieblas.cl\/en\/objeto-de-poder\/el-corazon-del-nudo\/\" \/>\n<meta property=\"og:locale\" content=\"en_US\" \/>\n<meta property=\"og:type\" content=\"article\" \/>\n<meta property=\"og:title\" content=\"El Coraz\u00f3n del Nudo - Chile en Tinieblas\" \/>\n<meta property=\"og:description\" content=\"Es un artefacto legendario cuya creaci\u00f3n ha sido anunciada por profec\u00edas, visiones y entidades mucho m\u00e1s antiguas que la propia Jerarqu\u00eda. Forjado a partir de cuatro reliquias de poder y un ancla nacida en la Tormenta, ser\u00e1 capaz de alterar para siempre el equilibrio espiritual de la regi\u00f3n. Nadie sabe con certeza qu\u00e9 ocurrir\u00e1 cuando [&hellip;]\" \/>\n<meta property=\"og:url\" content=\"https:\/\/chileentinieblas.cl\/en\/objeto-de-poder\/el-corazon-del-nudo\/\" \/>\n<meta property=\"og:site_name\" content=\"Chile en Tinieblas\" \/>\n<meta property=\"article:publisher\" content=\"https:\/\/www.facebook.com\/ChileenTinieblas\" \/>\n<meta property=\"article:modified_time\" content=\"2026-07-19T02:26:23+00:00\" \/>\n<meta property=\"og:image\" content=\"https:\/\/chileentinieblas.cl\/wp-content\/uploads\/2026\/07\/corazon-nudo-1024x1024.png\" \/>\n\t<meta property=\"og:image:width\" content=\"1024\" \/>\n\t<meta property=\"og:image:height\" content=\"1024\" \/>\n\t<meta property=\"og:image:type\" content=\"image\/png\" \/>\n<meta name=\"twitter:card\" content=\"summary_large_image\" \/>\n<meta name=\"twitter:label1\" content=\"Est. reading time\" \/>\n\t<meta name=\"twitter:data1\" content=\"1 minute\" \/>\n<script type=\"application\/ld+json\" class=\"yoast-schema-graph\">{\"@context\":\"https:\\\/\\\/schema.org\",\"@graph\":[{\"@type\":\"WebPage\",\"@id\":\"https:\\\/\\\/chileentinieblas.cl\\\/objeto-de-poder\\\/el-corazon-del-nudo\\\/\",\"url\":\"https:\\\/\\\/chileentinieblas.cl\\\/objeto-de-poder\\\/el-corazon-del-nudo\\\/\",\"name\":\"El Coraz\u00f3n del Nudo - Chile en Tinieblas\",\"isPartOf\":{\"@id\":\"https:\\\/\\\/chileentinieblas.cl\\\/#website\"},\"primaryImageOfPage\":{\"@id\":\"https:\\\/\\\/chileentinieblas.cl\\\/objeto-de-poder\\\/el-corazon-del-nudo\\\/#primaryimage\"},\"image\":{\"@id\":\"https:\\\/\\\/chileentinieblas.cl\\\/objeto-de-poder\\\/el-corazon-del-nudo\\\/#primaryimage\"},\"thumbnailUrl\":\"https:\\\/\\\/chileentinieblas.cl\\\/wp-content\\\/uploads\\\/2026\\\/07\\\/corazon-nudo.png\",\"datePublished\":\"2026-07-19T01:27:36+00:00\",\"dateModified\":\"2026-07-19T02:26:23+00:00\",\"breadcrumb\":{\"@id\":\"https:\\\/\\\/chileentinieblas.cl\\\/objeto-de-poder\\\/el-corazon-del-nudo\\\/#breadcrumb\"},\"inLanguage\":\"en-US\",\"potentialAction\":[{\"@type\":\"ReadAction\",\"target\":[\"https:\\\/\\\/chileentinieblas.cl\\\/objeto-de-poder\\\/el-corazon-del-nudo\\\/\"]}]},{\"@type\":\"ImageObject\",\"inLanguage\":\"en-US\",\"@id\":\"https:\\\/\\\/chileentinieblas.cl\\\/objeto-de-poder\\\/el-corazon-del-nudo\\\/#primaryimage\",\"url\":\"https:\\\/\\\/chileentinieblas.cl\\\/wp-content\\\/uploads\\\/2026\\\/07\\\/corazon-nudo.png\",\"contentUrl\":\"https:\\\/\\\/chileentinieblas.cl\\\/wp-content\\\/uploads\\\/2026\\\/07\\\/corazon-nudo.png\",\"width\":1254,\"height\":1254},{\"@type\":\"BreadcrumbList\",\"@id\":\"https:\\\/\\\/chileentinieblas.cl\\\/objeto-de-poder\\\/el-corazon-del-nudo\\\/#breadcrumb\",\"itemListElement\":[{\"@type\":\"ListItem\",\"position\":1,\"name\":\"Portada\",\"item\":\"https:\\\/\\\/chileentinieblas.cl\\\/\"},{\"@type\":\"ListItem\",\"position\":2,\"name\":\"Objetos de poder\",\"item\":\"https:\\\/\\\/chileentinieblas.cl\\\/objeto-de-poder\\\/\"},{\"@type\":\"ListItem\",\"position\":3,\"name\":\"El Coraz\u00f3n del Nudo\"}]},{\"@type\":\"WebSite\",\"@id\":\"https:\\\/\\\/chileentinieblas.cl\\\/#website\",\"url\":\"https:\\\/\\\/chileentinieblas.cl\\\/\",\"name\":\"Chile en Tinieblas\",\"description\":\"Un servidor con mesas de rol de Mundo de Tinieblas\",\"publisher\":{\"@id\":\"https:\\\/\\\/chileentinieblas.cl\\\/#organization\"},\"potentialAction\":[{\"@type\":\"SearchAction\",\"target\":{\"@type\":\"EntryPoint\",\"urlTemplate\":\"https:\\\/\\\/chileentinieblas.cl\\\/?s={search_term_string}\"},\"query-input\":{\"@type\":\"PropertyValueSpecification\",\"valueRequired\":true,\"valueName\":\"search_term_string\"}}],\"inLanguage\":\"en-US\"},{\"@type\":\"Organization\",\"@id\":\"https:\\\/\\\/chileentinieblas.cl\\\/#organization\",\"name\":\"Chile en Tinieblas\",\"url\":\"https:\\\/\\\/chileentinieblas.cl\\\/\",\"logo\":{\"@type\":\"ImageObject\",\"inLanguage\":\"en-US\",\"@id\":\"https:\\\/\\\/chileentinieblas.cl\\\/#\\\/schema\\\/logo\\\/image\\\/\",\"url\":\"https:\\\/\\\/chileentinieblas.cl\\\/wp-content\\\/uploads\\\/2021\\\/12\\\/logo-cet-claro.png\",\"contentUrl\":\"https:\\\/\\\/chileentinieblas.cl\\\/wp-content\\\/uploads\\\/2021\\\/12\\\/logo-cet-claro.png\",\"width\":1001,\"height\":1030,\"caption\":\"Chile en Tinieblas\"},\"image\":{\"@id\":\"https:\\\/\\\/chileentinieblas.cl\\\/#\\\/schema\\\/logo\\\/image\\\/\"},\"sameAs\":[\"https:\\\/\\\/www.facebook.com\\\/ChileenTinieblas\",\"https:\\\/\\\/www.instagram.com\\\/chileentinieblas\\\/\",\"https:\\\/\\\/www.youtube.com\\\/@chileentinieblas\",\"https:\\\/\\\/www.tiktok.com\\\/@chileentinieblas\"]}]}<\/script>\n<!-- \/ Yoast SEO plugin. -->","yoast_head_json":{"title":"El Coraz\u00f3n del Nudo - Chile en Tinieblas","robots":{"index":"index","follow":"follow","max-snippet":"max-snippet:-1","max-image-preview":"max-image-preview:large","max-video-preview":"max-video-preview:-1"},"canonical":"https:\/\/chileentinieblas.cl\/en\/objeto-de-poder\/el-corazon-del-nudo\/","og_locale":"en_US","og_type":"article","og_title":"El Coraz\u00f3n del Nudo - Chile en Tinieblas","og_description":"Es un artefacto legendario cuya creaci\u00f3n ha sido anunciada por profec\u00edas, visiones y entidades mucho m\u00e1s antiguas que la propia Jerarqu\u00eda. Forjado a partir de cuatro reliquias de poder y un ancla nacida en la Tormenta, ser\u00e1 capaz de alterar para siempre el equilibrio espiritual de la regi\u00f3n. Nadie sabe con certeza qu\u00e9 ocurrir\u00e1 cuando [&hellip;]","og_url":"https:\/\/chileentinieblas.cl\/en\/objeto-de-poder\/el-corazon-del-nudo\/","og_site_name":"Chile en Tinieblas","article_publisher":"https:\/\/www.facebook.com\/ChileenTinieblas","article_modified_time":"2026-07-19T02:26:23+00:00","og_image":[{"width":1024,"height":1024,"url":"https:\/\/chileentinieblas.cl\/wp-content\/uploads\/2026\/07\/corazon-nudo-1024x1024.png","type":"image\/png"}],"twitter_card":"summary_large_image","twitter_misc":{"Est. reading time":"1 minute"},"schema":{"@context":"https:\/\/schema.org","@graph":[{"@type":"WebPage","@id":"https:\/\/chileentinieblas.cl\/objeto-de-poder\/el-corazon-del-nudo\/","url":"https:\/\/chileentinieblas.cl\/objeto-de-poder\/el-corazon-del-nudo\/","name":"El Coraz\u00f3n del Nudo - Chile en Tinieblas","isPartOf":{"@id":"https:\/\/chileentinieblas.cl\/#website"},"primaryImageOfPage":{"@id":"https:\/\/chileentinieblas.cl\/objeto-de-poder\/el-corazon-del-nudo\/#primaryimage"},"image":{"@id":"https:\/\/chileentinieblas.cl\/objeto-de-poder\/el-corazon-del-nudo\/#primaryimage"},"thumbnailUrl":"https:\/\/chileentinieblas.cl\/wp-content\/uploads\/2026\/07\/corazon-nudo.png","datePublished":"2026-07-19T01:27:36+00:00","dateModified":"2026-07-19T02:26:23+00:00","breadcrumb":{"@id":"https:\/\/chileentinieblas.cl\/objeto-de-poder\/el-corazon-del-nudo\/#breadcrumb"},"inLanguage":"en-US","potentialAction":[{"@type":"ReadAction","target":["https:\/\/chileentinieblas.cl\/objeto-de-poder\/el-corazon-del-nudo\/"]}]},{"@type":"ImageObject","inLanguage":"en-US","@id":"https:\/\/chileentinieblas.cl\/objeto-de-poder\/el-corazon-del-nudo\/#primaryimage","url":"https:\/\/chileentinieblas.cl\/wp-content\/uploads\/2026\/07\/corazon-nudo.png","contentUrl":"https:\/\/chileentinieblas.cl\/wp-content\/uploads\/2026\/07\/corazon-nudo.png","width":1254,"height":1254},{"@type":"BreadcrumbList","@id":"https:\/\/chileentinieblas.cl\/objeto-de-poder\/el-corazon-del-nudo\/#breadcrumb","itemListElement":[{"@type":"ListItem","position":1,"name":"Portada","item":"https:\/\/chileentinieblas.cl\/"},{"@type":"ListItem","position":2,"name":"Objetos de poder","item":"https:\/\/chileentinieblas.cl\/objeto-de-poder\/"},{"@type":"ListItem","position":3,"name":"El Coraz\u00f3n del Nudo"}]},{"@type":"WebSite","@id":"https:\/\/chileentinieblas.cl\/#website","url":"https:\/\/chileentinieblas.cl\/","name":"Chile en Tinieblas","description":"Un servidor con mesas de rol de Mundo de Tinieblas","publisher":{"@id":"https:\/\/chileentinieblas.cl\/#organization"},"potentialAction":[{"@type":"SearchAction","target":{"@type":"EntryPoint","urlTemplate":"https:\/\/chileentinieblas.cl\/?s={search_term_string}"},"query-input":{"@type":"PropertyValueSpecification","valueRequired":true,"valueName":"search_term_string"}}],"inLanguage":"en-US"},{"@type":"Organization","@id":"https:\/\/chileentinieblas.cl\/#organization","name":"Chile en Tinieblas","url":"https:\/\/chileentinieblas.cl\/","logo":{"@type":"ImageObject","inLanguage":"en-US","@id":"https:\/\/chileentinieblas.cl\/#\/schema\/logo\/image\/","url":"https:\/\/chileentinieblas.cl\/wp-content\/uploads\/2021\/12\/logo-cet-claro.png","contentUrl":"https:\/\/chileentinieblas.cl\/wp-content\/uploads\/2021\/12\/logo-cet-claro.png","width":1001,"height":1030,"caption":"Chile en Tinieblas"},"image":{"@id":"https:\/\/chileentinieblas.cl\/#\/schema\/logo\/image\/"},"sameAs":["https:\/\/www.facebook.com\/ChileenTinieblas","https:\/\/www.instagram.com\/chileentinieblas\/","https:\/\/www.youtube.com\/@chileentinieblas","https:\/\/www.tiktok.com\/@chileentinieblas"]}]}},"jetpack_sharing_enabled":true,"_links":{"self":[{"href":"https:\/\/chileentinieblas.cl\/en\/wp-json\/wp\/v2\/objeto-de-poder\/8122","targetHints":{"allow":["GET"]}}],"collection":[{"href":"https:\/\/chileentinieblas.cl\/en\/wp-json\/wp\/v2\/objeto-de-poder"}],"about":[{"href":"https:\/\/chileentinieblas.cl\/en\/wp-json\/wp\/v2\/types\/objeto-de-poder"}],"author":[{"embeddable":true,"href":"https:\/\/chileentinieblas.cl\/en\/wp-json\/wp\/v2\/users\/31"}],"wp:featuredmedia":[{"embeddable":true,"href":"https:\/\/chileentinieblas.cl\/en\/wp-json\/wp\/v2\/media\/8128"}],"wp:attachment":[{"href":"https:\/\/chileentinieblas.cl\/en\/wp-json\/wp\/v2\/media?parent=8122"}],"wp:term":[{"taxonomy":"tipo-de-objeto","embeddable":true,"href":"https:\/\/chileentinieblas.cl\/en\/wp-json\/wp\/v2\/tipo-de-objeto?post=8122"}],"curies":[{"name":"wp","href":"https:\/\/api.w.org\/{rel}","templated":true}]}}

El Corazón del Nudo

<p class="wp-block-paragraph">Es un artefacto legendario cuya creación ha sido anunciada por profecías, visiones y entidades mucho más antiguas que la propia Jerarquía. Forjado a partir de cuatro reliquias de poder y un ancla nacida en la Tormenta, será capaz de alterar para siempre el equilibrio espiritual de la región.</p>



<p class="wp-block-paragraph">Nadie sabe con certeza qué ocurrirá cuando finalmente lata por primera vez. Para algunos será el cimiento de una nueva Necrópolis; para otros, el arma definitiva con la cual el Olvido extenderá sus vías sobre el Mundo de los Muertos. Su verdadera naturaleza dependerá, quizás, no de quién lo posea&#8230; sino de quién decida forjarlo.</p>



<figure class="wp-block-image size-large"><img fetchpriority="high" decoding="async" width="1024" height="1024" src="https://chileentinieblas.cl/wp-content/uploads/2026/07/corazon-nudo-1024x1024.png" alt="" class="wp-image-8128" srcset="https://chileentinieblas.cl/wp-content/uploads/2026/07/corazon-nudo-1024x1024.png 1024w, https://chileentinieblas.cl/wp-content/uploads/2026/07/corazon-nudo-300x300.png 300w, https://chileentinieblas.cl/wp-content/uploads/2026/07/corazon-nudo-150x150.png 150w, https://chileentinieblas.cl/wp-content/uploads/2026/07/corazon-nudo-768x768.png 768w, https://chileentinieblas.cl/wp-content/uploads/2026/07/corazon-nudo-12x12.png 12w, https://chileentinieblas.cl/wp-content/uploads/2026/07/corazon-nudo.png 1254w" sizes="(max-width: 1024px) 100vw, 1024px" /></figure>

<!-- This site is optimized with the Yoast SEO plugin v28.4 - https://yoast.com/product/yoast-seo-wordpress/ -->
<title>El Corazón del Nudo - Chile en Tinieblas</title>
<meta name="robots" content="index, follow, max-snippet:-1, max-image-preview:large, max-video-preview:-1" />
<link rel="canonical" href="https://chileentinieblas.cl/en/objeto-de-poder/el-corazon-del-nudo/" />
<meta property="og:locale" content="en_US" />
<meta property="og:type" content="article" />
<meta property="og:title" content="El Corazón del Nudo - Chile en Tinieblas" />
<meta property="og:description" content="Es un artefacto legendario cuya creación ha sido anunciada por profecías, visiones y entidades mucho más antiguas que la propia Jerarquía. Forjado a partir de cuatro reliquias de poder y un ancla nacida en la Tormenta, será capaz de alterar para siempre el equilibrio espiritual de la región. Nadie sabe con certeza qué ocurrirá cuando [&hellip;]" />
<meta property="og:url" content="https://chileentinieblas.cl/en/objeto-de-poder/el-corazon-del-nudo/" />
<meta property="og:site_name" content="Chile en Tinieblas" />
<meta property="article:publisher" content="https://www.facebook.com/ChileenTinieblas" />
<meta property="article:modified_time" content="2026-07-19T02:26:23+00:00" />
<meta property="og:image" content="https://chileentinieblas.cl/wp-content/uploads/2026/07/corazon-nudo-1024x1024.png" />
	<meta property="og:image:width" content="1024" />
	<meta property="og:image:height" content="1024" />
	<meta property="og:image:type" content="image/png" />
<meta name="twitter:card" content="summary_large_image" />
<meta name="twitter:label1" content="Est. reading time" />
	<meta name="twitter:data1" content="1 minute" />
<script type="application/ld+json" class="yoast-schema-graph">{"@context":"https:\/\/schema.org","@graph":[{"@type":"WebPage","@id":"https:\/\/chileentinieblas.cl\/objeto-de-poder\/el-corazon-del-nudo\/","url":"https:\/\/chileentinieblas.cl\/objeto-de-poder\/el-corazon-del-nudo\/","name":"El Corazón del Nudo - Chile en Tinieblas","isPartOf":{"@id":"https:\/\/chileentinieblas.cl\/#website"},"primaryImageOfPage":{"@id":"https:\/\/chileentinieblas.cl\/objeto-de-poder\/el-corazon-del-nudo\/#primaryimage"},"image":{"@id":"https:\/\/chileentinieblas.cl\/objeto-de-poder\/el-corazon-del-nudo\/#primaryimage"},"thumbnailUrl":"https:\/\/chileentinieblas.cl\/wp-content\/uploads\/2026\/07\/corazon-nudo.png","datePublished":"2026-07-19T01:27:36+00:00","dateModified":"2026-07-19T02:26:23+00:00","breadcrumb":{"@id":"https:\/\/chileentinieblas.cl\/objeto-de-poder\/el-corazon-del-nudo\/#breadcrumb"},"inLanguage":"en-US","potentialAction":[{"@type":"ReadAction","target":["https:\/\/chileentinieblas.cl\/objeto-de-poder\/el-corazon-del-nudo\/"]}]},{"@type":"ImageObject","inLanguage":"en-US","@id":"https:\/\/chileentinieblas.cl\/objeto-de-poder\/el-corazon-del-nudo\/#primaryimage","url":"https:\/\/chileentinieblas.cl\/wp-content\/uploads\/2026\/07\/corazon-nudo.png","contentUrl":"https:\/\/chileentinieblas.cl\/wp-content\/uploads\/2026\/07\/corazon-nudo.png","width":1254,"height":1254},{"@type":"BreadcrumbList","@id":"https:\/\/chileentinieblas.cl\/objeto-de-poder\/el-corazon-del-nudo\/#breadcrumb","itemListElement":[{"@type":"ListItem","position":1,"name":"Portada","item":"https:\/\/chileentinieblas.cl\/"},{"@type":"ListItem","position":2,"name":"Objetos de poder","item":"https:\/\/chileentinieblas.cl\/objeto-de-poder\/"},{"@type":"ListItem","position":3,"name":"El Corazón del Nudo"}]},{"@type":"WebSite","@id":"https:\/\/chileentinieblas.cl\/#website","url":"https:\/\/chileentinieblas.cl\/","name":"Chile en Tinieblas","description":"Un servidor con mesas de rol de Mundo de Tinieblas","publisher":{"@id":"https:\/\/chileentinieblas.cl\/#organization"},"potentialAction":[{"@type":"SearchAction","target":{"@type":"EntryPoint","urlTemplate":"https:\/\/chileentinieblas.cl\/?s={search_term_string}"},"query-input":{"@type":"PropertyValueSpecification","valueRequired":true,"valueName":"search_term_string"}}],"inLanguage":"en-US"},{"@type":"Organization","@id":"https:\/\/chileentinieblas.cl\/#organization","name":"Chile en Tinieblas","url":"https:\/\/chileentinieblas.cl\/","logo":{"@type":"ImageObject","inLanguage":"en-US","@id":"https:\/\/chileentinieblas.cl\/#\/schema\/logo\/image\/","url":"https:\/\/chileentinieblas.cl\/wp-content\/uploads\/2021\/12\/logo-cet-claro.png","contentUrl":"https:\/\/chileentinieblas.cl\/wp-content\/uploads\/2021\/12\/logo-cet-claro.png","width":1001,"height":1030,"caption":"Chile en Tinieblas"},"image":{"@id":"https:\/\/chileentinieblas.cl\/#\/schema\/logo\/image\/"},"sameAs":["https:\/\/www.facebook.com\/ChileenTinieblas","https:\/\/www.instagram.com\/chileentinieblas\/","https:\/\/www.youtube.com\/@chileentinieblas","https:\/\/www.tiktok.com\/@chileentinieblas"]}]}</script>
<!-- / Yoast SEO plugin. -->

El Corazón del Nudo - Chile en Tinieblas

Es un artefacto legendario cuya creación ha sido anunciada por profecías, visiones y entidades mucho más antiguas que la propia Jerarquía. Forjado a partir de cuatro reliquias de poder y un ancla nacida en la Tormenta, será capaz de alterar para siempre el equilibrio espiritual de la región. Nadie sabe con certeza qué ocurrirá cuando [&hellip;]
