{"id":6033,"date":"2025-03-10T19:31:55","date_gmt":"2025-03-10T19:31:55","guid":{"rendered":"https:\/\/chileentinieblas.cl\/?post_type=objeto-de-poder&#038;p=6033"},"modified":"2025-03-11T00:49:03","modified_gmt":"2025-03-11T00:49:03","slug":"el-talisman-de-los-lisperguer","status":"publish","type":"objeto-de-poder","link":"https:\/\/chileentinieblas.cl\/en\/objeto-de-poder\/el-talisman-de-los-lisperguer\/","title":{"rendered":"El talism\u00e1n de los Lisperguer"},"content":{"rendered":"<p class=\"wp-block-paragraph\">Muchos conocen el mito de Catalina de los Rios y Lisperberg, mejor conocida como\u00a0<strong><a href=\"https:\/\/es.wikipedia.org\/wiki\/La_Quintrala\" data-type=\"link\" data-id=\"https:\/\/es.wikipedia.org\/wiki\/La_Quintrala\">la Quintrala<\/a><\/strong>, y sus supuestos pactos con el diablo, pero poco se habla de la historia oculta de su familia, los Lisperberg, quienes se hab\u00edan vuelto en ese entonces un clan de cazadores de monstruos con la ayuda de la Sociedad de Leopoldo. Seg\u00fan los pocos registros que todav\u00eda quedan en algunas bibliotecas arcanas, en sus cacer\u00edas recolectaron y desarrollaron todo tipo de artilugios y armas con las cuales neutralizar a sus objetivos. Entre ellos se cuenta la historia de un talism\u00e1n capaz de debilitar a los vampiros que se expon\u00edan a su presencia, volviendo vulnerable hasta al m\u00e1s antiguo entre ellos.<\/p>\n\n\n\n<p class=\"wp-block-paragraph\"><\/p>","protected":false},"author":1,"featured_media":6080,"template":"","tipo-de-objeto":[241],"class_list":["post-6033","objeto-de-poder","type-objeto-de-poder","status-publish","has-post-thumbnail","hentry","tipo-de-objeto-talisman"],"acf":{"informacion_privada":"El Talism\u00e1n tiene el poder de bajar la potencia de sangre de vampiros antiguos.","mapa_de_kumu_u_otro_embed":null},"yoast_head":"<!-- This site is optimized with the Yoast SEO plugin v28.4 - https:\/\/yoast.com\/product\/yoast-seo-wordpress\/ -->\n<title>El talism\u00e1n de los Lisperguer - Chile en Tinieblas<\/title>\n<meta name=\"robots\" content=\"index, follow, max-snippet:-1, max-image-preview:large, max-video-preview:-1\" \/>\n<link rel=\"canonical\" href=\"https:\/\/chileentinieblas.cl\/en\/objeto-de-poder\/el-talisman-de-los-lisperguer\/\" \/>\n<meta property=\"og:locale\" content=\"en_US\" \/>\n<meta property=\"og:type\" content=\"article\" \/>\n<meta property=\"og:title\" content=\"El talism\u00e1n de los Lisperguer - Chile en Tinieblas\" \/>\n<meta property=\"og:description\" content=\"Muchos conocen el mito de Catalina de los Rios y Lisperberg, mejor conocida como\u00a0la Quintrala, y sus supuestos pactos con el diablo, pero poco se habla de la historia oculta de su familia, los Lisperberg, quienes se hab\u00edan vuelto en ese entonces un clan de cazadores de monstruos con la ayuda de la Sociedad de [&hellip;]\" \/>\n<meta property=\"og:url\" content=\"https:\/\/chileentinieblas.cl\/en\/objeto-de-poder\/el-talisman-de-los-lisperguer\/\" \/>\n<meta property=\"og:site_name\" content=\"Chile en Tinieblas\" \/>\n<meta property=\"article:publisher\" content=\"https:\/\/www.facebook.com\/ChileenTinieblas\" \/>\n<meta property=\"article:modified_time\" content=\"2025-03-11T00:49:03+00:00\" \/>\n<meta property=\"og:image\" content=\"https:\/\/chileentinieblas.cl\/wp-content\/uploads\/2025\/03\/talisman-lis.png\" \/>\n\t<meta property=\"og:image:width\" content=\"564\" \/>\n\t<meta property=\"og:image:height\" content=\"655\" \/>\n\t<meta property=\"og:image:type\" content=\"image\/png\" \/>\n<meta name=\"twitter:card\" content=\"summary_large_image\" \/>\n<meta name=\"twitter:label1\" content=\"Est. reading time\" \/>\n\t<meta name=\"twitter:data1\" content=\"1 minute\" \/>\n<script type=\"application\/ld+json\" class=\"yoast-schema-graph\">{\"@context\":\"https:\\\/\\\/schema.org\",\"@graph\":[{\"@type\":\"WebPage\",\"@id\":\"https:\\\/\\\/chileentinieblas.cl\\\/objeto-de-poder\\\/el-talisman-de-los-lisperguer\\\/\",\"url\":\"https:\\\/\\\/chileentinieblas.cl\\\/objeto-de-poder\\\/el-talisman-de-los-lisperguer\\\/\",\"name\":\"El talism\u00e1n de los Lisperguer - Chile en Tinieblas\",\"isPartOf\":{\"@id\":\"https:\\\/\\\/chileentinieblas.cl\\\/#website\"},\"primaryImageOfPage\":{\"@id\":\"https:\\\/\\\/chileentinieblas.cl\\\/objeto-de-poder\\\/el-talisman-de-los-lisperguer\\\/#primaryimage\"},\"image\":{\"@id\":\"https:\\\/\\\/chileentinieblas.cl\\\/objeto-de-poder\\\/el-talisman-de-los-lisperguer\\\/#primaryimage\"},\"thumbnailUrl\":\"https:\\\/\\\/chileentinieblas.cl\\\/wp-content\\\/uploads\\\/2025\\\/03\\\/talisman-lis.png\",\"datePublished\":\"2025-03-10T19:31:55+00:00\",\"dateModified\":\"2025-03-11T00:49:03+00:00\",\"breadcrumb\":{\"@id\":\"https:\\\/\\\/chileentinieblas.cl\\\/objeto-de-poder\\\/el-talisman-de-los-lisperguer\\\/#breadcrumb\"},\"inLanguage\":\"en-US\",\"potentialAction\":[{\"@type\":\"ReadAction\",\"target\":[\"https:\\\/\\\/chileentinieblas.cl\\\/objeto-de-poder\\\/el-talisman-de-los-lisperguer\\\/\"]}]},{\"@type\":\"ImageObject\",\"inLanguage\":\"en-US\",\"@id\":\"https:\\\/\\\/chileentinieblas.cl\\\/objeto-de-poder\\\/el-talisman-de-los-lisperguer\\\/#primaryimage\",\"url\":\"https:\\\/\\\/chileentinieblas.cl\\\/wp-content\\\/uploads\\\/2025\\\/03\\\/talisman-lis.png\",\"contentUrl\":\"https:\\\/\\\/chileentinieblas.cl\\\/wp-content\\\/uploads\\\/2025\\\/03\\\/talisman-lis.png\",\"width\":564,\"height\":655},{\"@type\":\"BreadcrumbList\",\"@id\":\"https:\\\/\\\/chileentinieblas.cl\\\/objeto-de-poder\\\/el-talisman-de-los-lisperguer\\\/#breadcrumb\",\"itemListElement\":[{\"@type\":\"ListItem\",\"position\":1,\"name\":\"Portada\",\"item\":\"https:\\\/\\\/chileentinieblas.cl\\\/\"},{\"@type\":\"ListItem\",\"position\":2,\"name\":\"Objetos de poder\",\"item\":\"https:\\\/\\\/chileentinieblas.cl\\\/objeto-de-poder\\\/\"},{\"@type\":\"ListItem\",\"position\":3,\"name\":\"El talism\u00e1n de los Lisperguer\"}]},{\"@type\":\"WebSite\",\"@id\":\"https:\\\/\\\/chileentinieblas.cl\\\/#website\",\"url\":\"https:\\\/\\\/chileentinieblas.cl\\\/\",\"name\":\"Chile en Tinieblas\",\"description\":\"Un servidor con mesas de rol de Mundo de Tinieblas\",\"publisher\":{\"@id\":\"https:\\\/\\\/chileentinieblas.cl\\\/#organization\"},\"potentialAction\":[{\"@type\":\"SearchAction\",\"target\":{\"@type\":\"EntryPoint\",\"urlTemplate\":\"https:\\\/\\\/chileentinieblas.cl\\\/?s={search_term_string}\"},\"query-input\":{\"@type\":\"PropertyValueSpecification\",\"valueRequired\":true,\"valueName\":\"search_term_string\"}}],\"inLanguage\":\"en-US\"},{\"@type\":\"Organization\",\"@id\":\"https:\\\/\\\/chileentinieblas.cl\\\/#organization\",\"name\":\"Chile en Tinieblas\",\"url\":\"https:\\\/\\\/chileentinieblas.cl\\\/\",\"logo\":{\"@type\":\"ImageObject\",\"inLanguage\":\"en-US\",\"@id\":\"https:\\\/\\\/chileentinieblas.cl\\\/#\\\/schema\\\/logo\\\/image\\\/\",\"url\":\"https:\\\/\\\/chileentinieblas.cl\\\/wp-content\\\/uploads\\\/2021\\\/12\\\/logo-cet-claro.png\",\"contentUrl\":\"https:\\\/\\\/chileentinieblas.cl\\\/wp-content\\\/uploads\\\/2021\\\/12\\\/logo-cet-claro.png\",\"width\":1001,\"height\":1030,\"caption\":\"Chile en Tinieblas\"},\"image\":{\"@id\":\"https:\\\/\\\/chileentinieblas.cl\\\/#\\\/schema\\\/logo\\\/image\\\/\"},\"sameAs\":[\"https:\\\/\\\/www.facebook.com\\\/ChileenTinieblas\",\"https:\\\/\\\/www.instagram.com\\\/chileentinieblas\\\/\",\"https:\\\/\\\/www.youtube.com\\\/@chileentinieblas\",\"https:\\\/\\\/www.tiktok.com\\\/@chileentinieblas\"]}]}<\/script>\n<!-- \/ Yoast SEO plugin. -->","yoast_head_json":{"title":"El talism\u00e1n de los Lisperguer - Chile en Tinieblas","robots":{"index":"index","follow":"follow","max-snippet":"max-snippet:-1","max-image-preview":"max-image-preview:large","max-video-preview":"max-video-preview:-1"},"canonical":"https:\/\/chileentinieblas.cl\/en\/objeto-de-poder\/el-talisman-de-los-lisperguer\/","og_locale":"en_US","og_type":"article","og_title":"El talism\u00e1n de los Lisperguer - Chile en Tinieblas","og_description":"Muchos conocen el mito de Catalina de los Rios y Lisperberg, mejor conocida como\u00a0la Quintrala, y sus supuestos pactos con el diablo, pero poco se habla de la historia oculta de su familia, los Lisperberg, quienes se hab\u00edan vuelto en ese entonces un clan de cazadores de monstruos con la ayuda de la Sociedad de [&hellip;]","og_url":"https:\/\/chileentinieblas.cl\/en\/objeto-de-poder\/el-talisman-de-los-lisperguer\/","og_site_name":"Chile en Tinieblas","article_publisher":"https:\/\/www.facebook.com\/ChileenTinieblas","article_modified_time":"2025-03-11T00:49:03+00:00","og_image":[{"width":564,"height":655,"url":"https:\/\/chileentinieblas.cl\/wp-content\/uploads\/2025\/03\/talisman-lis.png","type":"image\/png"}],"twitter_card":"summary_large_image","twitter_misc":{"Est. reading time":"1 minute"},"schema":{"@context":"https:\/\/schema.org","@graph":[{"@type":"WebPage","@id":"https:\/\/chileentinieblas.cl\/objeto-de-poder\/el-talisman-de-los-lisperguer\/","url":"https:\/\/chileentinieblas.cl\/objeto-de-poder\/el-talisman-de-los-lisperguer\/","name":"El talism\u00e1n de los Lisperguer - Chile en Tinieblas","isPartOf":{"@id":"https:\/\/chileentinieblas.cl\/#website"},"primaryImageOfPage":{"@id":"https:\/\/chileentinieblas.cl\/objeto-de-poder\/el-talisman-de-los-lisperguer\/#primaryimage"},"image":{"@id":"https:\/\/chileentinieblas.cl\/objeto-de-poder\/el-talisman-de-los-lisperguer\/#primaryimage"},"thumbnailUrl":"https:\/\/chileentinieblas.cl\/wp-content\/uploads\/2025\/03\/talisman-lis.png","datePublished":"2025-03-10T19:31:55+00:00","dateModified":"2025-03-11T00:49:03+00:00","breadcrumb":{"@id":"https:\/\/chileentinieblas.cl\/objeto-de-poder\/el-talisman-de-los-lisperguer\/#breadcrumb"},"inLanguage":"en-US","potentialAction":[{"@type":"ReadAction","target":["https:\/\/chileentinieblas.cl\/objeto-de-poder\/el-talisman-de-los-lisperguer\/"]}]},{"@type":"ImageObject","inLanguage":"en-US","@id":"https:\/\/chileentinieblas.cl\/objeto-de-poder\/el-talisman-de-los-lisperguer\/#primaryimage","url":"https:\/\/chileentinieblas.cl\/wp-content\/uploads\/2025\/03\/talisman-lis.png","contentUrl":"https:\/\/chileentinieblas.cl\/wp-content\/uploads\/2025\/03\/talisman-lis.png","width":564,"height":655},{"@type":"BreadcrumbList","@id":"https:\/\/chileentinieblas.cl\/objeto-de-poder\/el-talisman-de-los-lisperguer\/#breadcrumb","itemListElement":[{"@type":"ListItem","position":1,"name":"Portada","item":"https:\/\/chileentinieblas.cl\/"},{"@type":"ListItem","position":2,"name":"Objetos de poder","item":"https:\/\/chileentinieblas.cl\/objeto-de-poder\/"},{"@type":"ListItem","position":3,"name":"El talism\u00e1n de los Lisperguer"}]},{"@type":"WebSite","@id":"https:\/\/chileentinieblas.cl\/#website","url":"https:\/\/chileentinieblas.cl\/","name":"Chile en Tinieblas","description":"Un servidor con mesas de rol de Mundo de Tinieblas","publisher":{"@id":"https:\/\/chileentinieblas.cl\/#organization"},"potentialAction":[{"@type":"SearchAction","target":{"@type":"EntryPoint","urlTemplate":"https:\/\/chileentinieblas.cl\/?s={search_term_string}"},"query-input":{"@type":"PropertyValueSpecification","valueRequired":true,"valueName":"search_term_string"}}],"inLanguage":"en-US"},{"@type":"Organization","@id":"https:\/\/chileentinieblas.cl\/#organization","name":"Chile en Tinieblas","url":"https:\/\/chileentinieblas.cl\/","logo":{"@type":"ImageObject","inLanguage":"en-US","@id":"https:\/\/chileentinieblas.cl\/#\/schema\/logo\/image\/","url":"https:\/\/chileentinieblas.cl\/wp-content\/uploads\/2021\/12\/logo-cet-claro.png","contentUrl":"https:\/\/chileentinieblas.cl\/wp-content\/uploads\/2021\/12\/logo-cet-claro.png","width":1001,"height":1030,"caption":"Chile en Tinieblas"},"image":{"@id":"https:\/\/chileentinieblas.cl\/#\/schema\/logo\/image\/"},"sameAs":["https:\/\/www.facebook.com\/ChileenTinieblas","https:\/\/www.instagram.com\/chileentinieblas\/","https:\/\/www.youtube.com\/@chileentinieblas","https:\/\/www.tiktok.com\/@chileentinieblas"]}]}},"jetpack_sharing_enabled":true,"_links":{"self":[{"href":"https:\/\/chileentinieblas.cl\/en\/wp-json\/wp\/v2\/objeto-de-poder\/6033","targetHints":{"allow":["GET"]}}],"collection":[{"href":"https:\/\/chileentinieblas.cl\/en\/wp-json\/wp\/v2\/objeto-de-poder"}],"about":[{"href":"https:\/\/chileentinieblas.cl\/en\/wp-json\/wp\/v2\/types\/objeto-de-poder"}],"author":[{"embeddable":true,"href":"https:\/\/chileentinieblas.cl\/en\/wp-json\/wp\/v2\/users\/1"}],"wp:attachment":[{"href":"https:\/\/chileentinieblas.cl\/en\/wp-json\/wp\/v2\/media?parent=6033"}],"wp:term":[{"taxonomy":"tipo-de-objeto","embeddable":true,"href":"https:\/\/chileentinieblas.cl\/en\/wp-json\/wp\/v2\/tipo-de-objeto?post=6033"}],"curies":[{"name":"wp","href":"https:\/\/api.w.org\/{rel}","templated":true}]}}

El talismán de los Lisperguer

<p class="wp-block-paragraph">Muchos conocen el mito de Catalina de los Rios y Lisperberg, mejor conocida como <strong><a href="https://es.wikipedia.org/wiki/La_Quintrala" data-type="link" data-id="https://es.wikipedia.org/wiki/La_Quintrala">la Quintrala</a></strong>, y sus supuestos pactos con el diablo, pero poco se habla de la historia oculta de su familia, los Lisperberg, quienes se habían vuelto en ese entonces un clan de cazadores de monstruos con la ayuda de la Sociedad de Leopoldo. Según los pocos registros que todavía quedan en algunas bibliotecas arcanas, en sus cacerías recolectaron y desarrollaron todo tipo de artilugios y armas con las cuales neutralizar a sus objetivos. Entre ellos se cuenta la historia de un talismán capaz de debilitar a los vampiros que se exponían a su presencia, volviendo vulnerable hasta al más antiguo entre ellos.</p>



<p class="wp-block-paragraph"></p>

El Talismán tiene el poder de bajar la potencia de sangre de vampiros antiguos.

<!-- This site is optimized with the Yoast SEO plugin v28.4 - https://yoast.com/product/yoast-seo-wordpress/ -->
<title>El talismán de los Lisperguer - Chile en Tinieblas</title>
<meta name="robots" content="index, follow, max-snippet:-1, max-image-preview:large, max-video-preview:-1" />
<link rel="canonical" href="https://chileentinieblas.cl/en/objeto-de-poder/el-talisman-de-los-lisperguer/" />
<meta property="og:locale" content="en_US" />
<meta property="og:type" content="article" />
<meta property="og:title" content="El talismán de los Lisperguer - Chile en Tinieblas" />
<meta property="og:description" content="Muchos conocen el mito de Catalina de los Rios y Lisperberg, mejor conocida como la Quintrala, y sus supuestos pactos con el diablo, pero poco se habla de la historia oculta de su familia, los Lisperberg, quienes se habían vuelto en ese entonces un clan de cazadores de monstruos con la ayuda de la Sociedad de [&hellip;]" />
<meta property="og:url" content="https://chileentinieblas.cl/en/objeto-de-poder/el-talisman-de-los-lisperguer/" />
<meta property="og:site_name" content="Chile en Tinieblas" />
<meta property="article:publisher" content="https://www.facebook.com/ChileenTinieblas" />
<meta property="article:modified_time" content="2025-03-11T00:49:03+00:00" />
<meta property="og:image" content="https://chileentinieblas.cl/wp-content/uploads/2025/03/talisman-lis.png" />
	<meta property="og:image:width" content="564" />
	<meta property="og:image:height" content="655" />
	<meta property="og:image:type" content="image/png" />
<meta name="twitter:card" content="summary_large_image" />
<meta name="twitter:label1" content="Est. reading time" />
	<meta name="twitter:data1" content="1 minute" />
<script type="application/ld+json" class="yoast-schema-graph">{"@context":"https:\/\/schema.org","@graph":[{"@type":"WebPage","@id":"https:\/\/chileentinieblas.cl\/objeto-de-poder\/el-talisman-de-los-lisperguer\/","url":"https:\/\/chileentinieblas.cl\/objeto-de-poder\/el-talisman-de-los-lisperguer\/","name":"El talismán de los Lisperguer - Chile en Tinieblas","isPartOf":{"@id":"https:\/\/chileentinieblas.cl\/#website"},"primaryImageOfPage":{"@id":"https:\/\/chileentinieblas.cl\/objeto-de-poder\/el-talisman-de-los-lisperguer\/#primaryimage"},"image":{"@id":"https:\/\/chileentinieblas.cl\/objeto-de-poder\/el-talisman-de-los-lisperguer\/#primaryimage"},"thumbnailUrl":"https:\/\/chileentinieblas.cl\/wp-content\/uploads\/2025\/03\/talisman-lis.png","datePublished":"2025-03-10T19:31:55+00:00","dateModified":"2025-03-11T00:49:03+00:00","breadcrumb":{"@id":"https:\/\/chileentinieblas.cl\/objeto-de-poder\/el-talisman-de-los-lisperguer\/#breadcrumb"},"inLanguage":"en-US","potentialAction":[{"@type":"ReadAction","target":["https:\/\/chileentinieblas.cl\/objeto-de-poder\/el-talisman-de-los-lisperguer\/"]}]},{"@type":"ImageObject","inLanguage":"en-US","@id":"https:\/\/chileentinieblas.cl\/objeto-de-poder\/el-talisman-de-los-lisperguer\/#primaryimage","url":"https:\/\/chileentinieblas.cl\/wp-content\/uploads\/2025\/03\/talisman-lis.png","contentUrl":"https:\/\/chileentinieblas.cl\/wp-content\/uploads\/2025\/03\/talisman-lis.png","width":564,"height":655},{"@type":"BreadcrumbList","@id":"https:\/\/chileentinieblas.cl\/objeto-de-poder\/el-talisman-de-los-lisperguer\/#breadcrumb","itemListElement":[{"@type":"ListItem","position":1,"name":"Portada","item":"https:\/\/chileentinieblas.cl\/"},{"@type":"ListItem","position":2,"name":"Objetos de poder","item":"https:\/\/chileentinieblas.cl\/objeto-de-poder\/"},{"@type":"ListItem","position":3,"name":"El talismán de los Lisperguer"}]},{"@type":"WebSite","@id":"https:\/\/chileentinieblas.cl\/#website","url":"https:\/\/chileentinieblas.cl\/","name":"Chile en Tinieblas","description":"Un servidor con mesas de rol de Mundo de Tinieblas","publisher":{"@id":"https:\/\/chileentinieblas.cl\/#organization"},"potentialAction":[{"@type":"SearchAction","target":{"@type":"EntryPoint","urlTemplate":"https:\/\/chileentinieblas.cl\/?s={search_term_string}"},"query-input":{"@type":"PropertyValueSpecification","valueRequired":true,"valueName":"search_term_string"}}],"inLanguage":"en-US"},{"@type":"Organization","@id":"https:\/\/chileentinieblas.cl\/#organization","name":"Chile en Tinieblas","url":"https:\/\/chileentinieblas.cl\/","logo":{"@type":"ImageObject","inLanguage":"en-US","@id":"https:\/\/chileentinieblas.cl\/#\/schema\/logo\/image\/","url":"https:\/\/chileentinieblas.cl\/wp-content\/uploads\/2021\/12\/logo-cet-claro.png","contentUrl":"https:\/\/chileentinieblas.cl\/wp-content\/uploads\/2021\/12\/logo-cet-claro.png","width":1001,"height":1030,"caption":"Chile en Tinieblas"},"image":{"@id":"https:\/\/chileentinieblas.cl\/#\/schema\/logo\/image\/"},"sameAs":["https:\/\/www.facebook.com\/ChileenTinieblas","https:\/\/www.instagram.com\/chileentinieblas\/","https:\/\/www.youtube.com\/@chileentinieblas","https:\/\/www.tiktok.com\/@chileentinieblas"]}]}</script>
<!-- / Yoast SEO plugin. -->

El talismán de los Lisperguer - Chile en Tinieblas

Muchos conocen el mito de Catalina de los Rios y Lisperberg, mejor conocida como la Quintrala, y sus supuestos pactos con el diablo, pero poco se habla de la historia oculta de su familia, los Lisperberg, quienes se habían vuelto en ese entonces un clan de cazadores de monstruos con la ayuda de la Sociedad de [&hellip;]
