{"id":8180,"date":"2026-09-01T23:58:31","date_gmt":"2026-09-01T23:58:31","guid":{"rendered":"https:\/\/chileentinieblas.cl\/?post_type=agrupaciones&#038;p=8180"},"modified":"2026-09-02T00:28:37","modified_gmt":"2026-09-02T00:28:37","slug":"el-pino-del-condor-albino","status":"publish","type":"agrupaciones","link":"https:\/\/chileentinieblas.cl\/en\/agrupaciones\/el-pino-del-condor-albino\/","title":{"rendered":"El pi\u00f1o del condor albino"},"content":{"rendered":"<p class=\"wp-block-paragraph\">Este es un grupo radical mapuche independiente y asociado a la <a href=\"https:\/\/chileentinieblas.cl\/en\/agrupaciones\/coordinadora-arauco-malleco-cam\/\" data-type=\"agrupaciones\" data-id=\"8183\">Coordinadora Arauco Malleco (CAM)<\/a> que lucha de forma clandestina por la reivindicaci\u00f3n del pueblo mapuche a traves de la lucha armada.<\/p>\n\n\n\n<p class=\"wp-block-paragraph\">Est\u00e1 ubicada en la regi\u00f3n de la araucan\u00eda y es liderada por una figura misteriosa conocida como el &#8220;Condor Albino&#8221;. No hay informaci\u00f3n certera sobre este sujeto, pero los rumores lo identifican como un l\u00edder h\u00e1bil y carism\u00e1tico que logra aglomerar a las disidencias existentes dentro del mismo pueblo mapuche.<\/p>\n\n\n\n<p class=\"wp-block-paragraph\">Se dice que cualquiera, sin importar su procedencia o estat\u00fas puede ser parte del grupo, la \u00fanica necesidad es una convicci\u00f3n y lealtad a la causa, contando entre sus filas personas que podr\u00edan ser consideradas &#8220;Winkas&#8221; entre otras.<\/p>\n\n\n\n<p class=\"wp-block-paragraph\">No se sabe con el exactitud el tama\u00f1o del grupo, pero no pasa de una formaci\u00f3n guerrillera.<\/p>","protected":false},"excerpt":{"rendered":"<p>Este es un grupo radical mapuche independiente y asociado a la Coordinadora Arauco Malleco (CAM) que lucha de forma clandestina por la reivindicaci\u00f3n del pueblo mapuche a traves de la lucha armada. Est\u00e1 ubicada en la regi\u00f3n de la araucan\u00eda y es liderada por una figura misteriosa conocida como el &#8220;Condor Albino&#8221;. No hay informaci\u00f3n [&hellip;]<\/p>\n","protected":false},"author":34,"featured_media":8182,"template":"","juego":[],"class_list":["post-8180","agrupaciones","type-agrupaciones","status-publish","has-post-thumbnail","hentry"],"acf":{"lideres_agrupacion":"","integrantes_agrupacion":"","integrantes-secundarios":null,"simbolo":"","estatus":"Activo","informacion_privada":"","mapa_de_kumu_u_otro_embed":""},"yoast_head":"<!-- This site is optimized with the Yoast SEO plugin v28.4 - https:\/\/yoast.com\/product\/yoast-seo-wordpress\/ -->\n<title>El pi\u00f1o del condor albino - Chile en Tinieblas<\/title>\n<meta name=\"robots\" content=\"index, follow, max-snippet:-1, max-image-preview:large, max-video-preview:-1\" \/>\n<link rel=\"canonical\" href=\"https:\/\/chileentinieblas.cl\/en\/agrupaciones\/el-pino-del-condor-albino\/\" \/>\n<meta property=\"og:locale\" content=\"en_US\" \/>\n<meta property=\"og:type\" content=\"article\" \/>\n<meta property=\"og:title\" content=\"El pi\u00f1o del condor albino - Chile en Tinieblas\" \/>\n<meta property=\"og:description\" content=\"Este es un grupo radical mapuche independiente y asociado a la Coordinadora Arauco Malleco (CAM) que lucha de forma clandestina por la reivindicaci\u00f3n del pueblo mapuche a traves de la lucha armada. Est\u00e1 ubicada en la regi\u00f3n de la araucan\u00eda y es liderada por una figura misteriosa conocida como el &#8220;Condor Albino&#8221;. No hay informaci\u00f3n [&hellip;]\" \/>\n<meta property=\"og:url\" content=\"https:\/\/chileentinieblas.cl\/en\/agrupaciones\/el-pino-del-condor-albino\/\" \/>\n<meta property=\"og:site_name\" content=\"Chile en Tinieblas\" \/>\n<meta property=\"article:publisher\" content=\"https:\/\/www.facebook.com\/ChileenTinieblas\" \/>\n<meta property=\"article:modified_time\" content=\"2026-09-02T00:28:37+00:00\" \/>\n<meta property=\"og:image\" content=\"https:\/\/chileentinieblas.cl\/wp-content\/uploads\/2026\/09\/bandera-del-condor-albino.png\" \/>\n\t<meta property=\"og:image:width\" content=\"1254\" \/>\n\t<meta property=\"og:image:height\" content=\"1254\" \/>\n\t<meta property=\"og:image:type\" content=\"image\/png\" \/>\n<meta name=\"twitter:card\" content=\"summary_large_image\" \/>\n<meta name=\"twitter:label1\" content=\"Est. reading time\" \/>\n\t<meta name=\"twitter:data1\" content=\"1 minute\" \/>\n<script type=\"application\/ld+json\" class=\"yoast-schema-graph\">{\"@context\":\"https:\\\/\\\/schema.org\",\"@graph\":[{\"@type\":\"WebPage\",\"@id\":\"https:\\\/\\\/chileentinieblas.cl\\\/agrupaciones\\\/el-pino-del-condor-albino\\\/\",\"url\":\"https:\\\/\\\/chileentinieblas.cl\\\/agrupaciones\\\/el-pino-del-condor-albino\\\/\",\"name\":\"El pi\u00f1o del condor albino - Chile en Tinieblas\",\"isPartOf\":{\"@id\":\"https:\\\/\\\/chileentinieblas.cl\\\/#website\"},\"primaryImageOfPage\":{\"@id\":\"https:\\\/\\\/chileentinieblas.cl\\\/agrupaciones\\\/el-pino-del-condor-albino\\\/#primaryimage\"},\"image\":{\"@id\":\"https:\\\/\\\/chileentinieblas.cl\\\/agrupaciones\\\/el-pino-del-condor-albino\\\/#primaryimage\"},\"thumbnailUrl\":\"https:\\\/\\\/chileentinieblas.cl\\\/wp-content\\\/uploads\\\/2026\\\/09\\\/bandera-del-condor-albino.png\",\"datePublished\":\"2026-09-01T23:58:31+00:00\",\"dateModified\":\"2026-09-02T00:28:37+00:00\",\"breadcrumb\":{\"@id\":\"https:\\\/\\\/chileentinieblas.cl\\\/agrupaciones\\\/el-pino-del-condor-albino\\\/#breadcrumb\"},\"inLanguage\":\"en-US\",\"potentialAction\":[{\"@type\":\"ReadAction\",\"target\":[\"https:\\\/\\\/chileentinieblas.cl\\\/agrupaciones\\\/el-pino-del-condor-albino\\\/\"]}]},{\"@type\":\"ImageObject\",\"inLanguage\":\"en-US\",\"@id\":\"https:\\\/\\\/chileentinieblas.cl\\\/agrupaciones\\\/el-pino-del-condor-albino\\\/#primaryimage\",\"url\":\"https:\\\/\\\/chileentinieblas.cl\\\/wp-content\\\/uploads\\\/2026\\\/09\\\/bandera-del-condor-albino.png\",\"contentUrl\":\"https:\\\/\\\/chileentinieblas.cl\\\/wp-content\\\/uploads\\\/2026\\\/09\\\/bandera-del-condor-albino.png\",\"width\":1254,\"height\":1254},{\"@type\":\"BreadcrumbList\",\"@id\":\"https:\\\/\\\/chileentinieblas.cl\\\/agrupaciones\\\/el-pino-del-condor-albino\\\/#breadcrumb\",\"itemListElement\":[{\"@type\":\"ListItem\",\"position\":1,\"name\":\"Portada\",\"item\":\"https:\\\/\\\/chileentinieblas.cl\\\/\"},{\"@type\":\"ListItem\",\"position\":2,\"name\":\"agrupaciones\",\"item\":\"https:\\\/\\\/chileentinieblas.cl\\\/agrupaciones\\\/\"},{\"@type\":\"ListItem\",\"position\":3,\"name\":\"El pi\u00f1o del condor albino\"}]},{\"@type\":\"WebSite\",\"@id\":\"https:\\\/\\\/chileentinieblas.cl\\\/#website\",\"url\":\"https:\\\/\\\/chileentinieblas.cl\\\/\",\"name\":\"Chile en Tinieblas\",\"description\":\"Un servidor con mesas de rol de Mundo de Tinieblas\",\"publisher\":{\"@id\":\"https:\\\/\\\/chileentinieblas.cl\\\/#organization\"},\"potentialAction\":[{\"@type\":\"SearchAction\",\"target\":{\"@type\":\"EntryPoint\",\"urlTemplate\":\"https:\\\/\\\/chileentinieblas.cl\\\/?s={search_term_string}\"},\"query-input\":{\"@type\":\"PropertyValueSpecification\",\"valueRequired\":true,\"valueName\":\"search_term_string\"}}],\"inLanguage\":\"en-US\"},{\"@type\":\"Organization\",\"@id\":\"https:\\\/\\\/chileentinieblas.cl\\\/#organization\",\"name\":\"Chile en Tinieblas\",\"url\":\"https:\\\/\\\/chileentinieblas.cl\\\/\",\"logo\":{\"@type\":\"ImageObject\",\"inLanguage\":\"en-US\",\"@id\":\"https:\\\/\\\/chileentinieblas.cl\\\/#\\\/schema\\\/logo\\\/image\\\/\",\"url\":\"https:\\\/\\\/chileentinieblas.cl\\\/wp-content\\\/uploads\\\/2021\\\/12\\\/logo-cet-claro.png\",\"contentUrl\":\"https:\\\/\\\/chileentinieblas.cl\\\/wp-content\\\/uploads\\\/2021\\\/12\\\/logo-cet-claro.png\",\"width\":1001,\"height\":1030,\"caption\":\"Chile en Tinieblas\"},\"image\":{\"@id\":\"https:\\\/\\\/chileentinieblas.cl\\\/#\\\/schema\\\/logo\\\/image\\\/\"},\"sameAs\":[\"https:\\\/\\\/www.facebook.com\\\/ChileenTinieblas\",\"https:\\\/\\\/www.instagram.com\\\/chileentinieblas\\\/\",\"https:\\\/\\\/www.youtube.com\\\/@chileentinieblas\",\"https:\\\/\\\/www.tiktok.com\\\/@chileentinieblas\"]}]}<\/script>\n<!-- \/ Yoast SEO plugin. -->","yoast_head_json":{"title":"El pi\u00f1o del condor albino - Chile en Tinieblas","robots":{"index":"index","follow":"follow","max-snippet":"max-snippet:-1","max-image-preview":"max-image-preview:large","max-video-preview":"max-video-preview:-1"},"canonical":"https:\/\/chileentinieblas.cl\/en\/agrupaciones\/el-pino-del-condor-albino\/","og_locale":"en_US","og_type":"article","og_title":"El pi\u00f1o del condor albino - Chile en Tinieblas","og_description":"Este es un grupo radical mapuche independiente y asociado a la Coordinadora Arauco Malleco (CAM) que lucha de forma clandestina por la reivindicaci\u00f3n del pueblo mapuche a traves de la lucha armada. Est\u00e1 ubicada en la regi\u00f3n de la araucan\u00eda y es liderada por una figura misteriosa conocida como el &#8220;Condor Albino&#8221;. No hay informaci\u00f3n [&hellip;]","og_url":"https:\/\/chileentinieblas.cl\/en\/agrupaciones\/el-pino-del-condor-albino\/","og_site_name":"Chile en Tinieblas","article_publisher":"https:\/\/www.facebook.com\/ChileenTinieblas","article_modified_time":"2026-09-02T00:28:37+00:00","og_image":[{"width":1254,"height":1254,"url":"https:\/\/chileentinieblas.cl\/wp-content\/uploads\/2026\/09\/bandera-del-condor-albino.png","type":"image\/png"}],"twitter_card":"summary_large_image","twitter_misc":{"Est. reading time":"1 minute"},"schema":{"@context":"https:\/\/schema.org","@graph":[{"@type":"WebPage","@id":"https:\/\/chileentinieblas.cl\/agrupaciones\/el-pino-del-condor-albino\/","url":"https:\/\/chileentinieblas.cl\/agrupaciones\/el-pino-del-condor-albino\/","name":"El pi\u00f1o del condor albino - Chile en Tinieblas","isPartOf":{"@id":"https:\/\/chileentinieblas.cl\/#website"},"primaryImageOfPage":{"@id":"https:\/\/chileentinieblas.cl\/agrupaciones\/el-pino-del-condor-albino\/#primaryimage"},"image":{"@id":"https:\/\/chileentinieblas.cl\/agrupaciones\/el-pino-del-condor-albino\/#primaryimage"},"thumbnailUrl":"https:\/\/chileentinieblas.cl\/wp-content\/uploads\/2026\/09\/bandera-del-condor-albino.png","datePublished":"2026-09-01T23:58:31+00:00","dateModified":"2026-09-02T00:28:37+00:00","breadcrumb":{"@id":"https:\/\/chileentinieblas.cl\/agrupaciones\/el-pino-del-condor-albino\/#breadcrumb"},"inLanguage":"en-US","potentialAction":[{"@type":"ReadAction","target":["https:\/\/chileentinieblas.cl\/agrupaciones\/el-pino-del-condor-albino\/"]}]},{"@type":"ImageObject","inLanguage":"en-US","@id":"https:\/\/chileentinieblas.cl\/agrupaciones\/el-pino-del-condor-albino\/#primaryimage","url":"https:\/\/chileentinieblas.cl\/wp-content\/uploads\/2026\/09\/bandera-del-condor-albino.png","contentUrl":"https:\/\/chileentinieblas.cl\/wp-content\/uploads\/2026\/09\/bandera-del-condor-albino.png","width":1254,"height":1254},{"@type":"BreadcrumbList","@id":"https:\/\/chileentinieblas.cl\/agrupaciones\/el-pino-del-condor-albino\/#breadcrumb","itemListElement":[{"@type":"ListItem","position":1,"name":"Portada","item":"https:\/\/chileentinieblas.cl\/"},{"@type":"ListItem","position":2,"name":"agrupaciones","item":"https:\/\/chileentinieblas.cl\/agrupaciones\/"},{"@type":"ListItem","position":3,"name":"El pi\u00f1o del condor albino"}]},{"@type":"WebSite","@id":"https:\/\/chileentinieblas.cl\/#website","url":"https:\/\/chileentinieblas.cl\/","name":"Chile en Tinieblas","description":"Un servidor con mesas de rol de Mundo de Tinieblas","publisher":{"@id":"https:\/\/chileentinieblas.cl\/#organization"},"potentialAction":[{"@type":"SearchAction","target":{"@type":"EntryPoint","urlTemplate":"https:\/\/chileentinieblas.cl\/?s={search_term_string}"},"query-input":{"@type":"PropertyValueSpecification","valueRequired":true,"valueName":"search_term_string"}}],"inLanguage":"en-US"},{"@type":"Organization","@id":"https:\/\/chileentinieblas.cl\/#organization","name":"Chile en Tinieblas","url":"https:\/\/chileentinieblas.cl\/","logo":{"@type":"ImageObject","inLanguage":"en-US","@id":"https:\/\/chileentinieblas.cl\/#\/schema\/logo\/image\/","url":"https:\/\/chileentinieblas.cl\/wp-content\/uploads\/2021\/12\/logo-cet-claro.png","contentUrl":"https:\/\/chileentinieblas.cl\/wp-content\/uploads\/2021\/12\/logo-cet-claro.png","width":1001,"height":1030,"caption":"Chile en Tinieblas"},"image":{"@id":"https:\/\/chileentinieblas.cl\/#\/schema\/logo\/image\/"},"sameAs":["https:\/\/www.facebook.com\/ChileenTinieblas","https:\/\/www.instagram.com\/chileentinieblas\/","https:\/\/www.youtube.com\/@chileentinieblas","https:\/\/www.tiktok.com\/@chileentinieblas"]}]}},"jetpack_sharing_enabled":true,"_links":{"self":[{"href":"https:\/\/chileentinieblas.cl\/en\/wp-json\/wp\/v2\/agrupaciones\/8180","targetHints":{"allow":["GET"]}}],"collection":[{"href":"https:\/\/chileentinieblas.cl\/en\/wp-json\/wp\/v2\/agrupaciones"}],"about":[{"href":"https:\/\/chileentinieblas.cl\/en\/wp-json\/wp\/v2\/types\/agrupaciones"}],"author":[{"embeddable":true,"href":"https:\/\/chileentinieblas.cl\/en\/wp-json\/wp\/v2\/users\/34"}],"version-history":[{"count":2,"href":"https:\/\/chileentinieblas.cl\/en\/wp-json\/wp\/v2\/agrupaciones\/8180\/revisions"}],"predecessor-version":[{"id":8190,"href":"https:\/\/chileentinieblas.cl\/en\/wp-json\/wp\/v2\/agrupaciones\/8180\/revisions\/8190"}],"wp:featuredmedia":[{"embeddable":true,"href":"https:\/\/chileentinieblas.cl\/en\/wp-json\/wp\/v2\/media\/8182"}],"wp:attachment":[{"href":"https:\/\/chileentinieblas.cl\/en\/wp-json\/wp\/v2\/media?parent=8180"}],"wp:term":[{"taxonomy":"juego","embeddable":true,"href":"https:\/\/chileentinieblas.cl\/en\/wp-json\/wp\/v2\/juego?post=8180"}],"curies":[{"name":"wp","href":"https:\/\/api.w.org\/{rel}","templated":true}]}}

El piño del condor albino

<p class="wp-block-paragraph">Este es un grupo radical mapuche independiente y asociado a la <a href="https://chileentinieblas.cl/en/agrupaciones/coordinadora-arauco-malleco-cam/" data-type="agrupaciones" data-id="8183">Coordinadora Arauco Malleco (CAM)</a> que lucha de forma clandestina por la reivindicación del pueblo mapuche a traves de la lucha armada.</p>



<p class="wp-block-paragraph">Está ubicada en la región de la araucanía y es liderada por una figura misteriosa conocida como el &#8220;Condor Albino&#8221;. No hay información certera sobre este sujeto, pero los rumores lo identifican como un líder hábil y carismático que logra aglomerar a las disidencias existentes dentro del mismo pueblo mapuche.</p>



<p class="wp-block-paragraph">Se dice que cualquiera, sin importar su procedencia o estatús puede ser parte del grupo, la única necesidad es una convicción y lealtad a la causa, contando entre sus filas personas que podrían ser consideradas &#8220;Winkas&#8221; entre otras.</p>



<p class="wp-block-paragraph">No se sabe con el exactitud el tamaño del grupo, pero no pasa de una formación guerrillera.</p>

<p>Este es un grupo radical mapuche independiente y asociado a la Coordinadora Arauco Malleco (CAM) que lucha de forma clandestina por la reivindicación del pueblo mapuche a traves de la lucha armada. Está ubicada en la región de la araucanía y es liderada por una figura misteriosa conocida como el &#8220;Condor Albino&#8221;. No hay información [&hellip;]</p>

<!-- This site is optimized with the Yoast SEO plugin v28.4 - https://yoast.com/product/yoast-seo-wordpress/ -->
<title>El piño del condor albino - Chile en Tinieblas</title>
<meta name="robots" content="index, follow, max-snippet:-1, max-image-preview:large, max-video-preview:-1" />
<link rel="canonical" href="https://chileentinieblas.cl/en/agrupaciones/el-pino-del-condor-albino/" />
<meta property="og:locale" content="en_US" />
<meta property="og:type" content="article" />
<meta property="og:title" content="El piño del condor albino - Chile en Tinieblas" />
<meta property="og:description" content="Este es un grupo radical mapuche independiente y asociado a la Coordinadora Arauco Malleco (CAM) que lucha de forma clandestina por la reivindicación del pueblo mapuche a traves de la lucha armada. Está ubicada en la región de la araucanía y es liderada por una figura misteriosa conocida como el &#8220;Condor Albino&#8221;. No hay información [&hellip;]" />
<meta property="og:url" content="https://chileentinieblas.cl/en/agrupaciones/el-pino-del-condor-albino/" />
<meta property="og:site_name" content="Chile en Tinieblas" />
<meta property="article:publisher" content="https://www.facebook.com/ChileenTinieblas" />
<meta property="article:modified_time" content="2026-09-02T00:28:37+00:00" />
<meta property="og:image" content="https://chileentinieblas.cl/wp-content/uploads/2026/09/bandera-del-condor-albino.png" />
	<meta property="og:image:width" content="1254" />
	<meta property="og:image:height" content="1254" />
	<meta property="og:image:type" content="image/png" />
<meta name="twitter:card" content="summary_large_image" />
<meta name="twitter:label1" content="Est. reading time" />
	<meta name="twitter:data1" content="1 minute" />
<script type="application/ld+json" class="yoast-schema-graph">{"@context":"https:\/\/schema.org","@graph":[{"@type":"WebPage","@id":"https:\/\/chileentinieblas.cl\/agrupaciones\/el-pino-del-condor-albino\/","url":"https:\/\/chileentinieblas.cl\/agrupaciones\/el-pino-del-condor-albino\/","name":"El piño del condor albino - Chile en Tinieblas","isPartOf":{"@id":"https:\/\/chileentinieblas.cl\/#website"},"primaryImageOfPage":{"@id":"https:\/\/chileentinieblas.cl\/agrupaciones\/el-pino-del-condor-albino\/#primaryimage"},"image":{"@id":"https:\/\/chileentinieblas.cl\/agrupaciones\/el-pino-del-condor-albino\/#primaryimage"},"thumbnailUrl":"https:\/\/chileentinieblas.cl\/wp-content\/uploads\/2026\/09\/bandera-del-condor-albino.png","datePublished":"2026-09-01T23:58:31+00:00","dateModified":"2026-09-02T00:28:37+00:00","breadcrumb":{"@id":"https:\/\/chileentinieblas.cl\/agrupaciones\/el-pino-del-condor-albino\/#breadcrumb"},"inLanguage":"en-US","potentialAction":[{"@type":"ReadAction","target":["https:\/\/chileentinieblas.cl\/agrupaciones\/el-pino-del-condor-albino\/"]}]},{"@type":"ImageObject","inLanguage":"en-US","@id":"https:\/\/chileentinieblas.cl\/agrupaciones\/el-pino-del-condor-albino\/#primaryimage","url":"https:\/\/chileentinieblas.cl\/wp-content\/uploads\/2026\/09\/bandera-del-condor-albino.png","contentUrl":"https:\/\/chileentinieblas.cl\/wp-content\/uploads\/2026\/09\/bandera-del-condor-albino.png","width":1254,"height":1254},{"@type":"BreadcrumbList","@id":"https:\/\/chileentinieblas.cl\/agrupaciones\/el-pino-del-condor-albino\/#breadcrumb","itemListElement":[{"@type":"ListItem","position":1,"name":"Portada","item":"https:\/\/chileentinieblas.cl\/"},{"@type":"ListItem","position":2,"name":"agrupaciones","item":"https:\/\/chileentinieblas.cl\/agrupaciones\/"},{"@type":"ListItem","position":3,"name":"El piño del condor albino"}]},{"@type":"WebSite","@id":"https:\/\/chileentinieblas.cl\/#website","url":"https:\/\/chileentinieblas.cl\/","name":"Chile en Tinieblas","description":"Un servidor con mesas de rol de Mundo de Tinieblas","publisher":{"@id":"https:\/\/chileentinieblas.cl\/#organization"},"potentialAction":[{"@type":"SearchAction","target":{"@type":"EntryPoint","urlTemplate":"https:\/\/chileentinieblas.cl\/?s={search_term_string}"},"query-input":{"@type":"PropertyValueSpecification","valueRequired":true,"valueName":"search_term_string"}}],"inLanguage":"en-US"},{"@type":"Organization","@id":"https:\/\/chileentinieblas.cl\/#organization","name":"Chile en Tinieblas","url":"https:\/\/chileentinieblas.cl\/","logo":{"@type":"ImageObject","inLanguage":"en-US","@id":"https:\/\/chileentinieblas.cl\/#\/schema\/logo\/image\/","url":"https:\/\/chileentinieblas.cl\/wp-content\/uploads\/2021\/12\/logo-cet-claro.png","contentUrl":"https:\/\/chileentinieblas.cl\/wp-content\/uploads\/2021\/12\/logo-cet-claro.png","width":1001,"height":1030,"caption":"Chile en Tinieblas"},"image":{"@id":"https:\/\/chileentinieblas.cl\/#\/schema\/logo\/image\/"},"sameAs":["https:\/\/www.facebook.com\/ChileenTinieblas","https:\/\/www.instagram.com\/chileentinieblas\/","https:\/\/www.youtube.com\/@chileentinieblas","https:\/\/www.tiktok.com\/@chileentinieblas"]}]}</script>
<!-- / Yoast SEO plugin. -->

El piño del condor albino - Chile en Tinieblas

Este es un grupo radical mapuche independiente y asociado a la Coordinadora Arauco Malleco (CAM) que lucha de forma clandestina por la reivindicación del pueblo mapuche a traves de la lucha armada. Está ubicada en la región de la araucanía y es liderada por una figura misteriosa conocida como el &#8220;Condor Albino&#8221;. No hay información [&hellip;]
