{"version":"1.0","provider_name":"Chile en Tinieblas","provider_url":"https:\/\/chileentinieblas.cl\/en","author_name":"Christian","author_url":"https:\/\/chileentinieblas.cl\/en\/author\/christian\/","title":"Viktor Verna - Chile en Tinieblas","type":"rich","width":600,"height":338,"html":"<blockquote class=\"wp-embedded-content\" data-secret=\"ZY2Ygermfr\"><a href=\"https:\/\/chileentinieblas.cl\/en\/pnj\/viktor-verna\/\">Viktor Verna<\/a><\/blockquote><iframe sandbox=\"allow-scripts\" security=\"restricted\" src=\"https:\/\/chileentinieblas.cl\/en\/pnj\/viktor-verna\/embed\/#?secret=ZY2Ygermfr\" width=\"600\" height=\"338\" title=\"&#8220;Viktor Verna&#8221; &#8212; Chile en Tinieblas\" data-secret=\"ZY2Ygermfr\" frameborder=\"0\" marginwidth=\"0\" marginheight=\"0\" scrolling=\"no\" class=\"wp-embedded-content\"><\/iframe><script>\n\/*! This file is auto-generated *\/\n!function(d,l){\"use strict\";l.querySelector&&d.addEventListener&&\"undefined\"!=typeof URL&&(d.wp=d.wp||{},d.wp.receiveEmbedMessage||(d.wp.receiveEmbedMessage=function(e){var t=e.data;if((t||t.secret||t.message||t.value)&&!\/[^a-zA-Z0-9]\/.test(t.secret)){for(var s,r,n,a=l.querySelectorAll('iframe[data-secret=\"'+t.secret+'\"]'),o=l.querySelectorAll('blockquote[data-secret=\"'+t.secret+'\"]'),c=new RegExp(\"^https?:$\",\"i\"),i=0;i<o.length;i++)o[i].style.display=\"none\";for(i=0;i<a.length;i++)s=a[i],e.source===s.contentWindow&&(s.removeAttribute(\"style\"),\"height\"===t.message?(1e3<(r=parseInt(t.value,10))?r=1e3:~~r<200&&(r=200),s.height=r):\"link\"===t.message&&(r=new URL(s.getAttribute(\"src\")),n=new URL(t.value),c.test(n.protocol))&&n.host===r.host&&l.activeElement===s&&(d.top.location.href=t.value))}},d.addEventListener(\"message\",d.wp.receiveEmbedMessage,!1),l.addEventListener(\"DOMContentLoaded\",function(){for(var e,t,s=l.querySelectorAll(\"iframe.wp-embedded-content\"),r=0;r<s.length;r++)(t=(e=s[r]).getAttribute(\"data-secret\"))||(t=Math.random().toString(36).substring(2,12),e.src+=\"#?secret=\"+t,e.setAttribute(\"data-secret\",t)),e.contentWindow.postMessage({message:\"ready\",secret:t},\"*\")},!1)))}(window,document);\n\/\/# sourceURL=https:\/\/chileentinieblas.cl\/wp-includes\/js\/wp-embed.min.js\n<\/script>","thumbnail_url":"https:\/\/chileentinieblas.cl\/wp-content\/uploads\/2024\/07\/WhatsApp-Image-2024-02-22-at-16.11.18-1.jpeg","thumbnail_width":623,"thumbnail_height":623,"description":"Segundo al Mando del Clan Hecata. Vida mortal Viktor Verna, descendiente de una familia emigrante italiana, fue el primero de su familia en nacer en Chile, en 1980. Siempre fue un ni\u00f1o introvertido y de pocos amigos, con mayor inter\u00e9s en lo esot\u00e9rico y misterioso de la mitolog\u00eda chile, que en otras cosas. Cuando peque\u00f1o [&hellip;]"}

Segundo al Mando del Clan Hecata. Vida mortal Viktor Verna, descendiente de una familia emigrante italiana, fue el primero de su familia en nacer en Chile, en 1980. Siempre fue un niño introvertido y de pocos amigos, con mayor interés en lo esotérico y misterioso de la mitología chile, que en otras cosas. Cuando pequeño [&hellip;]
