{"version":"1.0","provider_name":"Chile en Tinieblas","provider_url":"https:\/\/chileentinieblas.cl\/en","author_name":"Pedro Rojas","author_url":"https:\/\/chileentinieblas.cl\/en\/author\/gaia\/","title":"Leonel Lienlaf - Chile en Tinieblas","type":"rich","width":600,"height":338,"html":"<blockquote class=\"wp-embedded-content\" data-secret=\"LXBh6ikvi4\"><a href=\"https:\/\/chileentinieblas.cl\/en\/pnj\/leonel-lienlaf-la-voz-del-pewma\/\">Leonel Lienlaf<\/a><\/blockquote><iframe sandbox=\"allow-scripts\" security=\"restricted\" src=\"https:\/\/chileentinieblas.cl\/en\/pnj\/leonel-lienlaf-la-voz-del-pewma\/embed\/#?secret=LXBh6ikvi4\" width=\"600\" height=\"338\" title=\"&#8220;Leonel Lienlaf&#8221; &#8212; Chile en Tinieblas\" data-secret=\"LXBh6ikvi4\" frameborder=\"0\" marginwidth=\"0\" marginheight=\"0\" scrolling=\"no\" class=\"wp-embedded-content\"><\/iframe><script>\n\/*! This file is auto-generated *\/\n!function(d,l){\"use strict\";l.querySelector&&d.addEventListener&&\"undefined\"!=typeof URL&&(d.wp=d.wp||{},d.wp.receiveEmbedMessage||(d.wp.receiveEmbedMessage=function(e){var t=e.data;if((t||t.secret||t.message||t.value)&&!\/[^a-zA-Z0-9]\/.test(t.secret)){for(var s,r,n,a=l.querySelectorAll('iframe[data-secret=\"'+t.secret+'\"]'),o=l.querySelectorAll('blockquote[data-secret=\"'+t.secret+'\"]'),c=new RegExp(\"^https?:$\",\"i\"),i=0;i<o.length;i++)o[i].style.display=\"none\";for(i=0;i<a.length;i++)s=a[i],e.source===s.contentWindow&&(s.removeAttribute(\"style\"),\"height\"===t.message?(1e3<(r=parseInt(t.value,10))?r=1e3:~~r<200&&(r=200),s.height=r):\"link\"===t.message&&(r=new URL(s.getAttribute(\"src\")),n=new URL(t.value),c.test(n.protocol))&&n.host===r.host&&l.activeElement===s&&(d.top.location.href=t.value))}},d.addEventListener(\"message\",d.wp.receiveEmbedMessage,!1),l.addEventListener(\"DOMContentLoaded\",function(){for(var e,t,s=l.querySelectorAll(\"iframe.wp-embedded-content\"),r=0;r<s.length;r++)(t=(e=s[r]).getAttribute(\"data-secret\"))||(t=Math.random().toString(36).substring(2,12),e.src+=\"#?secret=\"+t,e.setAttribute(\"data-secret\",t)),e.contentWindow.postMessage({message:\"ready\",secret:t},\"*\")},!1)))}(window,document);\n\/\/# sourceURL=https:\/\/chileentinieblas.cl\/wp-includes\/js\/wp-embed.min.js\n<\/script>","thumbnail_url":"https:\/\/chileentinieblas.cl\/wp-content\/uploads\/2023\/06\/Captura-de-pantalla-2023-06-02-a-las-01.22.29.png","thumbnail_width":1024,"thumbnail_height":1025,"description":"&#8220;La Voz del Pewma&#8221; El afamado poeta mapuche que ha dado la vuelta por Sudam\u00e9rica en realidad es uno de los \u00faltimos Kulpewche de la casta de los Ngur\u00fc Gris. Haciendose del renombre suficiente entre humanos y el mism\u00edsimo Kulpew, a sus 66 a\u00f1os ha alcanzado uno de los mas altos rangos entregados por el [&hellip;]"}

&#8220;La Voz del Pewma&#8221; El afamado poeta mapuche que ha dado la vuelta por Sudamérica en realidad es uno de los últimos Kulpewche de la casta de los Ngurü Gris. Haciendose del renombre suficiente entre humanos y el mismísimo Kulpew, a sus 66 años ha alcanzado uno de los mas altos rangos entregados por el [&hellip;]
