{"version":"1.0","provider_name":"Chile en Tinieblas","provider_url":"https:\/\/chileentinieblas.cl\/en","author_name":"Nicolas Bustamante","author_url":"https:\/\/chileentinieblas.cl\/en\/author\/woshi\/","title":"La Or\u00e1culo - Chile en Tinieblas","type":"rich","width":600,"height":338,"html":"<blockquote class=\"wp-embedded-content\" data-secret=\"iju3evOrVY\"><a href=\"https:\/\/chileentinieblas.cl\/en\/pnj\/la-oraculo\/\">La Or\u00e1culo<\/a><\/blockquote><iframe sandbox=\"allow-scripts\" security=\"restricted\" src=\"https:\/\/chileentinieblas.cl\/en\/pnj\/la-oraculo\/embed\/#?secret=iju3evOrVY\" width=\"600\" height=\"338\" title=\"&#8220;La Or\u00e1culo&#8221; &#8212; Chile en Tinieblas\" data-secret=\"iju3evOrVY\" frameborder=\"0\" marginwidth=\"0\" marginheight=\"0\" scrolling=\"no\" class=\"wp-embedded-content\"><\/iframe><script>\n\/*! This file is auto-generated *\/\n!function(d,l){\"use strict\";l.querySelector&&d.addEventListener&&\"undefined\"!=typeof URL&&(d.wp=d.wp||{},d.wp.receiveEmbedMessage||(d.wp.receiveEmbedMessage=function(e){var t=e.data;if((t||t.secret||t.message||t.value)&&!\/[^a-zA-Z0-9]\/.test(t.secret)){for(var s,r,n,a=l.querySelectorAll('iframe[data-secret=\"'+t.secret+'\"]'),o=l.querySelectorAll('blockquote[data-secret=\"'+t.secret+'\"]'),c=new RegExp(\"^https?:$\",\"i\"),i=0;i<o.length;i++)o[i].style.display=\"none\";for(i=0;i<a.length;i++)s=a[i],e.source===s.contentWindow&&(s.removeAttribute(\"style\"),\"height\"===t.message?(1e3<(r=parseInt(t.value,10))?r=1e3:~~r<200&&(r=200),s.height=r):\"link\"===t.message&&(r=new URL(s.getAttribute(\"src\")),n=new URL(t.value),c.test(n.protocol))&&n.host===r.host&&l.activeElement===s&&(d.top.location.href=t.value))}},d.addEventListener(\"message\",d.wp.receiveEmbedMessage,!1),l.addEventListener(\"DOMContentLoaded\",function(){for(var e,t,s=l.querySelectorAll(\"iframe.wp-embedded-content\"),r=0;r<s.length;r++)(t=(e=s[r]).getAttribute(\"data-secret\"))||(t=Math.random().toString(36).substring(2,12),e.src+=\"#?secret=\"+t,e.setAttribute(\"data-secret\",t)),e.contentWindow.postMessage({message:\"ready\",secret:t},\"*\")},!1)))}(window,document);\n\/\/# sourceURL=https:\/\/chileentinieblas.cl\/wp-includes\/js\/wp-embed.min.js\n<\/script>","thumbnail_url":"https:\/\/chileentinieblas.cl\/wp-content\/uploads\/2026\/02\/ChatGPT-Image-23-feb-2026-12_52_39-683x1024.png","thumbnail_width":683,"thumbnail_height":1024,"description":"&#8220;No a\u00fan&#8221; Vida Mortal Margarita Alfaro naci\u00f3 en el seno de una familia aristocr\u00e1tica chilena durante la primera mitad del siglo XX. Desde temprana edad padeci\u00f3 una enfermedad degenerativa de origen incierto, caracterizada por dolor f\u00edsico constante y deterioro progresivo. La afecci\u00f3n termin\u00f3 por arrebatarle la vista en su adolescencia. La ceguera no limit\u00f3 su [&hellip;]"}

La Oráculo - Chile en Tinieblas

<blockquote class="wp-embedded-content" data-secret="iju3evOrVY"><a href="https://chileentinieblas.cl/en/pnj/la-oraculo/">La Oráculo</a></blockquote><iframe sandbox="allow-scripts" security="restricted" src="https://chileentinieblas.cl/en/pnj/la-oraculo/embed/#?secret=iju3evOrVY" width="600" height="338" title="&#8220;La Oráculo&#8221; &#8212; Chile en Tinieblas" data-secret="iju3evOrVY" frameborder="0" marginwidth="0" marginheight="0" scrolling="no" class="wp-embedded-content"></iframe><script>
/*! This file is auto-generated */
!function(d,l){"use strict";l.querySelector&&d.addEventListener&&"undefined"!=typeof URL&&(d.wp=d.wp||{},d.wp.receiveEmbedMessage||(d.wp.receiveEmbedMessage=function(e){var t=e.data;if((t||t.secret||t.message||t.value)&&!/[^a-zA-Z0-9]/.test(t.secret)){for(var s,r,n,a=l.querySelectorAll('iframe[data-secret="'+t.secret+'"]'),o=l.querySelectorAll('blockquote[data-secret="'+t.secret+'"]'),c=new RegExp("^https?:$","i"),i=0;i<o.length;i++)o[i].style.display="none";for(i=0;i<a.length;i++)s=a[i],e.source===s.contentWindow&&(s.removeAttribute("style"),"height"===t.message?(1e3<(r=parseInt(t.value,10))?r=1e3:~~r<200&&(r=200),s.height=r):"link"===t.message&&(r=new URL(s.getAttribute("src")),n=new URL(t.value),c.test(n.protocol))&&n.host===r.host&&l.activeElement===s&&(d.top.location.href=t.value))}},d.addEventListener("message",d.wp.receiveEmbedMessage,!1),l.addEventListener("DOMContentLoaded",function(){for(var e,t,s=l.querySelectorAll("iframe.wp-embedded-content"),r=0;r<s.length;r++)(t=(e=s[r]).getAttribute("data-secret"))||(t=Math.random().toString(36).substring(2,12),e.src+="#?secret="+t,e.setAttribute("data-secret",t)),e.contentWindow.postMessage({message:"ready",secret:t},"*")},!1)))}(window,document);
//# sourceURL=https://chileentinieblas.cl/wp-includes/js/wp-embed.min.js
</script>

&#8220;No aún&#8221; Vida Mortal Margarita Alfaro nació en el seno de una familia aristocrática chilena durante la primera mitad del siglo XX. Desde temprana edad padeció una enfermedad degenerativa de origen incierto, caracterizada por dolor físico constante y deterioro progresivo. La afección terminó por arrebatarle la vista en su adolescencia. La ceguera no limitó su [&hellip;]
