{"version":"1.0","provider_name":"Chile en Tinieblas","provider_url":"https:\/\/chileentinieblas.cl\/en","author_name":"Rau","author_url":"https:\/\/chileentinieblas.cl\/en\/author\/rauru\/","title":"Javiera Pereira - Chile en Tinieblas","type":"rich","width":600,"height":338,"html":"<blockquote class=\"wp-embedded-content\" data-secret=\"Vvgi1o2z7S\"><a href=\"https:\/\/chileentinieblas.cl\/en\/pnj\/javiera-pereira\/\">Javiera Pereira<\/a><\/blockquote><iframe sandbox=\"allow-scripts\" security=\"restricted\" src=\"https:\/\/chileentinieblas.cl\/en\/pnj\/javiera-pereira\/embed\/#?secret=Vvgi1o2z7S\" width=\"600\" height=\"338\" title=\"&#8220;Javiera Pereira&#8221; &#8212; Chile en Tinieblas\" data-secret=\"Vvgi1o2z7S\" frameborder=\"0\" marginwidth=\"0\" marginheight=\"0\" scrolling=\"no\" class=\"wp-embedded-content\"><\/iframe><script>\n\/*! This file is auto-generated *\/\n!function(d,l){\"use strict\";l.querySelector&&d.addEventListener&&\"undefined\"!=typeof URL&&(d.wp=d.wp||{},d.wp.receiveEmbedMessage||(d.wp.receiveEmbedMessage=function(e){var t=e.data;if((t||t.secret||t.message||t.value)&&!\/[^a-zA-Z0-9]\/.test(t.secret)){for(var s,r,n,a=l.querySelectorAll('iframe[data-secret=\"'+t.secret+'\"]'),o=l.querySelectorAll('blockquote[data-secret=\"'+t.secret+'\"]'),c=new RegExp(\"^https?:$\",\"i\"),i=0;i<o.length;i++)o[i].style.display=\"none\";for(i=0;i<a.length;i++)s=a[i],e.source===s.contentWindow&&(s.removeAttribute(\"style\"),\"height\"===t.message?(1e3<(r=parseInt(t.value,10))?r=1e3:~~r<200&&(r=200),s.height=r):\"link\"===t.message&&(r=new URL(s.getAttribute(\"src\")),n=new URL(t.value),c.test(n.protocol))&&n.host===r.host&&l.activeElement===s&&(d.top.location.href=t.value))}},d.addEventListener(\"message\",d.wp.receiveEmbedMessage,!1),l.addEventListener(\"DOMContentLoaded\",function(){for(var e,t,s=l.querySelectorAll(\"iframe.wp-embedded-content\"),r=0;r<s.length;r++)(t=(e=s[r]).getAttribute(\"data-secret\"))||(t=Math.random().toString(36).substring(2,12),e.src+=\"#?secret=\"+t,e.setAttribute(\"data-secret\",t)),e.contentWindow.postMessage({message:\"ready\",secret:t},\"*\")},!1)))}(window,document);\n\/\/# sourceURL=https:\/\/chileentinieblas.cl\/wp-includes\/js\/wp-embed.min.js\n<\/script>","thumbnail_url":"https:\/\/chileentinieblas.cl\/wp-content\/uploads\/2022\/06\/Javiera-Pereira.jpg","thumbnail_width":409,"thumbnail_height":640,"description":"Guardiana de Estaci\u00f3n central, Pedro Aguirre Cerda y Cerrillos Vida Mortal Javiera Pereira naci\u00f3 en una cuna acomodada y cat\u00f3lica en los sectores de Providencia de la regi\u00f3n metropolitana. Al momento del golpe de estado, Javiera era muy peque\u00f1a para entender lo que suced\u00eda, sin embargo, el ambiente pol\u00edtico de represi\u00f3n ser\u00eda una expresi\u00f3n m\u00e1s [&hellip;]"}

Guardiana de Estación central, Pedro Aguirre Cerda y Cerrillos Vida Mortal Javiera Pereira nació en una cuna acomodada y católica en los sectores de Providencia de la región metropolitana. Al momento del golpe de estado, Javiera era muy pequeña para entender lo que sucedía, sin embargo, el ambiente político de represión sería una expresión más [&hellip;]
