{"version":"1.0","provider_name":"Chile en Tinieblas","provider_url":"https:\/\/chileentinieblas.cl\/en","author_name":"Pedro Rojas","author_url":"https:\/\/chileentinieblas.cl\/en\/author\/gaia\/","title":"Guillermo Cervantes El-Jefe-Crudo - Chile en Tinieblas","type":"rich","width":600,"height":338,"html":"<blockquote class=\"wp-embedded-content\" data-secret=\"jpp2PGkwcL\"><a href=\"https:\/\/chileentinieblas.cl\/en\/pnj\/guillermo-cervantes-el-jefe-crudo\/\">Guillermo Cervantes El-Jefe-Crudo<\/a><\/blockquote><iframe sandbox=\"allow-scripts\" security=\"restricted\" src=\"https:\/\/chileentinieblas.cl\/en\/pnj\/guillermo-cervantes-el-jefe-crudo\/embed\/#?secret=jpp2PGkwcL\" width=\"600\" height=\"338\" title=\"&#8220;Guillermo Cervantes El-Jefe-Crudo&#8221; &#8212; Chile en Tinieblas\" data-secret=\"jpp2PGkwcL\" frameborder=\"0\" marginwidth=\"0\" marginheight=\"0\" scrolling=\"no\" class=\"wp-embedded-content\"><\/iframe><script>\n\/*! This file is auto-generated *\/\n!function(d,l){\"use strict\";l.querySelector&&d.addEventListener&&\"undefined\"!=typeof URL&&(d.wp=d.wp||{},d.wp.receiveEmbedMessage||(d.wp.receiveEmbedMessage=function(e){var t=e.data;if((t||t.secret||t.message||t.value)&&!\/[^a-zA-Z0-9]\/.test(t.secret)){for(var s,r,n,a=l.querySelectorAll('iframe[data-secret=\"'+t.secret+'\"]'),o=l.querySelectorAll('blockquote[data-secret=\"'+t.secret+'\"]'),c=new RegExp(\"^https?:$\",\"i\"),i=0;i<o.length;i++)o[i].style.display=\"none\";for(i=0;i<a.length;i++)s=a[i],e.source===s.contentWindow&&(s.removeAttribute(\"style\"),\"height\"===t.message?(1e3<(r=parseInt(t.value,10))?r=1e3:~~r<200&&(r=200),s.height=r):\"link\"===t.message&&(r=new URL(s.getAttribute(\"src\")),n=new URL(t.value),c.test(n.protocol))&&n.host===r.host&&l.activeElement===s&&(d.top.location.href=t.value))}},d.addEventListener(\"message\",d.wp.receiveEmbedMessage,!1),l.addEventListener(\"DOMContentLoaded\",function(){for(var e,t,s=l.querySelectorAll(\"iframe.wp-embedded-content\"),r=0;r<s.length;r++)(t=(e=s[r]).getAttribute(\"data-secret\"))||(t=Math.random().toString(36).substring(2,12),e.src+=\"#?secret=\"+t,e.setAttribute(\"data-secret\",t)),e.contentWindow.postMessage({message:\"ready\",secret:t},\"*\")},!1)))}(window,document);\n\/\/# sourceURL=https:\/\/chileentinieblas.cl\/wp-includes\/js\/wp-embed.min.js\n<\/script>","thumbnail_url":"https:\/\/chileentinieblas.cl\/wp-content\/uploads\/2022\/03\/chileentinieblas_mean_looking_though_chilean_executive_with_bea_957c0733-239c-4cf8-b9f9-e12febe74ca4.png","thumbnail_width":1024,"thumbnail_height":1024,"description":"Alfa del Clan, Maestro del Desaf\u00edo Cervantes, como sus socios hom\u00ednidos llaman se ha forjado una reputaci\u00f3n de envergadura a trav\u00e9s de su historia. Uno de los pocos pero temidos Se\u00f1ores de las Sombras que aun conserva lazos familiares con los encomendados de las primeras Colonias, actualmente se desarrolla como empresario y accionista de diversas [&hellip;]"}

Alfa del Clan, Maestro del Desafío Cervantes, como sus socios homínidos llaman se ha forjado una reputación de envergadura a través de su historia. Uno de los pocos pero temidos Señores de las Sombras que aun conserva lazos familiares con los encomendados de las primeras Colonias, actualmente se desarrolla como empresario y accionista de diversas [&hellip;]
