{"version":"1.0","provider_name":"Chile en Tinieblas","provider_url":"https:\/\/chileentinieblas.cl\/en","author_name":"Control","author_url":"https:\/\/chileentinieblas.cl\/en\/author\/control\/","title":"Francisco Breetz - Chile en Tinieblas","type":"rich","width":600,"height":338,"html":"<blockquote class=\"wp-embedded-content\" data-secret=\"FPoRh1DD8b\"><a href=\"https:\/\/chileentinieblas.cl\/en\/pnj\/francisco-breetz\/\">Francisco Breetz<\/a><\/blockquote><iframe sandbox=\"allow-scripts\" security=\"restricted\" src=\"https:\/\/chileentinieblas.cl\/en\/pnj\/francisco-breetz\/embed\/#?secret=FPoRh1DD8b\" width=\"600\" height=\"338\" title=\"&#8220;Francisco Breetz&#8221; &#8212; Chile en Tinieblas\" data-secret=\"FPoRh1DD8b\" frameborder=\"0\" marginwidth=\"0\" marginheight=\"0\" scrolling=\"no\" class=\"wp-embedded-content\"><\/iframe><script>\n\/*! This file is auto-generated *\/\n!function(d,l){\"use strict\";l.querySelector&&d.addEventListener&&\"undefined\"!=typeof URL&&(d.wp=d.wp||{},d.wp.receiveEmbedMessage||(d.wp.receiveEmbedMessage=function(e){var t=e.data;if((t||t.secret||t.message||t.value)&&!\/[^a-zA-Z0-9]\/.test(t.secret)){for(var s,r,n,a=l.querySelectorAll('iframe[data-secret=\"'+t.secret+'\"]'),o=l.querySelectorAll('blockquote[data-secret=\"'+t.secret+'\"]'),c=new RegExp(\"^https?:$\",\"i\"),i=0;i<o.length;i++)o[i].style.display=\"none\";for(i=0;i<a.length;i++)s=a[i],e.source===s.contentWindow&&(s.removeAttribute(\"style\"),\"height\"===t.message?(1e3<(r=parseInt(t.value,10))?r=1e3:~~r<200&&(r=200),s.height=r):\"link\"===t.message&&(r=new URL(s.getAttribute(\"src\")),n=new URL(t.value),c.test(n.protocol))&&n.host===r.host&&l.activeElement===s&&(d.top.location.href=t.value))}},d.addEventListener(\"message\",d.wp.receiveEmbedMessage,!1),l.addEventListener(\"DOMContentLoaded\",function(){for(var e,t,s=l.querySelectorAll(\"iframe.wp-embedded-content\"),r=0;r<s.length;r++)(t=(e=s[r]).getAttribute(\"data-secret\"))||(t=Math.random().toString(36).substring(2,12),e.src+=\"#?secret=\"+t,e.setAttribute(\"data-secret\",t)),e.contentWindow.postMessage({message:\"ready\",secret:t},\"*\")},!1)))}(window,document);\n\/\/# sourceURL=https:\/\/chileentinieblas.cl\/wp-includes\/js\/wp-embed.min.js\n<\/script>","thumbnail_url":"https:\/\/chileentinieblas.cl\/wp-content\/uploads\/2021\/01\/daxb81l-19e8ab8b-5394-4702-bba6-16ff75938e3b.jpg","thumbnail_width":698,"thumbnail_height":1202,"description":"Actual vicepresidente del instituto de ingenieros de Chile, fue estudiante de ingenier\u00eda en Beaucheff para ser parte de su direcci\u00f3n desde el 2010 al 2014, donde aprovech\u00f3 de construir el nuevo centro de iteraci\u00f3n X para el desarrollo de avances tecnol\u00f3gicos. Esto logr\u00f3 hacerlo bajo un acuerdo con Victoria y M\u00f3nica, quienes a cambio le [&hellip;]"}

Actual vicepresidente del instituto de ingenieros de Chile, fue estudiante de ingeniería en Beaucheff para ser parte de su dirección desde el 2010 al 2014, donde aprovechó de construir el nuevo centro de iteración X para el desarrollo de avances tecnológicos. Esto logró hacerlo bajo un acuerdo con Victoria y Mónica, quienes a cambio le [&hellip;]
